{"id":21575,"date":"2018-01-02T01:02:48","date_gmt":"2018-01-02T01:02:48","guid":{"rendered":"http:\/\/biblian.is\/videy\/jesaja-47-kafli\/"},"modified":"2018-01-02T01:02:48","modified_gmt":"2018-01-02T01:02:48","slug":"jesaja-47-kafli","status":"publish","type":"page","link":"https:\/\/biblian.is\/videy\/jesaja-47-kafli\/","title":{"rendered":"Jesaja 47. kafli"},"content":{"rendered":"<div class=\"fyrirsognVidey\">Ni\u00f0url\u00e6ging Babelsborgar.<\/div>\n<p><a name=\"1\"><span class=\"versanumer\">1<\/span><\/a>St\u00edg ni\u00f0ur, og sit \u00ed duftinu, \u00fe\u00fa Babelsm\u00e6r! Sit \u00fe\u00fa \u00e1 j\u00f6r\u00f0inni h\u00e1s\u00e6tislaus, \u00fe\u00fa Kaldead\u00f3ttir! \u00dev\u00ed \u00fe\u00fa munt eigi framar k\u00f6llu\u00f0 ver\u00f0a \u201ehin lystilega og l\u00e1tpr\u00fa\u00f0a\u201c.<a name=\"2\"><span class=\"versanumer\">2<\/span><\/a>Tak kvernina, og mala mj\u00f6li\u00f0; breg\u00f0 burt sk\u00fdlu \u00feinni, l\u00e1t upp kl\u00e6\u00f0afald \u00feinn, gj\u00f6r beran f\u00f3tlegg \u00feinn, og vatt yfir flj\u00f3tin!<a name=\"3\"><span class=\"versanumer\">3<\/span><\/a>Blyg\u00f0un \u00fe\u00edn skal ver\u00f0a opinber og \u00fe\u00edn sv\u00edvir\u00f0ing augs\u00fdnileg; eg vil hefna m\u00edn \u00e1 \u00fe\u00e9r, og engi gri\u00f0 gefa.<a name=\"4\"><span class=\"versanumer\">4<\/span><\/a><span class='VideyAth'>(\u201eVor frelsari! Drottinn allsherjar er hans nafn; hinn heilagi Gu\u00f0 \u00cdsraels!)<\/span><a name=\"5\"><span class=\"versanumer\">5<\/span><\/a>Sit \u00fe\u00fa kyrr, og gakk inn \u00ed myrkri\u00f0 <span class='VideyAth'>(myrkvastofuna)<\/span>, \u00fe\u00fa Kaldead\u00f3ttir, \u00fev\u00ed \u00fe\u00fa skalt ekki framar k\u00f6llu\u00f0 ver\u00f0a \u201edrottning konungar\u00edkjanna\u201c.<a name=\"6\"><span class=\"versanumer\">6<\/span><\/a>Eg var rei\u00f0ur or\u00f0inn m\u00ednum l\u00fd\u00f0, og \u00fev\u00ed f\u00f3r eg me\u00f0 \u00feessa m\u00edna eiginlega eign, eins og v\u00e6ri h\u00fan \u00f3heil\u00f6g, og seldi hana \u00ed hendur \u00fe\u00e9r. En \u00fe\u00fa s\u00fdndir \u00feeim enga miskunnsemi: \u00fe\u00fa l\u00e9st ok \u00feitt leggjast mj\u00f6g \u00feungt \u00e1 gamalmennin.<a name=\"7\"><span class=\"versanumer\">7<\/span><\/a>\u00de\u00fa sag\u00f0ir: \u201eeg skal vera drottning um aldur og \u00e6vi\u201c; svo skeytingarlaus varstu um hag \u00feinn, og hugsa\u00f0ir ekki um, hv\u00f6rnig s\u00ed\u00f0ar mundi fara.<a name=\"8\"><span class=\"versanumer\">8<\/span><\/a>Heyr n\u00fa \u00feetta \u00fe\u00e1, \u00fe\u00fa hin s\u00e6ll\u00edfa, er situr andvaralaus, \u00fe\u00fa sem sag\u00f0ir \u00ed \u00fe\u00ednu hjarta: \u201eeg ein stend, en engi borg \u00f6nnur; eg skal aldrei ver\u00f0a ekkja, og aldrei reyna, hva\u00f0 \u00fea\u00f0 er a\u00f0 vera barnlaus\u201c.<a name=\"9\"><span class=\"versanumer\">9<\/span><\/a>En hv\u00f6rttveggja \u00feetta skal \u00fe\u00e9r a\u00f0 hendi bera skyndilega \u00e1 einum degi, a\u00f0 \u00fe\u00fa skalt b\u00e6\u00f0i ver\u00f0a ekkja og barnlaus; \u00fev\u00ed \u00feeir <span class='VideyAth'>(\u00f3vinirnir)<\/span> munu va\u00f0a upp \u00e1 \u00feig algj\u00f6rlega, s\u00f6kum \u00feinna margv\u00edslegu galdra og st\u00f3rmiklu t\u00f6fra.<a name=\"10\"><span class=\"versanumer\">10<\/span><\/a>\u00de\u00fa varst andvaralaus mitt \u00ed vonsku \u00feinni, og sag\u00f0ir me\u00f0 sj\u00e1lfri \u00fe\u00e9r: \u201eenginn s\u00e9r til m\u00edn\u201c; viska \u00fe\u00edn og kunn\u00e1tta hefir leitt \u00feig afvega, svo \u00fe\u00fa sag\u00f0ir \u00ed \u00fe\u00ednu hjarta: \u201eeg ein stend, en engi borg \u00f6nnur\u201c.<a name=\"11\"><span class=\"versanumer\">11<\/span><\/a>\u00deess vegna skal \u00f3g\u00e6fan yfir \u00feig koma, svo a\u00f0 \u00fe\u00fa skalt ekki vita, hvar h\u00fan upp rennur; s\u00fa eymd mun yfir \u00feig falla, a\u00f0 \u00fe\u00fa skalt ekki f\u00e1 afst\u00fdrt me\u00f0 nokkurri fri\u00f0arf\u00f3rn; skyndilegt tj\u00f3n skal yfir \u00feig koma, \u00feegar minnst varir.<a name=\"12\"><span class=\"versanumer\">12<\/span><\/a>Kom \u00fe\u00fa n\u00fa me\u00f0 t\u00f6fra \u00fe\u00edna, og me\u00f0 hina margv\u00edslegu galdra \u00fe\u00edna, sem \u00fe\u00fa hefir stunda\u00f0 me\u00f0 allri elju \u00ed fr\u00e1 barn\u00e6sku \u00feinni; m\u00e1 vera, \u00fe\u00fa getir eitthva\u00f0 \u00e1unni\u00f0: m\u00e1 vera, \u00fe\u00fa f\u00e1ir \u00fe\u00e1 m\u00f3tst\u00f6\u00f0u veitt.<a name=\"13\"><span class=\"versanumer\">13<\/span><\/a>Til einskis leitar \u00fe\u00fa \u00ed margra brag\u00f0a. Komi \u00feeir n\u00fa, sem \u00feekkja himintunglaganginn, sko\u00f0a stj\u00f6rnurnar, og sp\u00e1 eftir tunglkomum, og frelsi \u00feeir \u00feig n\u00fa fr\u00e1 \u00fev\u00ed, sem yfir \u00feig \u00e1 a\u00f0 koma.<a name=\"14\"><span class=\"versanumer\">14<\/span><\/a>Sj\u00e1, \u00feeir eru sem h\u00e1lmleggir, \u00feeir er \u00ed eldi brenna; \u00feeir geta ekki bjarga\u00f0 l\u00edfi sj\u00e1lfra s\u00edn \u00far loganum; \u00fev\u00ed \u00fea\u00f0 ver\u00f0ur ekki gl\u00f3\u00f0 til a\u00f0 orna s\u00e9r vi\u00f0, e\u00f0a eldur til a\u00f0 sitja vi\u00f0.<a name=\"15\"><span class=\"versanumer\">15<\/span><\/a>\u00deannig mun fyrir \u00feeim fara, sem \u00fe\u00fa hefir m\u00e6\u00f0st fyrir, \u00feeim sem \u00fe\u00fa hefir haft einhv\u00f6r m\u00f6k vi\u00f0: \u00feeir \u00fej\u00f3ta \u00ed s\u00edna \u00e1ttina hv\u00f6r, og enginn ver\u00f0ur til a\u00f0 hj\u00e1lpa \u00fe\u00e9r.<\/p>\n<div class=\"footnoteVidey\">V. 1. Babels m\u00e6r, \u00fe. e. Babelsborg; Kaldead\u00f3ttir merkir \u00fea\u00f0 sama, e\u00f0a Kaldealand.  V. 4. Er or\u00f0 sp\u00e1mannsins sj\u00e1lfs, sem lofar Gu\u00f0 fyrir hans h\u00f3tanir gegn Babelsborg.<\/div>\n","protected":false},"excerpt":{"rendered":"<p>Ni\u00f0url\u00e6ging Babelsborgar. 1St\u00edg ni\u00f0ur, og sit \u00ed duftinu, \u00fe\u00fa Babelsm\u00e6r! Sit \u00fe\u00fa \u00e1 j\u00f6r\u00f0inni h\u00e1s\u00e6tislaus, \u00fe\u00fa Kaldead\u00f3ttir! \u00dev\u00ed \u00fe\u00fa munt eigi framar k\u00f6llu\u00f0 ver\u00f0a \u201ehin lystilega og l\u00e1tpr\u00fa\u00f0a\u201c.2Tak kvernina, og mala mj\u00f6li\u00f0; breg\u00f0 burt sk\u00fdlu \u00feinni, l\u00e1t upp kl\u00e6\u00f0afald \u00feinn, gj\u00f6r beran f\u00f3tlegg \u00feinn, og vatt yfir flj\u00f3tin!3Blyg\u00f0un \u00fe\u00edn skal ver\u00f0a opinber og \u00fe\u00edn sv\u00edvir\u00f0ing augs\u00fdnileg; eg vil hefna m\u00edn \u00e1 \u00fe\u00e9r, og engi gri\u00f0 gefa.4(\u201eVor frelsari! Drottinn allsherjar er hans nafn; hinn heilagi Gu\u00f0 \u00cdsraels!)5Sit \u00fe\u00fa kyrr, og gakk inn \u00ed myrkri\u00f0 (myrkvastofuna), \u00fe\u00fa Kaldead\u00f3ttir, \u00fev\u00ed \u00fe\u00fa skalt ekki framar k\u00f6llu\u00f0 ver\u00f0a \u201edrottning konungar\u00edkjanna\u201c.6Eg var rei\u00f0ur or\u00f0inn m\u00ednum l\u00fd\u00f0, <a href=\"https:\/\/biblian.is\/videy\/jesaja-47-kafli\/\"> [&#8230;]<\/a><\/p>\n","protected":false},"author":1,"featured_media":0,"parent":0,"menu_order":0,"comment_status":"open","ping_status":"open","template":"bibliukaflar.php","meta":{"footnotes":""},"class_list":["post-21575","page","type-page","status-publish","hentry"],"_links":{"self":[{"href":"https:\/\/biblian.is\/videy\/wp-json\/wp\/v2\/pages\/21575","targetHints":{"allow":["GET"]}}],"collection":[{"href":"https:\/\/biblian.is\/videy\/wp-json\/wp\/v2\/pages"}],"about":[{"href":"https:\/\/biblian.is\/videy\/wp-json\/wp\/v2\/types\/page"}],"author":[{"embeddable":true,"href":"https:\/\/biblian.is\/videy\/wp-json\/wp\/v2\/users\/1"}],"replies":[{"embeddable":true,"href":"https:\/\/biblian.is\/videy\/wp-json\/wp\/v2\/comments?post=21575"}],"version-history":[{"count":0,"href":"https:\/\/biblian.is\/videy\/wp-json\/wp\/v2\/pages\/21575\/revisions"}],"wp:attachment":[{"href":"https:\/\/biblian.is\/videy\/wp-json\/wp\/v2\/media?parent=21575"}],"curies":[{"name":"wp","href":"https:\/\/api.w.org\/{rel}","templated":true}]}}