{"id":21574,"date":"2018-01-02T01:02:48","date_gmt":"2018-01-02T01:02:48","guid":{"rendered":"http:\/\/biblian.is\/videy\/jesaja-46-kafli\/"},"modified":"2018-01-02T01:02:48","modified_gmt":"2018-01-02T01:02:48","slug":"jesaja-46-kafli","status":"publish","type":"page","link":"https:\/\/biblian.is\/videy\/jesaja-46-kafli\/","title":{"rendered":"Jesaja 46. kafli"},"content":{"rendered":"<div class=\"fyrirsognVidey\">Vanm\u00e1ttur skur\u00f0go\u00f0anna. Drottinn ber sitt f\u00f3lk \u00e1 s\u00ednum armlegg, og frelsar \u00fea\u00f0 \u00far \u00f3vina h\u00f6ndum.<\/div>\n<p><a name=\"1\"><span class=\"versanumer\">1<\/span><\/a>Bel er hokinn, Neb\u00f3 er boginn; l\u00edkneski \u00feeirra eru fengin d\u00fdrum og skepnum; \u00fea\u00f0 sem \u00fe\u00e9r <span class='VideyAth'>(Babelsmenn)<\/span> sj\u00e1lfir b\u00e1ru\u00f0, er n\u00fa l\u00e1ti\u00f0 upp \u00e1 \u00fereyttan eyk, eins og \u00f6nnur byr\u00f0i.<a name=\"2\"><span class=\"versanumer\">2<\/span><\/a>\u00deeir eru blj\u00fagir og bognir, b\u00e1\u00f0ir saman; \u00feeir megna ekki a\u00f0 frelsa byr\u00f0ina <span class='VideyAth'>(\u00fe. e. sj\u00e1lfa sig)<\/span>, og sj\u00e1lfir hlj\u00f3ta \u00feeir a\u00f0 fara \u00ed \u00fatleg\u00f0.<a name=\"3\"><span class=\"versanumer\">3<\/span><\/a>Heyri\u00f0 m\u00e9r, \u00fe\u00e9r kynsmenn Jakobs, og allir \u00fe\u00e9r, sem eftir eru\u00f0 vor\u00f0nir af \u00cdsraels \u00e6ttstofni, \u00fe\u00e9r, sem eru\u00f0 m\u00e9r \u00e1 her\u00f0ar lag\u00f0ir allt \u00ed fr\u00e1 m\u00f3\u00f0urkvi\u00f0i, og sem eg hefi bori\u00f0, fr\u00e1 \u00fev\u00ed a\u00f0 \u00fe\u00e9r f\u00e6ddust!<a name=\"4\"><span class=\"versanumer\">4<\/span><\/a>Eg er y\u00f0ur einn og hinn sami allt til elli\u00e1ra, eg vil bera y\u00f0ur, \u00fear til er \u00fe\u00e9r ver\u00f0i\u00f0 gr\u00e1ir fyrir h\u00e6rum; eg hefi b\u00fai\u00f0 m\u00e9r byr\u00f0ina, eg skal bera hana: bera skal eg hana og frelsa hana.<a name=\"5\"><span class=\"versanumer\">5<\/span><\/a>Vi\u00f0 hv\u00f6rn vilji\u00f0 \u00fe\u00e9r \u00fe\u00e1 jafna m\u00e9r og saml\u00edkja? Saman vi\u00f0 hv\u00f6rn vilji\u00f0 \u00fe\u00e9r bera mig, \u00feann er m\u00e9r s\u00e9 l\u00edkur?<a name=\"6\"><span class=\"versanumer\">6<\/span><\/a>\u00deeir steypa gullinu \u00far sj\u00f3\u00f0num, og vega silfri\u00f0 \u00ed sk\u00e1lum, leigja svo einhv\u00f6rn gullsmi\u00f0, og hann b\u00fdr til \u00far \u00fev\u00ed go\u00f0, en \u00feeir kn\u00e9falla go\u00f0inu og tilbi\u00f0ja \u00fea\u00f0.<a name=\"7\"><span class=\"versanumer\">7<\/span><\/a>\u00deessu go\u00f0i lyfta \u00feeir \u00e1 axlir s\u00e9r, bera \u00fea\u00f0, setja \u00fea\u00f0 \u00e1 stalla, og \u00fear stendur \u00fea\u00f0, og v\u00edkur ekki \u00far \u00feeim sta\u00f0, sem \u00fea\u00f0 er sett; menn \u00e1kalla \u00fea\u00f0, en \u00fea\u00f0 veitir engin andsv\u00f6r, og frelsar engan \u00far vandr\u00e6\u00f0um.<a name=\"8\"><span class=\"versanumer\">8<\/span><\/a>Hugsi\u00f0 eftir \u00feessu, og blyg\u00f0ist! leggi\u00f0 \u00fea\u00f0 \u00e1 hjarta, \u00fe\u00e9r fr\u00e1f\u00f6llnu syndarar!<a name=\"9\"><span class=\"versanumer\">9<\/span><\/a>Hugsi\u00f0 eftir \u00fev\u00ed, sem \u00e1\u00f0ur hefir gj\u00f6rst \u00e1 fyrri t\u00ed\u00f0um; \u00fev\u00ed eg em Gu\u00f0, en enginn annar: eg em Gu\u00f0, og enginn er minn l\u00edki.<a name=\"10\"><span class=\"versanumer\">10<\/span><\/a>Eg kunngj\u00f6ri hi\u00f0 \u00f3komna fr\u00e1 \u00f6ndver\u00f0u, og segi fyrir fram, \u00fea\u00f0 sem eigi er enn fram komi\u00f0; eg segi: m\u00edn r\u00e1\u00f0st\u00f6fun stendur st\u00f6\u00f0ug, og eg framkv\u00e6mi allt hva\u00f0 m\u00e9r vel l\u00edkar.<a name=\"11\"><span class=\"versanumer\">11<\/span><\/a>Eg kalla fugl flj\u00faganda \u00far austur\u00e1tt, og \u00far fjarl\u00e6gu landi mann \u00feann, er framkv\u00e6mir m\u00edna r\u00e1\u00f0st\u00f6fun; hva\u00f0 eg tala, \u00fea\u00f0 l\u00e6t eg einnig fram koma: hva\u00f0 eg \u00e1set m\u00e9r, \u00fea\u00f0 gj\u00f6ri eg einnig.<a name=\"12\"><span class=\"versanumer\">12<\/span><\/a>Heyri\u00f0 m\u00e9r, \u00fe\u00e9r har\u00f0sv\u00edru\u00f0u, sem eru\u00f0 fr\u00e1sn\u00fanir r\u00e9ttl\u00e6tinu!<a name=\"13\"><span class=\"versanumer\">13<\/span><\/a>Eg l\u00e6t mitt r\u00e9ttl\u00e6ti n\u00e1l\u00e6gja sig, \u00fea\u00f0 er ekki langt \u00ed burtu, og mitt hj\u00e1lpr\u00e6\u00f0i skal ekki dvelja; \u00fev\u00ed eg vil setja hj\u00e1lpr\u00e6\u00f0i\u00f0 \u00e1 S\u00edonsfjalli, og m\u00edna d\u00fdr\u00f0 me\u00f0al \u00cdsraelsl\u00fd\u00f0s.<\/p>\n<div class=\"footnoteVidey\">V. 1. Bel og Neb\u00f3 voru go\u00f0 Babelsmanna; Bel sama sem Baal, go\u00f0 S\u00fdrlendinga og Fen\u00edka; Neb\u00f3 kemur hv\u00f6rgi fyrir, nema \u00e1 \u00feessum sta\u00f0 \u00ed Esajas, en \u00fear af \u00e6tla menn dregi\u00f0 nafni\u00f0 Neb\u00fakadnesar, (\u00fe. e. Neb\u00f3, go\u00f0a \u00e6\u00f0stur), Nabonassar, Nabopalassar.  V. 11. Fugl flj\u00faganda, \u00fe. e. S\u00fdrus konung.<\/div>\n","protected":false},"excerpt":{"rendered":"<p>Vanm\u00e1ttur skur\u00f0go\u00f0anna. Drottinn ber sitt f\u00f3lk \u00e1 s\u00ednum armlegg, og frelsar \u00fea\u00f0 \u00far \u00f3vina h\u00f6ndum. 1Bel er hokinn, Neb\u00f3 er boginn; l\u00edkneski \u00feeirra eru fengin d\u00fdrum og skepnum; \u00fea\u00f0 sem \u00fe\u00e9r (Babelsmenn) sj\u00e1lfir b\u00e1ru\u00f0, er n\u00fa l\u00e1ti\u00f0 upp \u00e1 \u00fereyttan eyk, eins og \u00f6nnur byr\u00f0i.2\u00deeir eru blj\u00fagir og bognir, b\u00e1\u00f0ir saman; \u00feeir megna ekki a\u00f0 frelsa byr\u00f0ina (\u00fe. e. sj\u00e1lfa sig), og sj\u00e1lfir hlj\u00f3ta \u00feeir a\u00f0 fara \u00ed \u00fatleg\u00f0.3Heyri\u00f0 m\u00e9r, \u00fe\u00e9r kynsmenn Jakobs, og allir \u00fe\u00e9r, sem eftir eru\u00f0 vor\u00f0nir af \u00cdsraels \u00e6ttstofni, \u00fe\u00e9r, sem eru\u00f0 m\u00e9r \u00e1 her\u00f0ar lag\u00f0ir allt \u00ed fr\u00e1 m\u00f3\u00f0urkvi\u00f0i, og sem eg hefi bori\u00f0, fr\u00e1 <a href=\"https:\/\/biblian.is\/videy\/jesaja-46-kafli\/\"> [&#8230;]<\/a><\/p>\n","protected":false},"author":1,"featured_media":0,"parent":0,"menu_order":0,"comment_status":"open","ping_status":"open","template":"bibliukaflar.php","meta":{"footnotes":""},"class_list":["post-21574","page","type-page","status-publish","hentry"],"_links":{"self":[{"href":"https:\/\/biblian.is\/videy\/wp-json\/wp\/v2\/pages\/21574","targetHints":{"allow":["GET"]}}],"collection":[{"href":"https:\/\/biblian.is\/videy\/wp-json\/wp\/v2\/pages"}],"about":[{"href":"https:\/\/biblian.is\/videy\/wp-json\/wp\/v2\/types\/page"}],"author":[{"embeddable":true,"href":"https:\/\/biblian.is\/videy\/wp-json\/wp\/v2\/users\/1"}],"replies":[{"embeddable":true,"href":"https:\/\/biblian.is\/videy\/wp-json\/wp\/v2\/comments?post=21574"}],"version-history":[{"count":0,"href":"https:\/\/biblian.is\/videy\/wp-json\/wp\/v2\/pages\/21574\/revisions"}],"wp:attachment":[{"href":"https:\/\/biblian.is\/videy\/wp-json\/wp\/v2\/media?parent=21574"}],"curies":[{"name":"wp","href":"https:\/\/api.w.org\/{rel}","templated":true}]}}