{"id":21558,"date":"2018-01-02T01:02:41","date_gmt":"2018-01-02T01:02:41","guid":{"rendered":"http:\/\/biblian.is\/videy\/jesaja-30-kafli\/"},"modified":"2018-01-02T01:02:41","modified_gmt":"2018-01-02T01:02:41","slug":"jesaja-30-kafli","status":"publish","type":"page","link":"https:\/\/biblian.is\/videy\/jesaja-30-kafli\/","title":{"rendered":"Jesaja 30. kafli"},"content":{"rendered":"<div class=\"fyrirsognVidey\">Sp\u00e1ma\u00f0urinn \u00e1v\u00edtar Gy\u00f0inga fyrir \u00fea\u00f0, a\u00f0 \u00feeir af \u00f3tta fyrir Assyr\u00edum\u00f6nnum leitu\u00f0u trausts hj\u00e1 egypskum, og a\u00f0 \u00feeir fyrirlitu \u00e1minningar sp\u00e1mannanna; bo\u00f0ar \u00feeim Gu\u00f0s l\u00edkn og frelsun fr\u00e1 yfirgangi Assyr\u00edumanna, ef \u00feeir treysti Gu\u00f0i, hl\u00fd\u00f0i sp\u00e1m\u00f6nnunum og hafni skur\u00f0go\u00f0um.<\/div>\n<p><a name=\"1\"><span class=\"versanumer\">1<\/span><\/a>Vei \u00feeim b\u00f6rnum, segir Drottinn, sem eru svo \u00fever\u00fa\u00f0arfull, a\u00f0 \u00feau taka r\u00e1\u00f0 s\u00edn saman \u00e1n minna atkv\u00e6\u00f0a, gj\u00f6ra samband vi\u00f0 a\u00f0ra, \u00fevert \u00e1 m\u00f3ti m\u00ednum vilja, og auka \u00feannig synd \u00e1 synd ofan,<a name=\"2\"><span class=\"versanumer\">2<\/span><\/a>sem gj\u00f6ra s\u00e9r fer\u00f0 ofan til Egyptalands, \u00e1n \u00feess a\u00f0 leita minna atkv\u00e6\u00f0a, til \u00feess a\u00f0 efla sig me\u00f0 styrk fara\u00f3s, og leita s\u00e9r skj\u00f3ls \u00ed skugga Egyptalands.<a name=\"3\"><span class=\"versanumer\">3<\/span><\/a>En styrkur fara\u00f3s skal ver\u00f0a y\u00f0ur til skammar, og skj\u00f3li\u00f0 \u00ed skugga Egyptalands til sv\u00edvir\u00f0ingar.<a name=\"4\"><span class=\"versanumer\">4<\/span><\/a>H\u00f6f\u00f0ingjar \u00feeirra <span class='VideyAth'>(\u00cdsraelsmanna)<\/span> hafa veri\u00f0 \u00ed S\u00f3ansborg, og sendimenn fr\u00e1 \u00feeim hafa komi\u00f0 til Hanesborgar.<a name=\"5\"><span class=\"versanumer\">5<\/span><\/a>En \u00feeir munu allir hlj\u00f3ta a\u00f0 skammast s\u00edn fyrir \u00fe\u00e1 \u00fej\u00f3\u00f0, sem ekki getur or\u00f0i\u00f0 \u00feeim a\u00f0 nokkuru li\u00f0i; h\u00fan ver\u00f0ur til engrar hj\u00e1lpar, til einskis gagns, heldur til minnkunar einnar, og jafnvel til h\u00e1\u00f0ungar.<a name=\"6\"><span class=\"versanumer\">6<\/span><\/a>Klyfja\u00f0ir eykir ganga su\u00f0ur; til \u00e1nau\u00f0arlandsins og k\u00fagunarlandsins, til \u00feess landsins, hvar lj\u00f3nsm\u00e6\u00f0rur og lj\u00f3n, n\u00f6\u00f0rur og flugdrekar b\u00faa, flytja \u00feeir au\u00f0\u00e6fi s\u00edn \u00e1 asnab\u00f6kum og fj\u00e1rsj\u00f3\u00f0u s\u00edna \u00e1 \u00falfaldakryppum, til \u00feeirrar \u00fej\u00f3\u00f0ar, sem ekkert li\u00f0 getur veitt \u00feeim.<a name=\"7\"><span class=\"versanumer\">7<\/span><\/a>Li\u00f0veisla Egyptalandsmanna ver\u00f0ur til einskis, til \u00f3n\u00fdtis; \u00feess vegna kve\u00f0 eg svo a\u00f0 or\u00f0i um \u00fe\u00e1: \u201e\u00feeir hafa miki\u00f0 um sig, en fara hv\u00f6rgi\u201c.<a name=\"8\"><span class=\"versanumer\">8<\/span><\/a>Far n\u00fa, og rist \u00feetta \u00e1 spjald, svo \u00feeir sj\u00e1i, og rita \u00fea\u00f0 \u00ed b\u00f3k, svo \u00fea\u00f0 ver\u00f0i uppi h\u00e9r eftir um aldur og \u00e6vi. <br \/><a name=\"9\"><span class=\"versanumer\">9<\/span><\/a>\u00deessi l\u00fd\u00f0ur er \u00fever\u00fa\u00f0arfullur; \u00fea\u00f0 eru \u00f3hl\u00fd\u00f0in b\u00f6rn, sem ekki vilja heyra l\u00f6gm\u00e1l Drottins,<a name=\"10\"><span class=\"versanumer\">10<\/span><\/a>sem segja til \u00feeirra, er f\u00e1 opinberanir: \u201e\u00fe\u00e9r skulu\u00f0 engar opinberanir f\u00e1\u201c; og til \u00feeirra, sem f\u00e1 vitranir: \u201e\u00fe\u00e9r skulu\u00f0 ekki sp\u00e1 \u00fev\u00ed, sem r\u00e9tt er; segi\u00f0 oss heldur \u00fea\u00f0, sem ge\u00f0fellt er, sp\u00e1i\u00f0 \u00fev\u00ed, sem t\u00e1ldr\u00e6gt er;<a name=\"11\"><span class=\"versanumer\">11<\/span><\/a>fari\u00f0 \u00fat af veginum, beygi\u00f0 \u00fat af brautinni, v\u00edki\u00f0 hinum heilaga Gu\u00f0i \u00cdsraels \u00ed burt fr\u00e1 augliti voru\u201c!<a name=\"12\"><span class=\"versanumer\">12<\/span><\/a>\u00deess vegna segir hinn heilagi \u00cdsraels Gu\u00f0 svo: S\u00f6kum \u00feess \u00fe\u00e9r hafni\u00f0 \u00feessu or\u00f0i, en rei\u00f0i\u00f0 y\u00f0ur \u00e1 ofr\u00edki og rangindi, og sty\u00f0jist vi\u00f0 \u00feau:<a name=\"13\"><span class=\"versanumer\">13<\/span><\/a>\u00fe\u00e1 skal \u00feessi misgj\u00f6r\u00f0 ver\u00f0a y\u00f0ur eins og veggjarkafli, sem \u00e6tlar a\u00f0 hrapa, og sem bunga \u00e1 h\u00e1vum m\u00farvegg, sem flj\u00f3tt og \u00f3v\u00f6rum hrynur inn,<a name=\"14\"><span class=\"versanumer\">14<\/span><\/a>og brotnar \u00ed sundur, eins og leirker, sem m\u00f6lva\u00f0 er \u00ed sm\u00e1tt hl\u00edf\u00f0arlaust, svo a\u00f0 af brotum \u00feess f\u00e6st ekki svo miki\u00f0 sem leirbrot, til a\u00f0 taka me\u00f0 eld af arni, e\u00f0a til a\u00f0 ausa me\u00f0 vatn \u00far gr\u00f6f.<a name=\"15\"><span class=\"versanumer\">15<\/span><\/a>\u00dev\u00ed svo sag\u00f0i hinn Alvaldi, Drottinn, hinn heilagi \u00cdsraels Gu\u00f0: \u201eef \u00fe\u00e9r sn\u00fai\u00f0 y\u00f0ur og eru\u00f0 r\u00f3samir, \u00fe\u00e1 munu\u00f0 \u00fe\u00e9r frelsa\u00f0ir ver\u00f0a: \u00ed r\u00f3semi og trausti skal y\u00f0ar styrkur vera\u201c; en \u00fe\u00e9r vildu\u00f0 \u00fea\u00f0 ekki:<a name=\"16\"><span class=\"versanumer\">16<\/span><\/a>\u201enei\u201c, s\u00f6g\u00f0u\u00f0 \u00fe\u00e9r, \u201ev\u00e9r viljum for\u00f0a oss \u00e1 hestum\u201c\u2014en \u00fe\u00e1 skulu\u00f0 \u00fe\u00e9r vera sem fl\u00f3ttamenn\u2014\u201ev\u00e9r viljum r\u00ed\u00f0a \u00e1 l\u00e9ttum rei\u00f0skj\u00f3tum\u201c.\u2014En \u00fe\u00e1 skulu \u00feeir l\u00edka vera l\u00e9ttir \u00e1 s\u00e9r, sem elta y\u00f0ur.<a name=\"17\"><span class=\"versanumer\">17<\/span><\/a>\u00de\u00fasund af y\u00f0ur skulu fl\u00fdja fyrir \u00f3pi eins manns, og fyrir her\u00f3pi fimm manna skulu\u00f0 \u00fe\u00e9r fl\u00fdja svo gj\u00f6rsamlega, a\u00f0 eftirleifar y\u00f0rar skulu vera sem vitast\u00f6ng \u00e1 fjallstindi, og sem hermerki \u00e1 h\u00f3l.<br \/><a name=\"18\"><span class=\"versanumer\">18<\/span><\/a>\u00de\u00f3 mun Drottinn hafa bi\u00f0lund vi\u00f0, svo hann geti l\u00edkna\u00f0 y\u00f0ur; hann mun s\u00fdna sig h\u00e1tt upp hafinn, \u00fe\u00e1 hann fer a\u00f0 miskunna y\u00f0ur: \u00fev\u00ed Drottinn er Gu\u00f0 r\u00e9ttl\u00e6tisins; s\u00e6lir eru allir \u00feeir, sem \u00e1 hann vona.<a name=\"19\"><span class=\"versanumer\">19<\/span><\/a>\u00de\u00e9r, S\u00edonsborgarmenn, \u00fe\u00e9r sem b\u00fai\u00f0 \u00ed Jer\u00fasalemsborg, \u00fe\u00e9r skulu\u00f0 \u00fe\u00e1 ekki gr\u00e1ta; hann mun l\u00edkna y\u00f0ur f\u00faslega, \u00feegar \u00fe\u00e9r kalli\u00f0 \u00ed ney\u00f0inni: hann mun svara y\u00f0ur, undir eins og hann heyrir \u00fea\u00f0.<a name=\"20\"><span class=\"versanumer\">20<\/span><\/a>Hinn alvaldi mun gefa y\u00f0ur brau\u00f0, \u00feegar \u00fe\u00e9r eigi\u00f0 b\u00e1gt, og vatn \u00ed ney\u00f0inni. Kennife\u00f0ur y\u00f0rir munu ekki ver\u00f0a \u00ed burt teknir fr\u00e1 y\u00f0ur, \u00fe\u00e9r munu\u00f0 hafa \u00fe\u00e1 fyrir augum y\u00f0ar.<a name=\"21\"><span class=\"versanumer\">21<\/span><\/a>Hv\u00f6rt sem \u00fe\u00e9r v\u00edki\u00f0 til h\u00e6gri handar e\u00f0a vinstri, munu\u00f0 \u00fe\u00e9r heyra \u00feessi or\u00f0 t\u00f6lu\u00f0 \u00e1 baki y\u00f0ar: \u201eh\u00e9r er s\u00e1 vegur, sem \u00fe\u00e9r skulu\u00f0 ganga, fari\u00f0 hann!\u201c<a name=\"22\"><span class=\"versanumer\">22<\/span><\/a>\u00de\u00e1 munu\u00f0 \u00fe\u00e9r vanheilagan \u00e1l\u00edta silfurb\u00fana\u00f0inn y\u00f0varra skur\u00f0go\u00f0a, og gullb\u00fana\u00f0inn y\u00f0varra l\u00edkneskja; \u00fe\u00e9r munu\u00f0 burtsnara \u00feeim, sem \u00f3hreinu kl\u00e6\u00f0i, og segja til \u00feeirra, \u201eburt h\u00e9\u00f0an!\u201c<a name=\"23\"><span class=\"versanumer\">23<\/span><\/a>\u00de\u00e1 mun hann regn gefa s\u00e6\u00f0i \u00fev\u00ed, er \u00fe\u00fa s\u00e1ir \u00ed akurland \u00feitt, og l\u00e1ta hinn feita og frj\u00f3vsama jar\u00f0veg brau\u00f0 af s\u00e9r gefa. F\u00e9na\u00f0ur \u00feinn mun \u00e1 \u00feeim t\u00edma ganga \u00ed v\u00ed\u00f0lendum grashaga.<a name=\"24\"><span class=\"versanumer\">24<\/span><\/a>\u00deeir uxar og asnar, sem vinna a\u00f0 akuryrkjunni, skulu eta samfengi\u00f0 korn, salti blanda\u00f0, sem s\u00e6lda\u00f0 hefir veri\u00f0 me\u00f0 s\u00e1ldi og vinsa\u00f0 me\u00f0 kornsk\u00f3flu.<a name=\"25\"><span class=\"versanumer\">25<\/span><\/a>\u00c1 hv\u00f6rju h\u00e1vu fjalli og \u00e1 hv\u00f6rri gn\u00e6fandi h\u00e6\u00f0 skulu vatnsl\u00e6kir fram flj\u00f3ta \u00e1 hinum mikla mannfallsdegi, \u00feegar turnarnir hrapa ni\u00f0ur.<a name=\"26\"><span class=\"versanumer\">26<\/span><\/a>\u00de\u00e1 skal tunglskini\u00f0 ver\u00f0a sem s\u00f3larlj\u00f3s, og s\u00f3larlj\u00f3si\u00f0 sj\u00f6falt st\u00e6rra, eins og sj\u00f6 daga s\u00f3lskin, \u00feann dag er Drottinn gr\u00e6\u00f0ir meinsemdir s\u00edns f\u00f3lks og l\u00e6knar \u00feess m\u00f6r\u00f0u s\u00e1r.<a name=\"27\"><span class=\"versanumer\">27<\/span><\/a>Sj\u00e1! sj\u00e1lfur Drottinn <span class='VideyAth'>a)<\/span> kemur \u00far fjarl\u00e6g\u00f0: hans rei\u00f0i er brennandi, og brennur \u00e1kaft: varir hans eru fullar af heift, tunga hans sem eldur brennandi,<a name=\"28\"><span class=\"versanumer\">28<\/span><\/a>andi hans er sem \u00f3lgandi vatnsfall, \u00fea\u00f0 er tekur manni upp \u00ed h\u00e1ls; hann dryftar mennina \u00ed s\u00e1ldi ey\u00f0ileggingarinnar, og leggur \u00ed munn \u00fej\u00f3\u00f0unum bitul \u00feann, er lei\u00f0ir \u00fe\u00e6r afvega.<a name=\"29\"><span class=\"versanumer\">29<\/span><\/a>\u00de\u00e1 munu\u00f0 \u00fe\u00e9r halda s\u00f6ng, eins og \u00fe\u00e1 n\u00f3tt, er menn halda heilagt fyrir h\u00e1t\u00ed\u00f0ir: \u00fe\u00e1 mun hjartans gle\u00f0i \u00e1 y\u00f0ur vera, eins og \u00fe\u00e1 gengi\u00f0 er me\u00f0 hlj\u00f3\u00f0p\u00edpum upp \u00e1 Drottins fjall til Hellubjargsins \u00cdsraelsmanna <span class='VideyAth'>b)<\/span>.<a name=\"30\"><span class=\"versanumer\">30<\/span><\/a>\u00de\u00e1 mun Drottinn heyra l\u00e1ta hina h\u00e1tignarlegu raust s\u00edna, og l\u00e1ta sj\u00e1 til s\u00edn, \u00feegar hann rei\u00f0ir ofan armlegg sinn \u00ed hermdarhug, \u00ed brennandi eldslogum, \u00ed st\u00f3r fl\u00f3\u00f0um, steypihr\u00ed\u00f0um og hagl\u00e9ljum.<a name=\"31\"><span class=\"versanumer\">31<\/span><\/a>\u00dev\u00ed Ass\u00fdr\u00edumenn skulu skelfast fyrir raustinni Drottins; me\u00f0 sprota s\u00ednum mun hann sl\u00e1 \u00fe\u00e1.<a name=\"32\"><span class=\"versanumer\">32<\/span><\/a>Og \u00ed hv\u00f6rt sinn sem refsiv\u00f6lur s\u00e1, er Drottinn rei\u00f0ir \u00e1 lofti uppi yfir \u00feeim, kemur ni\u00f0ur, mun heyrast bumbuhlj\u00f3\u00f0 og h\u00f6rpusl\u00e1ttur; \u00fev\u00ed me\u00f0 snarlegri bardaga svipan mun Drottinn \u00e1 \u00fe\u00e1 herja.<a name=\"33\"><span class=\"versanumer\">33<\/span><\/a>T\u00f3fetsdalur <span class='VideyAth'>c)<\/span> er \u00feegar fyrir l\u00f6ngu undirb\u00fainn, einnig handa konunginum; \u00fea\u00f0 er b\u00fai\u00f0 a\u00f0 taka til \u00ed dalnum, d\u00fdpka hann og gj\u00f6ra r\u00famlegan; \u00fea\u00f0 er hla\u00f0i\u00f0 st\u00f3rt b\u00e1l, og eldurinn og eldivi\u00f0urinn er n\u00f3gur; andi Drottins mun leika \u00e1 honum, eins og loganda brennusteinsfl\u00f3\u00f0.<\/p>\n<div class=\"footnoteVidey\">V. 27. a. Sj\u00e1lfur Drottinn, \u00e1 Hebr., \u201enafn Drottins\u201c.  V. 29. b. \u00de. e. til Drottins (Es. 17,10. 26,4. 44,8).  V. 33. \u00cd T\u00f3fetsdal voru framin bl\u00f3t og b\u00f6rn brennd; s\u00ed\u00f0an var s\u00e1 dalur haf\u00f0ur fyrir l\u00edkabrennur, Jer. 7,31. 19,6.<\/div>\n","protected":false},"excerpt":{"rendered":"<p>Sp\u00e1ma\u00f0urinn \u00e1v\u00edtar Gy\u00f0inga fyrir \u00fea\u00f0, a\u00f0 \u00feeir af \u00f3tta fyrir Assyr\u00edum\u00f6nnum leitu\u00f0u trausts hj\u00e1 egypskum, og a\u00f0 \u00feeir fyrirlitu \u00e1minningar sp\u00e1mannanna; bo\u00f0ar \u00feeim Gu\u00f0s l\u00edkn og frelsun fr\u00e1 yfirgangi Assyr\u00edumanna, ef \u00feeir treysti Gu\u00f0i, hl\u00fd\u00f0i sp\u00e1m\u00f6nnunum og hafni skur\u00f0go\u00f0um. 1Vei \u00feeim b\u00f6rnum, segir Drottinn, sem eru svo \u00fever\u00fa\u00f0arfull, a\u00f0 \u00feau taka r\u00e1\u00f0 s\u00edn saman \u00e1n minna atkv\u00e6\u00f0a, gj\u00f6ra samband vi\u00f0 a\u00f0ra, \u00fevert \u00e1 m\u00f3ti m\u00ednum vilja, og auka \u00feannig synd \u00e1 synd ofan,2sem gj\u00f6ra s\u00e9r fer\u00f0 ofan til Egyptalands, \u00e1n \u00feess a\u00f0 leita minna atkv\u00e6\u00f0a, til \u00feess a\u00f0 efla sig me\u00f0 styrk fara\u00f3s, og leita s\u00e9r skj\u00f3ls \u00ed skugga Egyptalands.3En <a href=\"https:\/\/biblian.is\/videy\/jesaja-30-kafli\/\"> [&#8230;]<\/a><\/p>\n","protected":false},"author":1,"featured_media":0,"parent":0,"menu_order":0,"comment_status":"open","ping_status":"open","template":"bibliukaflar.php","meta":{"footnotes":""},"class_list":["post-21558","page","type-page","status-publish","hentry"],"_links":{"self":[{"href":"https:\/\/biblian.is\/videy\/wp-json\/wp\/v2\/pages\/21558","targetHints":{"allow":["GET"]}}],"collection":[{"href":"https:\/\/biblian.is\/videy\/wp-json\/wp\/v2\/pages"}],"about":[{"href":"https:\/\/biblian.is\/videy\/wp-json\/wp\/v2\/types\/page"}],"author":[{"embeddable":true,"href":"https:\/\/biblian.is\/videy\/wp-json\/wp\/v2\/users\/1"}],"replies":[{"embeddable":true,"href":"https:\/\/biblian.is\/videy\/wp-json\/wp\/v2\/comments?post=21558"}],"version-history":[{"count":0,"href":"https:\/\/biblian.is\/videy\/wp-json\/wp\/v2\/pages\/21558\/revisions"}],"wp:attachment":[{"href":"https:\/\/biblian.is\/videy\/wp-json\/wp\/v2\/media?parent=21558"}],"curies":[{"name":"wp","href":"https:\/\/api.w.org\/{rel}","templated":true}]}}