{"id":21554,"date":"2018-01-02T01:02:41","date_gmt":"2018-01-02T01:02:41","guid":{"rendered":"http:\/\/biblian.is\/videy\/jesaja-26-kafli\/"},"modified":"2018-01-02T01:02:41","modified_gmt":"2018-01-02T01:02:41","slug":"jesaja-26-kafli","status":"publish","type":"page","link":"https:\/\/biblian.is\/videy\/jesaja-26-kafli\/","title":{"rendered":"Jesaja 26. kafli"},"content":{"rendered":"<div class=\"fyrirsognVidey\">Gle\u00f0is\u00f6ngur hinna frelsu\u00f0u.<\/div>\n<p><a name=\"1\"><span class=\"versanumer\">1<\/span><\/a>\u00c1 \u00feeim degi mun \u00feessi lofs\u00f6ngur sunginn ver\u00f0a \u00ed J\u00fadalandi: v\u00e9r h\u00f6fum \u00f6ruggt v\u00edgi, hann l\u00e6tur hj\u00e1lpr\u00e6\u00f0i\u00f0 vera v\u00f6rn, m\u00far og verju.<a name=\"2\"><span class=\"versanumer\">2<\/span><\/a>L\u00e1ti\u00f0 upp hli\u00f0in, svo hinn r\u00e9ttl\u00e1ti l\u00fd\u00f0ur megi inn ganga, \u00fea\u00f0 f\u00f3lk, sem tr\u00fana\u00f0inn var\u00f0veitir.<a name=\"3\"><span class=\"versanumer\">3<\/span><\/a>\u00de\u00edn r\u00e1\u00f0st\u00f6fun stendur st\u00f6\u00f0ug; \u00fe\u00fa afrekar \u00e6varandi fri\u00f0: \u00feess vegna treysta menn \u00e1 \u00feig.<a name=\"4\"><span class=\"versanumer\">4<\/span><\/a>Treysti\u00f0 Drottni \u00e6 og \u00e6t\u00ed\u00f0, \u00fev\u00ed Gu\u00f0 Drottinn er eil\u00edft bjarg.<a name=\"5\"><span class=\"versanumer\">5<\/span><\/a>Hann ni\u00f0url\u00e6gir \u00fe\u00e1, sem sitja h\u00e1tt; h\u00e1reistu borginni steypir hann ni\u00f0ur, hann hrindir henni til jar\u00f0ar, og leggur hana \u00ed dufti\u00f0,<a name=\"6\"><span class=\"versanumer\">6<\/span><\/a>svo f\u00e6tur manna ni\u00f0urtro\u00f0a hana, og \u00fea\u00f0 f\u00e6tur f\u00e1t\u00e6kra, iljar umkomulausra.<a name=\"7\"><span class=\"versanumer\">7<\/span><\/a>Vegur hins r\u00e9ttl\u00e1ta er beinn og r\u00e9ttur: \u00fe\u00fa gj\u00f6rir g\u00f6tu r\u00e9ttl\u00e1ts manns \u00fer\u00e1\u00f0beina.<a name=\"8\"><span class=\"versanumer\">8<\/span><\/a>\u00c1 veginum \u00feinna r\u00e9ttinda v\u00e6ntum v\u00e9r eftir \u00fe\u00e9r, Drottinn: til \u00fe\u00edns nafns og til \u00feinnar minningar stendur vor hjartans eftirl\u00f6ngun.<a name=\"9\"><span class=\"versanumer\">9<\/span><\/a>M\u00edn s\u00e1la, h\u00fan \u00fereyir eftir \u00fe\u00e9r \u00e1 n\u00e6turnar: andinn \u00ed brj\u00f3sti m\u00ednu, hann leitar \u00fe\u00edn; \u00fev\u00ed \u00feegar \u00fe\u00ednir d\u00f3mar ganga yfir j\u00f6r\u00f0ina, \u00fe\u00e1 l\u00e6ra heimsins innbyggjendur r\u00e9ttl\u00e6ti\u00f0.<a name=\"10\"><span class=\"versanumer\">10<\/span><\/a>S\u00e9 hinum \u00f3gu\u00f0lega l\u00edkna\u00f0, \u00fe\u00e1 l\u00e6rir hann ekki r\u00e9ttl\u00e6ti\u00f0, hann gj\u00f6rir \u00f3r\u00e9tt \u00ed landi r\u00e9ttindanna <span class='VideyAth'>c)<\/span>, og gefur ekki g\u00e6tur a\u00f0 h\u00e1tign Drottins.<a name=\"11\"><span class=\"versanumer\">11<\/span><\/a>Drottinn, \u00fe\u00edn h\u00f6nd er \u00e1 lofti, \u00fe\u00f3 \u00feeir sj\u00e1i hana ekki; samt sj\u00e1 \u00feeir umhyggju, sem \u00fe\u00fa ber fyrir \u00fe\u00ednum l\u00fd\u00f0, og eldur skal ey\u00f0a m\u00f3tst\u00f6\u00f0um\u00f6nnum \u00fe\u00ednum.<a name=\"12\"><span class=\"versanumer\">12<\/span><\/a>En oss muntu, Drottinn, veita fri\u00f0; \u00fev\u00ed allt hva\u00f0 v\u00e9r t\u00f6kum oss fyrir hendur a\u00f0 gj\u00f6ra, \u00fea\u00f0 framkv\u00e6mir \u00fe\u00fa fyrir oss.<a name=\"13\"><span class=\"versanumer\">13<\/span><\/a>Drottinn, vor Gu\u00f0, yfir oss drottnu\u00f0u a\u00f0rir drottnendur en \u00fe\u00fa; en \u00fe\u00fa ert s\u00e1 einasti, hv\u00f6rs nafn v\u00e9r vegs\u00f6mum.<a name=\"14\"><span class=\"versanumer\">14<\/span><\/a>\u00deeir, sem d\u00e1nir eru, lifna ekki: \u00feeir, sem framli\u00f0nir eru, uppr\u00edsa ekki; \u00fev\u00ed \u00fe\u00fa hefir vitja\u00f0 \u00feeirra og afm\u00e1\u00f0 \u00fe\u00e1, og a\u00f0 \u00f6ngvu gj\u00f6rt alla \u00feeirra minningu.<a name=\"15\"><span class=\"versanumer\">15<\/span><\/a>\u00de\u00fa l\u00e6tur f\u00f3lki\u00f0 fj\u00f6lga, Drottinn, \u00fe\u00fa l\u00e6tur f\u00f3lki\u00f0 fj\u00f6lga; \u00fe\u00fa au\u00f0s\u00fdnir \u00feinn m\u00e1tt: \u00fe\u00fa eykur \u00fat \u00f6ll takm\u00f6rk landsins.<a name=\"16\"><span class=\"versanumer\">16<\/span><\/a>Drottinn, \u00ed ney\u00f0inni leitu\u00f0u \u00feeir \u00fe\u00edn: \u00feegar \u00fe\u00fa hirtir \u00fe\u00e1, stundu \u00feeir upp andv\u00f6rpum.<a name=\"17\"><span class=\"versanumer\">17<\/span><\/a>Eins og \u00feungu\u00f0 kona, sem komin er a\u00f0 \u00fev\u00ed a\u00f0 h\u00fan skuli f\u00e6\u00f0a, tekur s\u00f3ttina og hlj\u00f3\u00f0ar \u00ed harmkv\u00e6lum s\u00ednum: eins vorum v\u00e9r fyrir \u00fe\u00ednu augliti, Drottinn.<a name=\"18\"><span class=\"versanumer\">18<\/span><\/a>v\u00e9r vorum \u00feunga\u00f0ir, v\u00e9r kenndum s\u00f3ttar, en \u00fea\u00f0, sem v\u00e9r f\u00e6ddum, var h\u00e9g\u00f3mi: landinu g\u00e1tum v\u00e9r enga bj\u00f6rg veitt, og innbyggjendur r\u00edkisins endurf\u00e6ddust ekki.<a name=\"19\"><span class=\"versanumer\">19<\/span><\/a>Menn \u00fe\u00ednir, sem d\u00e1nir eru, skulu lifna, mitt andvana f\u00f3lk skal uppr\u00edsa. Vakni\u00f0, hefji\u00f0 upp fagna\u00f0ars\u00f6ng, \u00fe\u00e9r sem b\u00fai\u00f0 \u00ed duftinu! \u00fev\u00ed l\u00edfsins d\u00f6gg er \u00fe\u00edn d\u00f6gg, og j\u00f6r\u00f0in skal endurf\u00e6\u00f0a hina framli\u00f0nu.<a name=\"20\"><span class=\"versanumer\">20<\/span><\/a>Gakk, mitt f\u00f3lk, inn \u00ed herbergi \u00feitt, og loka dyrunum eftir \u00fe\u00e9r, og fel \u00feig \u00fear um stundar sakir, uns rei\u00f0in er hj\u00e1 li\u00f0in.<a name=\"21\"><span class=\"versanumer\">21<\/span><\/a>\u00dev\u00ed sj\u00e1 \u00fe\u00fa! Drottinn gengur \u00fat fr\u00e1 s\u00ednum a\u00f0setursta\u00f0 til a\u00f0 hegna innbyggjendum jar\u00f0arinnar fyrir misgj\u00f6r\u00f0ir \u00feeirra; j\u00f6r\u00f0in mun birtast l\u00e1ta \u00fea\u00f0 bl\u00f3\u00f0, sem \u00e1 hana hefir veri\u00f0 \u00fathellt, og h\u00fan mun ekki lengur fela mega \u00fe\u00e1 menn, sem \u00e1 henni hafa l\u00edfl\u00e1tnir veri\u00f0.<\/p>\n<div class=\"footnoteVidey\">V. 10. c. Land r\u00e9ttindanna, \u00fea\u00f0 land, hvar r\u00e9ttl\u00e6ti og gu\u00f0hr\u00e6\u00f0sla \u00e1 a\u00f0 r\u00edkja.<\/div>\n","protected":false},"excerpt":{"rendered":"<p>Gle\u00f0is\u00f6ngur hinna frelsu\u00f0u. 1\u00c1 \u00feeim degi mun \u00feessi lofs\u00f6ngur sunginn ver\u00f0a \u00ed J\u00fadalandi: v\u00e9r h\u00f6fum \u00f6ruggt v\u00edgi, hann l\u00e6tur hj\u00e1lpr\u00e6\u00f0i\u00f0 vera v\u00f6rn, m\u00far og verju.2L\u00e1ti\u00f0 upp hli\u00f0in, svo hinn r\u00e9ttl\u00e1ti l\u00fd\u00f0ur megi inn ganga, \u00fea\u00f0 f\u00f3lk, sem tr\u00fana\u00f0inn var\u00f0veitir.3\u00de\u00edn r\u00e1\u00f0st\u00f6fun stendur st\u00f6\u00f0ug; \u00fe\u00fa afrekar \u00e6varandi fri\u00f0: \u00feess vegna treysta menn \u00e1 \u00feig.4Treysti\u00f0 Drottni \u00e6 og \u00e6t\u00ed\u00f0, \u00fev\u00ed Gu\u00f0 Drottinn er eil\u00edft bjarg.5Hann ni\u00f0url\u00e6gir \u00fe\u00e1, sem sitja h\u00e1tt; h\u00e1reistu borginni steypir hann ni\u00f0ur, hann hrindir henni til jar\u00f0ar, og leggur hana \u00ed dufti\u00f0,6svo f\u00e6tur manna ni\u00f0urtro\u00f0a hana, og \u00fea\u00f0 f\u00e6tur f\u00e1t\u00e6kra, iljar umkomulausra.7Vegur hins r\u00e9ttl\u00e1ta er beinn og r\u00e9ttur: \u00fe\u00fa gj\u00f6rir <a href=\"https:\/\/biblian.is\/videy\/jesaja-26-kafli\/\"> [&#8230;]<\/a><\/p>\n","protected":false},"author":1,"featured_media":0,"parent":0,"menu_order":0,"comment_status":"open","ping_status":"open","template":"bibliukaflar.php","meta":{"footnotes":""},"class_list":["post-21554","page","type-page","status-publish","hentry"],"_links":{"self":[{"href":"https:\/\/biblian.is\/videy\/wp-json\/wp\/v2\/pages\/21554","targetHints":{"allow":["GET"]}}],"collection":[{"href":"https:\/\/biblian.is\/videy\/wp-json\/wp\/v2\/pages"}],"about":[{"href":"https:\/\/biblian.is\/videy\/wp-json\/wp\/v2\/types\/page"}],"author":[{"embeddable":true,"href":"https:\/\/biblian.is\/videy\/wp-json\/wp\/v2\/users\/1"}],"replies":[{"embeddable":true,"href":"https:\/\/biblian.is\/videy\/wp-json\/wp\/v2\/comments?post=21554"}],"version-history":[{"count":0,"href":"https:\/\/biblian.is\/videy\/wp-json\/wp\/v2\/pages\/21554\/revisions"}],"wp:attachment":[{"href":"https:\/\/biblian.is\/videy\/wp-json\/wp\/v2\/media?parent=21554"}],"curies":[{"name":"wp","href":"https:\/\/api.w.org\/{rel}","templated":true}]}}