{"id":21549,"date":"2018-01-02T01:02:34","date_gmt":"2018-01-02T01:02:34","guid":{"rendered":"http:\/\/biblian.is\/videy\/jesaja-21-kafli\/"},"modified":"2018-01-02T01:02:34","modified_gmt":"2018-01-02T01:02:34","slug":"jesaja-21-kafli","status":"publish","type":"page","link":"https:\/\/biblian.is\/videy\/jesaja-21-kafli\/","title":{"rendered":"Jesaja 21. kafli"},"content":{"rendered":"<div class=\"fyrirsognVidey\">Sp\u00e1d\u00f3mur um ey\u00f0ileggingu Babelsborgar; um Id\u00fameu; um Arab\u00edu.<\/div>\n<p><a name=\"1\"><span class=\"versanumer\">1<\/span><\/a>Sp\u00e1d\u00f3mur um vatna <span class='VideyAth'>a)<\/span>\u00f6r\u00e6fin. Eins og fellibyljir detta \u00e1 \u00far su\u00f0ri, eins kemur hann <span class='VideyAth'>b)<\/span> \u00far ey\u00f0im\u00f6rkinni, hinu \u00f3ttalega landinu.<a name=\"2\"><span class=\"versanumer\">2<\/span><\/a>\u00d3gurleg er s\u00fa s\u00fdn, sem m\u00e9r hefir birst: \u201eR\u00e6ninginn r\u00e6nir, herjandinn herjar! Fari\u00f0 upp \u00feanga\u00f0, \u00fe\u00e9r Elamsmenn! Gj\u00f6ri\u00f0 honum ums\u00e1tur, \u00fe\u00e9r Med\u00edumenn! Eg vil enda gj\u00f6ra \u00e1 allri andvarpan.\u201c<a name=\"3\"><span class=\"versanumer\">3<\/span><\/a>\u00deess vegna eru lendar m\u00ednar gagnteknar af kv\u00f6l; s\u00e1rir verkir hremma mig, eins og j\u00f3\u00f0s\u00f3ttin, s\u00e6ngurkonuna. Eg engist saman, svo eg heyri ekkert, eg er svo trufla\u00f0ur, a\u00f0 eg s\u00e9 ekkert.<a name=\"4\"><span class=\"versanumer\">4<\/span><\/a>Hjarta mitt er \u00e1 fl\u00f6kti; skelfing hefir yfirfalli\u00f0 mig skyndilega; mig hryllir vi\u00f0 \u00fev\u00ed kv\u00f6ldinu, sem eg \u00fer\u00e1\u00f0i eftir.<a name=\"5\"><span class=\"versanumer\">5<\/span><\/a>Bor\u00f0in eru sett fram, allsn\u00e6gtir framreiddar; menn eta og drekka;\u2014\u201eR\u00edsi\u00f0 upp hersh\u00f6f\u00f0ingjar, smyrji\u00f0 skj\u00f6lduna!\u201c<a name=\"6\"><span class=\"versanumer\">6<\/span><\/a>\u00dev\u00ed svo sag\u00f0i Drottinn til m\u00edn: Far, og set \u00fat v\u00f6r\u00f0, sem segi, hva\u00f0 hann s\u00e9r.<a name=\"7\"><span class=\"versanumer\">7<\/span><\/a>Var\u00f0ma\u00f0urinn s\u00e1 rei\u00f0menn koma r\u00ed\u00f0andi, tvo og tvo, \u00e1 hestum, \u00f6snum og \u00falf\u00f6ldum. Hann g\u00e6tti a\u00f0 \u00feeim vandlega og me\u00f0 miklu athygli.<a name=\"8\"><span class=\"versanumer\">8<\/span><\/a>S\u00ed\u00f0an kalla\u00f0i hann, eins <span class='VideyAth'>(h\u00e1tt)<\/span> og lj\u00f3n: eg var, Drottinn, alltaf \u00e1 daginn uppi \u00e1 sj\u00f3narleitinu, og st\u00f3\u00f0 \u00e1 ver\u00f0i m\u00ednum allar n\u00e6tur.<a name=\"9\"><span class=\"versanumer\">9<\/span><\/a>Og sj\u00e1, \u00fear komu rei\u00f0menn r\u00ed\u00f0andi \u00e1 hestum, tveir og tveir. \u00de\u00e1 t\u00f3k hann til or\u00f0a og sag\u00f0i: h\u00fan er fallin, Babelsborg er fallin, og allar hennar go\u00f0al\u00edkneskjur liggja sundurbrotnar \u00e1 j\u00f6r\u00f0unni.<a name=\"10\"><span class=\"versanumer\">10<\/span><\/a>\u201eH\u00fan er sundur\u00fereskt af m\u00e9r, og barin \u00e1 m\u00ednum kornl\u00e1fa\u201c. \u00dea\u00f0 sem eg hefi heyrt af Drottni allsherjar, \u00cdsraels Gu\u00f0i, \u00fea\u00f0 hefi eg kunngj\u00f6rt y\u00f0ur. <br \/><a name=\"11\"><span class=\"versanumer\">11<\/span><\/a>Sp\u00e1d\u00f3mur um D\u00famaland. Einhv\u00f6r kallar til m\u00edn ofan af Seirsfjalli: v\u00f6kuma\u00f0ur, hva\u00f0 l\u00ed\u00f0ur n\u00f3ttunni? hva\u00f0 l\u00ed\u00f0ur n\u00f3ttunni, v\u00f6kuma\u00f0ur?<a name=\"12\"><span class=\"versanumer\">12<\/span><\/a>V\u00f6kuma\u00f0ur svara\u00f0i: \u201emorgun er kominn, og \u00fe\u00f3 er n\u00f3tt. Ef \u00fe\u00e9r vilji\u00f0 spyrja, \u00fe\u00e1 spyrji\u00f0; komi\u00f0 aftur, komi\u00f0!\u201c<br \/><a name=\"13\"><span class=\"versanumer\">13<\/span><\/a>Sp\u00e1d\u00f3mur um Arab\u00edu. \u00de\u00e9r sem fari\u00f0 lestafer\u00f0ir til Dedansmanna, taki\u00f0 \u00fe\u00e9r n\u00e1ttsta\u00f0 \u00ed sk\u00f3gunum \u00ed Arab\u00edu!<a name=\"14\"><span class=\"versanumer\">14<\/span><\/a>\u00de\u00e9r, sem b\u00fai\u00f0 \u00ed Temalandi, komi\u00f0 \u00fat me\u00f0 vatn \u00e1 m\u00f3ti \u00feeim, sem \u00feyrstir eru; hj\u00e1lpi\u00f0 \u00feeim um brau\u00f0, sem farfl\u00f3tta eru!<a name=\"15\"><span class=\"versanumer\">15<\/span><\/a>\u00dev\u00ed \u00feeir fl\u00fdja fyrir sver\u00f0um, \u00feeir fl\u00fdja undan brug\u00f0nu sver\u00f0i, undan bendum boga, undan \u00feungum \u00f3fri\u00f0i.<a name=\"16\"><span class=\"versanumer\">16<\/span><\/a>\u00dev\u00ed svo hefir hinn Alvaldi sagt vi\u00f0 mig: \u00e1\u00f0ur en eitt \u00e1r er li\u00f0i\u00f0, eins og \u00e1r daglaunamanna eru talin, skal li\u00f0safli Kedaringa undir lok l\u00ed\u00f0a,<a name=\"17\"><span class=\"versanumer\">17<\/span><\/a>og ekki skal eftir ver\u00f0a nema f\u00e1tt eitt af bogm\u00f6nnunum, Kedars hraustu \u00e6ttni\u00f0jum; \u00fev\u00ed Drottinn, Gu\u00f0 \u00cdsraels, hefir sagt \u00fea\u00f0.<\/p>\n<div class=\"footnoteVidey\">V. 1. a. Vatna\u00f6r\u00e6fin, Babelsland; b. hann, \u00f3vinurinn, sem \u00e1tti a\u00f0 ey\u00f0ileggja Babelsborg.<\/div>\n","protected":false},"excerpt":{"rendered":"<p>Sp\u00e1d\u00f3mur um ey\u00f0ileggingu Babelsborgar; um Id\u00fameu; um Arab\u00edu. 1Sp\u00e1d\u00f3mur um vatna a)\u00f6r\u00e6fin. Eins og fellibyljir detta \u00e1 \u00far su\u00f0ri, eins kemur hann b) \u00far ey\u00f0im\u00f6rkinni, hinu \u00f3ttalega landinu.2\u00d3gurleg er s\u00fa s\u00fdn, sem m\u00e9r hefir birst: \u201eR\u00e6ninginn r\u00e6nir, herjandinn herjar! Fari\u00f0 upp \u00feanga\u00f0, \u00fe\u00e9r Elamsmenn! Gj\u00f6ri\u00f0 honum ums\u00e1tur, \u00fe\u00e9r Med\u00edumenn! Eg vil enda gj\u00f6ra \u00e1 allri andvarpan.\u201c3\u00deess vegna eru lendar m\u00ednar gagnteknar af kv\u00f6l; s\u00e1rir verkir hremma mig, eins og j\u00f3\u00f0s\u00f3ttin, s\u00e6ngurkonuna. Eg engist saman, svo eg heyri ekkert, eg er svo trufla\u00f0ur, a\u00f0 eg s\u00e9 ekkert.4Hjarta mitt er \u00e1 fl\u00f6kti; skelfing hefir yfirfalli\u00f0 mig skyndilega; mig hryllir vi\u00f0 \u00fev\u00ed kv\u00f6ldinu, <a href=\"https:\/\/biblian.is\/videy\/jesaja-21-kafli\/\"> [&#8230;]<\/a><\/p>\n","protected":false},"author":1,"featured_media":0,"parent":0,"menu_order":0,"comment_status":"open","ping_status":"open","template":"bibliukaflar.php","meta":{"footnotes":""},"class_list":["post-21549","page","type-page","status-publish","hentry"],"_links":{"self":[{"href":"https:\/\/biblian.is\/videy\/wp-json\/wp\/v2\/pages\/21549","targetHints":{"allow":["GET"]}}],"collection":[{"href":"https:\/\/biblian.is\/videy\/wp-json\/wp\/v2\/pages"}],"about":[{"href":"https:\/\/biblian.is\/videy\/wp-json\/wp\/v2\/types\/page"}],"author":[{"embeddable":true,"href":"https:\/\/biblian.is\/videy\/wp-json\/wp\/v2\/users\/1"}],"replies":[{"embeddable":true,"href":"https:\/\/biblian.is\/videy\/wp-json\/wp\/v2\/comments?post=21549"}],"version-history":[{"count":0,"href":"https:\/\/biblian.is\/videy\/wp-json\/wp\/v2\/pages\/21549\/revisions"}],"wp:attachment":[{"href":"https:\/\/biblian.is\/videy\/wp-json\/wp\/v2\/media?parent=21549"}],"curies":[{"name":"wp","href":"https:\/\/api.w.org\/{rel}","templated":true}]}}