{"id":21545,"date":"2018-01-02T01:02:34","date_gmt":"2018-01-02T01:02:34","guid":{"rendered":"http:\/\/biblian.is\/videy\/jesaja-17-kafli\/"},"modified":"2018-01-02T01:02:34","modified_gmt":"2018-01-02T01:02:34","slug":"jesaja-17-kafli","status":"publish","type":"page","link":"https:\/\/biblian.is\/videy\/jesaja-17-kafli\/","title":{"rendered":"Jesaja 17. kafli"},"content":{"rendered":"<div class=\"fyrirsognVidey\">Sp\u00e1d\u00f3mur um afdrif \u00feeirra tveggja sambandsr\u00edkja, S\u00fdrlands og \u00cdsraelsr\u00edkis, og um herna\u00f0 Ass\u00fdr\u00edumanna \u00e1 J\u00fadar\u00edki.<\/div>\n<p><a name=\"1\"><span class=\"versanumer\">1<\/span><\/a>Sp\u00e1d\u00f3mur um Dammaskusborg. Sj\u00e1! Dammaskusborg skal ver\u00f0a afm\u00e1\u00f0, svo h\u00fan skal ekki vera borg framar: a\u00f0 ni\u00f0urhruninni grj\u00f3thr\u00fagu skal h\u00fan ver\u00f0a.<a name=\"2\"><span class=\"versanumer\">2<\/span><\/a>Sta\u00f0irnir \u00ed kring um Ar\u00f3ersborg skulu ver\u00f0a yfirgefnir, og a\u00f0 beitarlandi handa f\u00e9na\u00f0arhj\u00f6r\u00f0um; \u00fear skulu \u00fe\u00e6r liggja, \u00e1n \u00feess nokkur styggi \u00fe\u00e6r.<a name=\"3\"><span class=\"versanumer\">3<\/span><\/a>\u00de\u00e1 skal varnarvirki Efraims\u00e6ttar <span class='VideyAth'>d)<\/span> undir lok l\u00ed\u00f0a, og konungd\u00f3murinn hverfa fr\u00e1 Dammaskusborg og \u00f6\u00f0rum S\u00fdrlandsborgum; \u00fea\u00f0 skal fara fyrir \u00feeim eins og fer fyrir mannvali \u00cdsraelsl\u00fd\u00f0s, segir Drottinn allsherjar. <br \/><a name=\"4\"><span class=\"versanumer\">4<\/span><\/a>\u00de\u00e1 mun mannval Jakobsni\u00f0ja <span class='VideyAth'>e)<\/span> f\u00e6kka, og \u00fer\u00f3ttur \u00feeirra ganga til \u00feurr\u00f0ar.<a name=\"5\"><span class=\"versanumer\">5<\/span><\/a>\u00de\u00e1 mun fara l\u00edkt og \u00feegar kornskeruma\u00f0ur safnar kornst\u00f6ngvum \u00e1 akri, og armleggur hans afsn\u00ed\u00f0ur \u00f6xin; og eins og \u00feegar \u00f6x eru t\u00ednd \u00ed Refaimsdal.<a name=\"6\"><span class=\"versanumer\">6<\/span><\/a>\u00dea\u00f0 sem eftir ver\u00f0ur af \u00feeim <span class='VideyAth'>(\u00cdsraelsm\u00f6nnum)<\/span>, skal ver\u00f0a sem eftirt\u00edningur, eins og \u00fe\u00e1 vi\u00f0smj\u00f6rstr\u00e9 er skeki\u00f0, og tv\u00f6 e\u00f0a \u00ferj\u00fa vi\u00f0smj\u00f6rsber ver\u00f0a eftir efst \u00ed laufinu, e\u00f0a fj\u00f6gur e\u00f0a fimm \u00e1 frj\u00f3kvistum \u00feess, segir Drottinn, Gu\u00f0 \u00cdsraels.<a name=\"7\"><span class=\"versanumer\">7<\/span><\/a>\u00de\u00e1 mun ma\u00f0urinn m\u00e6na eftir \u00feeim, sem sk\u00f3p hann, og renna augum s\u00ednum til hins heilaga \u00cdsraels Gu\u00f0s.<a name=\"8\"><span class=\"versanumer\">8<\/span><\/a>Ekki mun hann \u00fe\u00e1 m\u00e6na til go\u00f0astallanna, sem eru hans eigin handaverk, og ekki l\u00edta til ast\u00f6rtul\u00edkneskja e\u00f0a annarra skur\u00f0go\u00f0a, sem fingur hans hafa tilb\u00fai\u00f0.<a name=\"9\"><span class=\"versanumer\">9<\/span><\/a>\u00c1 \u00feeim t\u00edma munu hinir v\u00edggirtu sta\u00f0irnir ver\u00f0a sem eftirleifar af sk\u00f3garrunni eins og vi\u00f0arhr\u00edsla, sem \u00cdsraelsm\u00f6nnum hefir veri\u00f0 eftir skilin; \u00feeir skulu ver\u00f0a a\u00f0 au\u00f0n:<a name=\"10\"><span class=\"versanumer\">10<\/span><\/a>\u00fev\u00ed \u00fe\u00fa hefir gleymt Gu\u00f0i, frelsara \u00fe\u00ednum, og ekki minnst \u00feess hellubjargsins, sem er \u00fe\u00edn verndarhl\u00edf. Gr\u00f3\u00f0urset \u00fe\u00fa a\u00f0eins fagrar plantanir, og set \u00fatlenska v\u00ednvi\u00f0arkvistu \u00ed gar\u00f0 \u00feinn!<a name=\"11\"><span class=\"versanumer\">11<\/span><\/a>l\u00e1t \u00fe\u00ednar plantanir vaxa sama daginn og \u00fe\u00fa gr\u00f3\u00f0ursetur \u00fe\u00e6r, l\u00e1t \u00fe\u00e6r bl\u00f3mgast sama morguninn og \u00fe\u00fa setur \u00fe\u00e6r! en eftirtekjunni muntu safna \u00e1 degi hrygg\u00f0ar og \u00f3l\u00e6knandi sorgar.<br \/><a name=\"12\"><span class=\"versanumer\">12<\/span><\/a>\u00c6, hv\u00edl\u00edkur gn\u00fdr af miklum f\u00f3lksfj\u00f6lda! \u00feeir gn\u00fdja, eins og hafs\u00f6ldur gn\u00fdja. Hv\u00edl\u00edkur mannadynur! \u00feeir dynja, eins og str\u00f6ng vatnsf\u00f6ll dynja;<a name=\"13\"><span class=\"versanumer\">13<\/span><\/a>\u00fej\u00f3\u00f0irnar geysa, eins og st\u00f3r vatnsf\u00f6ll geysa. En hann hastar \u00e1 \u00fe\u00e6r, og \u00fe\u00e1 fl\u00fdja \u00fe\u00e6r langt \u00ed burtu, og tv\u00edstrast, eins og hismi \u00e1 fj\u00f6llum fyrir stormi, eins og rykm\u00f6kkur fyrir hvirfilvindi.<a name=\"14\"><span class=\"versanumer\">14<\/span><\/a>\u00c1 kv\u00f6ldt\u00edmanum er ey\u00f0ileggingin v\u00eds, og \u00e1\u00f0ur en morgnar, er allt horfi\u00f0. \u00deetta er hlutdeild \u00feeirra, sem r\u00e6na oss, og hlutfall \u00feeirra, sem taka fr\u00e1 oss.<\/p>\n<div class=\"footnoteVidey\">V. 3. d. \u00de. e. S\u00fdrland, hvar \u00cdsraelsmenn h\u00f6f\u00f0u leita\u00f0 trausts.  V. 4. e. Jakobs ni\u00f0ja, \u00fe. e. innb\u00faa \u00cdsrael.  V. 5. Refaimsdalur (Risadalur), \u00ed M\u00f3r\u00edafjalli hj\u00e1 Jer\u00fasalemsborg.<\/div>\n","protected":false},"excerpt":{"rendered":"<p>Sp\u00e1d\u00f3mur um afdrif \u00feeirra tveggja sambandsr\u00edkja, S\u00fdrlands og \u00cdsraelsr\u00edkis, og um herna\u00f0 Ass\u00fdr\u00edumanna \u00e1 J\u00fadar\u00edki. 1Sp\u00e1d\u00f3mur um Dammaskusborg. Sj\u00e1! Dammaskusborg skal ver\u00f0a afm\u00e1\u00f0, svo h\u00fan skal ekki vera borg framar: a\u00f0 ni\u00f0urhruninni grj\u00f3thr\u00fagu skal h\u00fan ver\u00f0a.2Sta\u00f0irnir \u00ed kring um Ar\u00f3ersborg skulu ver\u00f0a yfirgefnir, og a\u00f0 beitarlandi handa f\u00e9na\u00f0arhj\u00f6r\u00f0um; \u00fear skulu \u00fe\u00e6r liggja, \u00e1n \u00feess nokkur styggi \u00fe\u00e6r.3\u00de\u00e1 skal varnarvirki Efraims\u00e6ttar d) undir lok l\u00ed\u00f0a, og konungd\u00f3murinn hverfa fr\u00e1 Dammaskusborg og \u00f6\u00f0rum S\u00fdrlandsborgum; \u00fea\u00f0 skal fara fyrir \u00feeim eins og fer fyrir mannvali \u00cdsraelsl\u00fd\u00f0s, segir Drottinn allsherjar. 4\u00de\u00e1 mun mannval Jakobsni\u00f0ja e) f\u00e6kka, og \u00fer\u00f3ttur \u00feeirra ganga til \u00feurr\u00f0ar.5\u00de\u00e1 mun fara <a href=\"https:\/\/biblian.is\/videy\/jesaja-17-kafli\/\"> [&#8230;]<\/a><\/p>\n","protected":false},"author":1,"featured_media":0,"parent":0,"menu_order":0,"comment_status":"open","ping_status":"open","template":"bibliukaflar.php","meta":{"footnotes":""},"class_list":["post-21545","page","type-page","status-publish","hentry"],"_links":{"self":[{"href":"https:\/\/biblian.is\/videy\/wp-json\/wp\/v2\/pages\/21545","targetHints":{"allow":["GET"]}}],"collection":[{"href":"https:\/\/biblian.is\/videy\/wp-json\/wp\/v2\/pages"}],"about":[{"href":"https:\/\/biblian.is\/videy\/wp-json\/wp\/v2\/types\/page"}],"author":[{"embeddable":true,"href":"https:\/\/biblian.is\/videy\/wp-json\/wp\/v2\/users\/1"}],"replies":[{"embeddable":true,"href":"https:\/\/biblian.is\/videy\/wp-json\/wp\/v2\/comments?post=21545"}],"version-history":[{"count":0,"href":"https:\/\/biblian.is\/videy\/wp-json\/wp\/v2\/pages\/21545\/revisions"}],"wp:attachment":[{"href":"https:\/\/biblian.is\/videy\/wp-json\/wp\/v2\/media?parent=21545"}],"curies":[{"name":"wp","href":"https:\/\/api.w.org\/{rel}","templated":true}]}}