{"id":21532,"date":"2018-01-02T01:02:34","date_gmt":"2018-01-02T01:02:34","guid":{"rendered":"http:\/\/biblian.is\/videy\/jesaja-4-kafli\/"},"modified":"2018-01-02T01:02:34","modified_gmt":"2018-01-02T01:02:34","slug":"jesaja-4-kafli","status":"publish","type":"page","link":"https:\/\/biblian.is\/videy\/jesaja-4-kafli\/","title":{"rendered":"Jesaja 4. kafli"},"content":{"rendered":"<div class=\"fyrirsognVidey\">Framhald. Vi\u00f0r\u00e9tting \u00e1 hag Gy\u00f0ingal\u00fd\u00f0s.<\/div>\n<p><a name=\"1\"><span class=\"versanumer\">1<\/span><\/a>\u00de\u00e1 munu sj\u00f6 konur gr\u00edpa um einn mann, og segja: \u201ev\u00e9r skulum sj\u00e1lfar f\u00e6\u00f0a oss og kl\u00e6\u00f0a, l\u00e1t \u00fe\u00fa oss a\u00f0eins nefnast eftir \u00fe\u00ednu nafni, og afm\u00e1 vora vanvir\u00f0u\u201c.<br \/><a name=\"2\"><span class=\"versanumer\">2<\/span><\/a>\u00c1 \u00feeim sama degi mun kvistur Drottins pr\u00fd\u00f0ilegur og veglegur ver\u00f0a, og \u00e1v\u00f6xtur landsins h\u00e1r og fagur fyrir \u00fe\u00e1, sem frelsa\u00f0ir ver\u00f0a af \u00cdsraelsl\u00fd\u00f0.<a name=\"3\"><span class=\"versanumer\">3<\/span><\/a>S\u00e1 sem eftir ver\u00f0ur skilinn \u00e1 S\u00edonsfjalli, og s\u00e1 sem eftir ver\u00f0ur \u00ed Jer\u00fasalemsborg, s\u00e9rhv\u00f6r s\u00e1, sem innskrifa\u00f0ur er \u00ed t\u00f6lu enna lifendu \u00ed Jer\u00fasalemsborg, skal \u00fe\u00e1 kallast heilagur,<a name=\"4\"><span class=\"versanumer\">4<\/span><\/a>\u00feegar hinn alvaldi hefir af\u00fevegi\u00f0 \u00f3hreinindi S\u00edonsborgard\u00e6tra, og burthreinsa\u00f0 \u00fea\u00f0 bl\u00f3\u00f0, sem \u00ed Jer\u00fasalemsborg er, me\u00f0 s\u00ednu r\u00e9ttd\u00e6mi og me\u00f0 sinni vandl\u00e6tingu <span class='VideyAth'>a)<\/span>.<a name=\"5\"><span class=\"versanumer\">5<\/span><\/a>Og Drottinn mun l\u00e1ta \u00feykkt sk\u00fd sta\u00f0n\u00e6mast <span class='VideyAth'>b)<\/span> um daga yfir hv\u00f6rju bygg\u00f0u b\u00f3li \u00e1 S\u00edonsfjalli, og yfir hv\u00f6rri samkomu, sem \u00fear ver\u00f0ur haldin, en lj\u00f3mandi eldsloga \u00e1 n\u00f3ttum; \u00fev\u00ed yfir \u00f6llu \u00fev\u00ed, sem d\u00fdr\u00f0legt er, skal sk\u00fdla vera.<a name=\"6\"><span class=\"versanumer\">6<\/span><\/a>Og laufsk\u00e1li skal vera til fors\u00e6lu fyrir hitanum \u00e1 daginn, og til h\u00e6lis og sk\u00fdlis fyrir steypiregnum og sk\u00farum.<\/p>\n<div class=\"footnoteVidey\">V. 4. a. Me\u00f0 s\u00ednu r\u00e9ttd\u00e6mi og me\u00f0 sinni vandl\u00e6tingu, \u00e1 hebr, \u201e\u00ed anda r\u00e9ttd\u00e6mis (d\u00f3ms) og \u00ed anda brennanda\u201c.  V. 5. b. Mun l\u00e1ta \u00feykkt sk\u00fd sta\u00f0n\u00e6mast, \u00e1 hebr: \u201emun skapa sk\u00fd og reyk\u201c.<\/div>\n","protected":false},"excerpt":{"rendered":"<p>Framhald. Vi\u00f0r\u00e9tting \u00e1 hag Gy\u00f0ingal\u00fd\u00f0s. 1\u00de\u00e1 munu sj\u00f6 konur gr\u00edpa um einn mann, og segja: \u201ev\u00e9r skulum sj\u00e1lfar f\u00e6\u00f0a oss og kl\u00e6\u00f0a, l\u00e1t \u00fe\u00fa oss a\u00f0eins nefnast eftir \u00fe\u00ednu nafni, og afm\u00e1 vora vanvir\u00f0u\u201c.2\u00c1 \u00feeim sama degi mun kvistur Drottins pr\u00fd\u00f0ilegur og veglegur ver\u00f0a, og \u00e1v\u00f6xtur landsins h\u00e1r og fagur fyrir \u00fe\u00e1, sem frelsa\u00f0ir ver\u00f0a af \u00cdsraelsl\u00fd\u00f0.3S\u00e1 sem eftir ver\u00f0ur skilinn \u00e1 S\u00edonsfjalli, og s\u00e1 sem eftir ver\u00f0ur \u00ed Jer\u00fasalemsborg, s\u00e9rhv\u00f6r s\u00e1, sem innskrifa\u00f0ur er \u00ed t\u00f6lu enna lifendu \u00ed Jer\u00fasalemsborg, skal \u00fe\u00e1 kallast heilagur,4\u00feegar hinn alvaldi hefir af\u00fevegi\u00f0 \u00f3hreinindi S\u00edonsborgard\u00e6tra, og burthreinsa\u00f0 \u00fea\u00f0 bl\u00f3\u00f0, sem \u00ed Jer\u00fasalemsborg er, me\u00f0 <a href=\"https:\/\/biblian.is\/videy\/jesaja-4-kafli\/\"> [&#8230;]<\/a><\/p>\n","protected":false},"author":1,"featured_media":0,"parent":0,"menu_order":0,"comment_status":"open","ping_status":"open","template":"bibliukaflar.php","meta":{"footnotes":""},"class_list":["post-21532","page","type-page","status-publish","hentry"],"_links":{"self":[{"href":"https:\/\/biblian.is\/videy\/wp-json\/wp\/v2\/pages\/21532","targetHints":{"allow":["GET"]}}],"collection":[{"href":"https:\/\/biblian.is\/videy\/wp-json\/wp\/v2\/pages"}],"about":[{"href":"https:\/\/biblian.is\/videy\/wp-json\/wp\/v2\/types\/page"}],"author":[{"embeddable":true,"href":"https:\/\/biblian.is\/videy\/wp-json\/wp\/v2\/users\/1"}],"replies":[{"embeddable":true,"href":"https:\/\/biblian.is\/videy\/wp-json\/wp\/v2\/comments?post=21532"}],"version-history":[{"count":0,"href":"https:\/\/biblian.is\/videy\/wp-json\/wp\/v2\/pages\/21532\/revisions"}],"wp:attachment":[{"href":"https:\/\/biblian.is\/videy\/wp-json\/wp\/v2\/media?parent=21532"}],"curies":[{"name":"wp","href":"https:\/\/api.w.org\/{rel}","templated":true}]}}