{"id":21528,"date":"2018-01-02T01:02:27","date_gmt":"2018-01-02T01:02:27","guid":{"rendered":"http:\/\/biblian.is\/videy\/ljodaljodin-8-kafli\/"},"modified":"2018-01-02T01:02:27","modified_gmt":"2018-01-02T01:02:27","slug":"ljodaljodin-8-kafli","status":"publish","type":"page","link":"https:\/\/biblian.is\/videy\/ljodaljodin-8-kafli\/","title":{"rendered":"Lj\u00f3\u00f0alj\u00f3\u00f0in 8. kafli"},"content":{"rendered":"<div class=\"fyrirsognVidey\">Seinasta samtal br\u00fa\u00f0hj\u00f3nanna.<\/div>\n<p><a name=\"1\"><span class=\"versanumer\">1<\/span><\/a>\u00d3! a\u00f0 \u00fe\u00fa v\u00e6rir br\u00f3\u00f0ir minn, sem hef\u00f0ir sogi\u00f0 brj\u00f3st m\u00f3\u00f0ur minnar! hitti eg \u00feig, \u00fe\u00f3 \u00fea\u00f0 v\u00e6ri \u00fati, svo mundi eg kyssa \u00feig, og menn mundu ekki h\u00e6\u00f0a mig.<a name=\"2\"><span class=\"versanumer\">2<\/span><\/a>Eg vil lei\u00f0a \u00feig, fara me\u00f0 \u00feig \u00ed h\u00fas m\u00f3\u00f0ur minnar; \u00fe\u00fa skalt kenna m\u00e9r; eg vil gefa \u00fe\u00e9r a\u00f0 drekka krydda\u00f0 v\u00edn, kjarneplal\u00f6g <span class='VideyAth'>(must)<\/span>.<a name=\"3\"><span class=\"versanumer\">3<\/span><\/a>Hans vinstri h\u00f6nd undir h\u00f6f\u00f0inu \u00e1 m\u00e9r, og hans hin h\u00e6gri umfa\u00f0mar mig!\u201c<br \/><a name=\"4\"><span class=\"versanumer\">4<\/span><\/a>Eg s\u00e6ri y\u00f0ur, Jer\u00fasalemsd\u00e6tur! veki\u00f0 ekki, veki\u00f0 ekki unnustuna, fyrr en henni \u00fe\u00f3knast! <br \/><a name=\"5\"><span class=\"versanumer\">5<\/span><\/a>Hv\u00f6r er s\u00fa, sem kemur fr\u00e1 ey\u00f0im\u00f6rkinni og sty\u00f0st vi\u00f0 sinn vin? \u201eUndir eplatr\u00e9nu <span class='VideyAth'>(apaldinum)<\/span> vakti eg \u00feig, \u00fear \u00f3l \u00feig m\u00f3\u00f0ir \u00fe\u00edn, \u00fear einmitt f\u00e6ddi \u00feig s\u00fa sem f\u00e6ddi \u00feig.<a name=\"6\"><span class=\"versanumer\">6<\/span><\/a>Haltu m\u00e9r sem innsigli vi\u00f0 \u00feitt hjarta, sem innsigli vi\u00f0 \u00feinn arm! \u00fev\u00ed elskan er eins sterk og dau\u00f0inn, og hennar vandl\u00e6ti, fastheldi\u00f0 sem helja; \u00feess gl\u00f3\u00f0 er eldsgl\u00f3\u00f0, Gu\u00f0s logi.<a name=\"7\"><span class=\"versanumer\">7<\/span><\/a>Miki\u00f0 vatn getur ei sl\u00f6kkt elskuna, og straumar flytja hana ekki burt. G\u00e6fi einhv\u00f6r allan au\u00f0 s\u00edns h\u00fass fyrir elskuna, mundu menn h\u00e6\u00f0a hann. <br \/><a name=\"8\"><span class=\"versanumer\">8<\/span><\/a>Systir eigum vi\u00f0, enn \u00fe\u00e1 litla, brj\u00f3stalausa. Hv\u00f6rnig eigum vi\u00f0 a\u00f0 fara me\u00f0 vora systir, \u00fe\u00e1 menn bi\u00f0ja hennar?<a name=\"9\"><span class=\"versanumer\">9<\/span><\/a>S\u00e9 h\u00fan m\u00farveggur, byggjum vi\u00f0 \u00e1 henni silfurh\u00f6ll, en s\u00e9 h\u00fan dyr, geymum vi\u00f0 hana me\u00f0 hur\u00f0 \u00far sedrusvi\u00f0.<a name=\"10\"><span class=\"versanumer\">10<\/span><\/a>\u201eEg er m\u00farveggur og m\u00edn brj\u00f3st sem turnar; \u00fear fyrir var eg \u00ed hans augum, sem s\u00fa, er fri\u00f0inn finnur <span class='VideyAth'>a)<\/span>.\u201c<br \/><a name=\"11\"><span class=\"versanumer\">11<\/span><\/a>Sal\u00f3mon \u00e1tti v\u00edngar\u00f0 \u00ed Baal-Hamor. Hann f\u00e9kk v\u00edngar\u00f0inn v\u00f6kturunum; hv\u00f6r \u00feeirra skyldi koma me\u00f0 \u00fe\u00fasund sikla silfurs fyrir hans \u00e1vexti.<a name=\"12\"><span class=\"versanumer\">12<\/span><\/a>Minn v\u00edngar\u00f0ur er fyrir m\u00ednum augum! \u201eeig \u00fe\u00fa \u00fe\u00fasundirnar, Sal\u00f3mon, og eigi \u00feeir tv\u00f6 hundru\u00f0 vaktarar hans \u00e1v\u00f6xt.\u201c<br \/><a name=\"13\"><span class=\"versanumer\">13<\/span><\/a>\u00de\u00fa sem b\u00fdr \u00ed alding\u00f6r\u00f0unum! vinir heyra \u00fe\u00edna raust; l\u00e1t mig og heyra hana!<a name=\"14\"><span class=\"versanumer\">14<\/span><\/a>\u201eFl\u00fd, minn vin! vertu l\u00edkur r\u00e1d\u00fdri e\u00f0ur hindark\u00e1lfi \u00e1 Balsamsfj\u00f6llunum.\u201c<\/p>\n<div class=\"footnoteVidey\">V. 10. a. \u00fe. e. \u00fev\u00ed leist unnustanum \u00e1 mig.<\/div>\n","protected":false},"excerpt":{"rendered":"<p>Seinasta samtal br\u00fa\u00f0hj\u00f3nanna. 1\u00d3! a\u00f0 \u00fe\u00fa v\u00e6rir br\u00f3\u00f0ir minn, sem hef\u00f0ir sogi\u00f0 brj\u00f3st m\u00f3\u00f0ur minnar! hitti eg \u00feig, \u00fe\u00f3 \u00fea\u00f0 v\u00e6ri \u00fati, svo mundi eg kyssa \u00feig, og menn mundu ekki h\u00e6\u00f0a mig.2Eg vil lei\u00f0a \u00feig, fara me\u00f0 \u00feig \u00ed h\u00fas m\u00f3\u00f0ur minnar; \u00fe\u00fa skalt kenna m\u00e9r; eg vil gefa \u00fe\u00e9r a\u00f0 drekka krydda\u00f0 v\u00edn, kjarneplal\u00f6g (must).3Hans vinstri h\u00f6nd undir h\u00f6f\u00f0inu \u00e1 m\u00e9r, og hans hin h\u00e6gri umfa\u00f0mar mig!\u201c4Eg s\u00e6ri y\u00f0ur, Jer\u00fasalemsd\u00e6tur! veki\u00f0 ekki, veki\u00f0 ekki unnustuna, fyrr en henni \u00fe\u00f3knast! 5Hv\u00f6r er s\u00fa, sem kemur fr\u00e1 ey\u00f0im\u00f6rkinni og sty\u00f0st vi\u00f0 sinn vin? \u201eUndir eplatr\u00e9nu (apaldinum) vakti eg \u00feig, \u00fear <a href=\"https:\/\/biblian.is\/videy\/ljodaljodin-8-kafli\/\"> [&#8230;]<\/a><\/p>\n","protected":false},"author":1,"featured_media":0,"parent":0,"menu_order":0,"comment_status":"open","ping_status":"open","template":"bibliukaflar.php","meta":{"footnotes":""},"class_list":["post-21528","page","type-page","status-publish","hentry"],"_links":{"self":[{"href":"https:\/\/biblian.is\/videy\/wp-json\/wp\/v2\/pages\/21528","targetHints":{"allow":["GET"]}}],"collection":[{"href":"https:\/\/biblian.is\/videy\/wp-json\/wp\/v2\/pages"}],"about":[{"href":"https:\/\/biblian.is\/videy\/wp-json\/wp\/v2\/types\/page"}],"author":[{"embeddable":true,"href":"https:\/\/biblian.is\/videy\/wp-json\/wp\/v2\/users\/1"}],"replies":[{"embeddable":true,"href":"https:\/\/biblian.is\/videy\/wp-json\/wp\/v2\/comments?post=21528"}],"version-history":[{"count":0,"href":"https:\/\/biblian.is\/videy\/wp-json\/wp\/v2\/pages\/21528\/revisions"}],"wp:attachment":[{"href":"https:\/\/biblian.is\/videy\/wp-json\/wp\/v2\/media?parent=21528"}],"curies":[{"name":"wp","href":"https:\/\/api.w.org\/{rel}","templated":true}]}}