{"id":21526,"date":"2018-01-02T01:02:27","date_gmt":"2018-01-02T01:02:27","guid":{"rendered":"http:\/\/biblian.is\/videy\/ljodaljodin-6-kafli\/"},"modified":"2018-01-02T01:02:27","modified_gmt":"2018-01-02T01:02:27","slug":"ljodaljodin-6-kafli","status":"publish","type":"page","link":"https:\/\/biblian.is\/videy\/ljodaljodin-6-kafli\/","title":{"rendered":"Lj\u00f3\u00f0alj\u00f3\u00f0in 6. kafli"},"content":{"rendered":"<div class=\"fyrirsognVidey\">Hr\u00f3s unnustunnar. \u00deau sem elskast kve\u00f0ast \u00e1.<\/div>\n<p><a name=\"1\"><span class=\"versanumer\">1<\/span><\/a>\u201eHv\u00f6rt gekk vinur \u00feinn, \u00fe\u00fa fr\u00ed\u00f0asta me\u00f0al kvenna, hv\u00f6rt mun hann hafa fari\u00f0? v\u00e9r skulum leita hans me\u00f0 \u00fe\u00e9r!\u201c<a name=\"2\"><span class=\"versanumer\">2<\/span><\/a>Minn vin gekk \u00ed sinn aldingar\u00f0, a\u00f0 bl\u00f3msturbe\u00f0unum, til a\u00f0 skemmta s\u00e9r \u00ed gar\u00f0inum, og til a\u00f0 plokka liljur.<a name=\"3\"><span class=\"versanumer\">3<\/span><\/a>Minn vinur er minn, og eg em hans; hann skemmtir s\u00e9r hj\u00e1 liljunum.<br \/><a name=\"4\"><span class=\"versanumer\">4<\/span><\/a>F\u00f6gur ertu, vinkona! eins og Tirsa <span class='VideyAth'>a)<\/span> lystileg eins og Jer\u00fasalem; en \u00f3ttaleg sem herflokkar.<a name=\"5\"><span class=\"versanumer\">5<\/span><\/a>Sn\u00fa fr\u00e1 m\u00e9r \u00fe\u00ednum augum, \u00fev\u00ed \u00feau hr\u00e6\u00f0a mig! \u00deitt h\u00e1r er eins og hj\u00f6r\u00f0 geita, sem liggja \u00e1 fjallinu Gilea\u00f0.<a name=\"6\"><span class=\"versanumer\">6<\/span><\/a>\u00de\u00ednar tennur sem sau\u00f0ahj\u00f6r\u00f0, er kemur af sundi, allar m\u00e6\u00f0urnar tv\u00edlembdar, og engin me\u00f0al \u00feeirra lamblaus.<a name=\"7\"><span class=\"versanumer\">7<\/span><\/a>\u00de\u00ednir vangar, bak vi\u00f0 sk\u00fdluna, eins og helftin af kjarnepli.<a name=\"8\"><span class=\"versanumer\">8<\/span><\/a>Sext\u00edu eru drottningarnar og \u00e1ttat\u00edu frillurnar, og st\u00falkurnar \u00f3teljandi;<a name=\"9\"><span class=\"versanumer\">9<\/span><\/a>en ein er m\u00edn d\u00fafa, m\u00edn \u00e1g\u00e6ta; h\u00fan er einbirni m\u00f3\u00f0ur sinnar, s\u00fa \u00fatvalda, \u00feeirrar sem hana \u00f3l, hana sj\u00e1 d\u00e6turnar og pr\u00edsa hana s\u00e6la; drottningarnar og frillurnar, og vegsama hana.<a name=\"10\"><span class=\"versanumer\">10<\/span><\/a>Hv\u00f6r er s\u00fa sem kemur, sk\u00ednandi, sem morgunro\u00f0i, f\u00f6gur eins og tungli\u00f0, sk\u00e6r sem s\u00f3lin, og \u00f3ttaleg sem herflokkar.<a name=\"11\"><span class=\"versanumer\">11<\/span><\/a>\u201eEg gekk ni\u00f0ur \u00ed nytagar\u00f0inn, a\u00f0 sj\u00e1 gr\u00e6nkuna \u00ed dalnum, til a\u00f0 vita hv\u00f6rt v\u00ednvi\u00f0argreinirnar v\u00e6ru farnar a\u00f0 springa \u00fat, hv\u00f6rt kjarneplin farin a\u00f0 bl\u00f3mgast.<a name=\"12\"><span class=\"versanumer\">12<\/span><\/a>M\u00edn s\u00e1l vissi ekki <span class='VideyAth'>(fyrr en)<\/span> hann setti mig \u00e1 vagna m\u00edns g\u00f3\u00f0vildarfulla f\u00f3lks.\u201c<a name=\"13\"><span class=\"versanumer\">13<\/span><\/a>Sn\u00fa \u00fe\u00e9r vi\u00f0, sn\u00fa \u00fe\u00e9r vi\u00f0, Sulamit! sn\u00fa \u00fe\u00e9r vi\u00f0, sn\u00fa \u00fe\u00e9r vi\u00f0, svo v\u00e9r sj\u00e1um \u00feig! \u201eHva\u00f0 vilji\u00f0 \u00fe\u00e9r sj\u00e1 \u00e1 Sulam\u00edt?\u201c l\u00edk er h\u00fan r\u00f6\u00f0um englaskaranna <span class='VideyAth'>b)<\/span>.<\/p>\n<div class=\"footnoteVidey\">V. 4. a. Borg \u00ed Gy\u00f0ingalandi.  V. 13. b. L\u00edk er h\u00fan etc, a\u00f0r: h\u00fan er sem dans \u00ed Mahanaim, og a\u00f0r: \u00f6\u00f0ruv\u00edsi.<\/div>\n","protected":false},"excerpt":{"rendered":"<p>Hr\u00f3s unnustunnar. \u00deau sem elskast kve\u00f0ast \u00e1. 1\u201eHv\u00f6rt gekk vinur \u00feinn, \u00fe\u00fa fr\u00ed\u00f0asta me\u00f0al kvenna, hv\u00f6rt mun hann hafa fari\u00f0? v\u00e9r skulum leita hans me\u00f0 \u00fe\u00e9r!\u201c2Minn vin gekk \u00ed sinn aldingar\u00f0, a\u00f0 bl\u00f3msturbe\u00f0unum, til a\u00f0 skemmta s\u00e9r \u00ed gar\u00f0inum, og til a\u00f0 plokka liljur.3Minn vinur er minn, og eg em hans; hann skemmtir s\u00e9r hj\u00e1 liljunum.4F\u00f6gur ertu, vinkona! eins og Tirsa a) lystileg eins og Jer\u00fasalem; en \u00f3ttaleg sem herflokkar.5Sn\u00fa fr\u00e1 m\u00e9r \u00fe\u00ednum augum, \u00fev\u00ed \u00feau hr\u00e6\u00f0a mig! \u00deitt h\u00e1r er eins og hj\u00f6r\u00f0 geita, sem liggja \u00e1 fjallinu Gilea\u00f0.6\u00de\u00ednar tennur sem sau\u00f0ahj\u00f6r\u00f0, er kemur af sundi, allar m\u00e6\u00f0urnar tv\u00edlembdar, <a href=\"https:\/\/biblian.is\/videy\/ljodaljodin-6-kafli\/\"> [&#8230;]<\/a><\/p>\n","protected":false},"author":1,"featured_media":0,"parent":0,"menu_order":0,"comment_status":"open","ping_status":"open","template":"bibliukaflar.php","meta":{"footnotes":""},"class_list":["post-21526","page","type-page","status-publish","hentry"],"_links":{"self":[{"href":"https:\/\/biblian.is\/videy\/wp-json\/wp\/v2\/pages\/21526","targetHints":{"allow":["GET"]}}],"collection":[{"href":"https:\/\/biblian.is\/videy\/wp-json\/wp\/v2\/pages"}],"about":[{"href":"https:\/\/biblian.is\/videy\/wp-json\/wp\/v2\/types\/page"}],"author":[{"embeddable":true,"href":"https:\/\/biblian.is\/videy\/wp-json\/wp\/v2\/users\/1"}],"replies":[{"embeddable":true,"href":"https:\/\/biblian.is\/videy\/wp-json\/wp\/v2\/comments?post=21526"}],"version-history":[{"count":0,"href":"https:\/\/biblian.is\/videy\/wp-json\/wp\/v2\/pages\/21526\/revisions"}],"wp:attachment":[{"href":"https:\/\/biblian.is\/videy\/wp-json\/wp\/v2\/media?parent=21526"}],"curies":[{"name":"wp","href":"https:\/\/api.w.org\/{rel}","templated":true}]}}