{"id":21525,"date":"2018-01-02T01:02:27","date_gmt":"2018-01-02T01:02:27","guid":{"rendered":"http:\/\/biblian.is\/videy\/ljodaljodin-5-kafli\/"},"modified":"2018-01-02T01:02:27","modified_gmt":"2018-01-02T01:02:27","slug":"ljodaljodin-5-kafli","status":"publish","type":"page","link":"https:\/\/biblian.is\/videy\/ljodaljodin-5-kafli\/","title":{"rendered":"Lj\u00f3\u00f0alj\u00f3\u00f0in 5. kafli"},"content":{"rendered":"<div class=\"fyrirsognVidey\">Unnustan leitar \u00e1 n\u00e1ttar\u00feeli a\u00f0 s\u00ednum elskuga.<\/div>\n<p><a name=\"1\"><span class=\"versanumer\">1<\/span><\/a>Eg kem \u00ed minn aldingar\u00f0, m\u00edn systir, <span class='VideyAth'>(m\u00edn)<\/span> br\u00fa\u00f0ur! eg plokka m\u00edna myrru og m\u00edna balsamsjurt; et mitt hunang, samt v\u00ednberjasaft, drekk mitt v\u00edn \u00e1samt me\u00f0 minni mj\u00f3lk. \u201eEti\u00f0, vinir, drekki\u00f0, ver\u00f0i\u00f0 drukknir, elskanlegir!\u201c<br \/><a name=\"2\"><span class=\"versanumer\">2<\/span><\/a>Eg svaf, en mitt hjarta vakti. \u00dea\u00f0 er m\u00e1lr\u00f3mur m\u00edns vinar, sem ber a\u00f0 dyrum! \u201elj\u00fak upp fyrir m\u00e9r, m\u00edn systir, m\u00edn vinkona, m\u00edn d\u00fafa, m\u00edn allrabesta! \u00fev\u00ed mitt h\u00f6fu\u00f0 er fullt af d\u00f6gg, m\u00ednir lokkar fullir af n\u00e6turinnar dropum\u201c.<a name=\"3\"><span class=\"versanumer\">3<\/span><\/a>Eg er kominn \u00far fatinu, hv\u00f6rnig get eg fari\u00f0 \u00ed \u00fea\u00f0 aftur? eg er b\u00fainn a\u00f0 \u00fevo m\u00e9r um f\u00e6turnar, hv\u00f6rnig \u00e1 eg a\u00f0 gj\u00f6ra \u00fe\u00e1 \u00f3hreina aftur?<a name=\"4\"><span class=\"versanumer\">4<\/span><\/a>Minn vinur r\u00e9tti h\u00f6ndina inn um gluggann, og mitt hjarta \u00f3lga\u00f0i honum \u00e1 m\u00f3ti.<a name=\"5\"><span class=\"versanumer\">5<\/span><\/a>Eg f\u00f3r \u00e1 f\u00e6tur til a\u00f0 lj\u00faka upp fyrir m\u00ednum vin, og m\u00ednar hendur drupu, af myrru, og m\u00ednir fingur, af flj\u00f3tandi myrru, \u00e1 handfang lokunnar.<a name=\"6\"><span class=\"versanumer\">6<\/span><\/a>Eg lauk upp fyrir m\u00ednum vin; en minn vinur var genginn burt, farinn. Eg var utan vi\u00f0 mig, \u00feegar hann tala\u00f0i vi\u00f0 mig! eg leita\u00f0i hans, en fann hann ekki, eg kalla\u00f0i \u00e1 hann, en hann ansa\u00f0i m\u00e9r ekki.<a name=\"7\"><span class=\"versanumer\">7<\/span><\/a>Vaktararnir hittu mig, sem ganga um sta\u00f0inn; \u00feeir b\u00f6r\u00f0u mig, s\u00e6r\u00f0u mig; vaktarar m\u00faranna t\u00f3ku af m\u00e9r minn m\u00f6ttul.<a name=\"8\"><span class=\"versanumer\">8<\/span><\/a>Eg s\u00e6ri y\u00f0ur Jer\u00fasalems d\u00e6tur: ef \u00fei\u00f0 finni\u00f0 minn vin\u2014hva\u00f0 eigi\u00f0 \u00fei\u00f0 a\u00f0 segja honum? a\u00f0 eg s\u00e9 sj\u00fak af elsku!<a name=\"9\"><span class=\"versanumer\">9<\/span><\/a>\u201eHva\u00f0 hefir \u00feinn vin fram yfir a\u00f0rar vini, \u00fe\u00fa fr\u00ed\u00f0asta me\u00f0al kvenna? Hva\u00f0 hefir \u00feinn vin fram yfir a\u00f0ra vini, a\u00f0 \u00fe\u00fa s\u00e6rir oss svona?\u201c<a name=\"10\"><span class=\"versanumer\">10<\/span><\/a>Minn vin er hv\u00edtur og rau\u00f0ur, au\u00f0\u00feekktur me\u00f0al margra \u00fe\u00fasunda;<a name=\"11\"><span class=\"versanumer\">11<\/span><\/a>Hans h\u00f6fu\u00f0 <span class='VideyAth'>(sem)<\/span> besta gull, hans lokkar blaktandi p\u00e1lmvi\u00f0argreinir, svartir sem hrafn;<a name=\"12\"><span class=\"versanumer\">12<\/span><\/a>hans augu sem d\u00fafur \u00e1 vatnsb\u00f6kkum, \u00fevegnar \u00ed mj\u00f3lk, vel f\u00f3\u00f0ra\u00f0ar;<a name=\"13\"><span class=\"versanumer\">13<\/span><\/a>hans kinnar eru sem balsamsbe\u00f0, sem jurtad\u00faskur, hans varir sem liljur, drj\u00fapandi af flj\u00f3tandi myrru;<a name=\"14\"><span class=\"versanumer\">14<\/span><\/a>hans hendur sem gullhringir, settir Tarsissteinum, hans l\u00edkami sem gj\u00f6r\u00f0ur af f\u00edlabeini, saf\u00edr steinsettu;<a name=\"15\"><span class=\"versanumer\">15<\/span><\/a>hans f\u00f3tleggir sem marmarast\u00f3lpar, hv\u00edlandi \u00e1 gullf\u00f3tum; hans vaxtarlag sem L\u00edbanon, fr\u00e1brug\u00f0i\u00f0, sem sedrusvi\u00f0ur;<a name=\"16\"><span class=\"versanumer\">16<\/span><\/a>hans munnur s\u00e6tleiki, allt hans fas elskusemi; svona er minn unnusti, svona minn vin, \u00fe\u00e9r Jer\u00fasalemsd\u00e6tur!<\/p>\n<div class=\"footnoteVidey\">V. 12. Vel f\u00f3\u00f0ra\u00f0ar: eiginl: b\u00faandi \u00ed gn\u00e6g\u00f0.  V. 14. Tarsissteinar, e\u00f0alsteinar sem fluttust fr\u00e1 Tarsus \u00e1 Sp\u00e1ni. (Krisolit)?<\/div>\n","protected":false},"excerpt":{"rendered":"<p>Unnustan leitar \u00e1 n\u00e1ttar\u00feeli a\u00f0 s\u00ednum elskuga. 1Eg kem \u00ed minn aldingar\u00f0, m\u00edn systir, (m\u00edn) br\u00fa\u00f0ur! eg plokka m\u00edna myrru og m\u00edna balsamsjurt; et mitt hunang, samt v\u00ednberjasaft, drekk mitt v\u00edn \u00e1samt me\u00f0 minni mj\u00f3lk. \u201eEti\u00f0, vinir, drekki\u00f0, ver\u00f0i\u00f0 drukknir, elskanlegir!\u201c2Eg svaf, en mitt hjarta vakti. \u00dea\u00f0 er m\u00e1lr\u00f3mur m\u00edns vinar, sem ber a\u00f0 dyrum! \u201elj\u00fak upp fyrir m\u00e9r, m\u00edn systir, m\u00edn vinkona, m\u00edn d\u00fafa, m\u00edn allrabesta! \u00fev\u00ed mitt h\u00f6fu\u00f0 er fullt af d\u00f6gg, m\u00ednir lokkar fullir af n\u00e6turinnar dropum\u201c.3Eg er kominn \u00far fatinu, hv\u00f6rnig get eg fari\u00f0 \u00ed \u00fea\u00f0 aftur? eg er b\u00fainn a\u00f0 \u00fevo m\u00e9r um f\u00e6turnar, hv\u00f6rnig <a href=\"https:\/\/biblian.is\/videy\/ljodaljodin-5-kafli\/\"> [&#8230;]<\/a><\/p>\n","protected":false},"author":1,"featured_media":0,"parent":0,"menu_order":0,"comment_status":"open","ping_status":"open","template":"bibliukaflar.php","meta":{"footnotes":""},"class_list":["post-21525","page","type-page","status-publish","hentry"],"_links":{"self":[{"href":"https:\/\/biblian.is\/videy\/wp-json\/wp\/v2\/pages\/21525","targetHints":{"allow":["GET"]}}],"collection":[{"href":"https:\/\/biblian.is\/videy\/wp-json\/wp\/v2\/pages"}],"about":[{"href":"https:\/\/biblian.is\/videy\/wp-json\/wp\/v2\/types\/page"}],"author":[{"embeddable":true,"href":"https:\/\/biblian.is\/videy\/wp-json\/wp\/v2\/users\/1"}],"replies":[{"embeddable":true,"href":"https:\/\/biblian.is\/videy\/wp-json\/wp\/v2\/comments?post=21525"}],"version-history":[{"count":0,"href":"https:\/\/biblian.is\/videy\/wp-json\/wp\/v2\/pages\/21525\/revisions"}],"wp:attachment":[{"href":"https:\/\/biblian.is\/videy\/wp-json\/wp\/v2\/media?parent=21525"}],"curies":[{"name":"wp","href":"https:\/\/api.w.org\/{rel}","templated":true}]}}