{"id":21519,"date":"2018-01-02T01:02:27","date_gmt":"2018-01-02T01:02:27","guid":{"rendered":"http:\/\/biblian.is\/videy\/predikarinn-11-kafli\/"},"modified":"2018-01-02T01:02:27","modified_gmt":"2018-01-02T01:02:27","slug":"predikarinn-11-kafli","status":"publish","type":"page","link":"https:\/\/biblian.is\/videy\/predikarinn-11-kafli\/","title":{"rendered":"Pr\u00e9dikarinn 11. kafli"},"content":{"rendered":"<div class=\"fyrirsognVidey\">Gjafmildi. Dau\u00f0i \u00ed l\u00edfi. D\u00f3msdagur.<\/div>\n<p><a name=\"1\"><span class=\"versanumer\">1<\/span><\/a>L\u00e1ttu \u00feitt brau\u00f0 fara yfir hafi\u00f0, \u00fev\u00ed \u00fe\u00fa munt finna \u00fea\u00f0 aftur eftir marga daga.<a name=\"2\"><span class=\"versanumer\">2<\/span><\/a>Leg\u00f0u \u00fe\u00f3 afs\u00ed\u00f0is nokku\u00f0, sj\u00f6unda e\u00f0a \u00e1ttunda partinn; \u00fev\u00ed \u00fe\u00fa getur ekki vita\u00f0, hv\u00f6r \u00f3g\u00e6fa kann a\u00f0 koma yfir landi\u00f0.<a name=\"3\"><span class=\"versanumer\">3<\/span><\/a>\u00deegar sk\u00fdin eru full, gefa \u00feau regn yfir j\u00f6r\u00f0ina, og \u00feegar vi\u00f0areik dettur, hv\u00f6rt sem \u00fea\u00f0 er til su\u00f0urs e\u00f0a nor\u00f0urs, \u00ed hv\u00f6rja \u00e1tt sem h\u00fan dettur, \u00fear liggur h\u00fan.<a name=\"4\"><span class=\"versanumer\">4<\/span><\/a>S\u00e1 sem g\u00e1ir a\u00f0 ve\u00f0rinu, s\u00e1ir ekki; og hv\u00f6r sem g\u00e1ir a\u00f0 sk\u00fdjunum, uppsker ekki.<a name=\"5\"><span class=\"versanumer\">5<\/span><\/a>Eins og \u00fe\u00fa veist ekki vindsins veg, e\u00f0a hv\u00f6rnig beinin <span class='VideyAth'>(myndast)<\/span> \u00ed m\u00f3\u00f0url\u00edfi, svo getur \u00fe\u00fa ei \u00feekkt Gu\u00f0s verk, hans sem gj\u00f6rir alltsaman.<a name=\"6\"><span class=\"versanumer\">6<\/span><\/a>S\u00e1\u00f0u s\u00e6\u00f0i \u00fe\u00ednu snemma, og l\u00e1t ei h\u00f6nd \u00fe\u00edna heldur hv\u00edlast \u00e1 kv\u00f6ldin, \u00fev\u00ed \u00fe\u00fa veist ei hv\u00f6rt \u00feetta e\u00f0ur hitt ver\u00f0ur \u00fea\u00f0 r\u00e9tta, en \u00feegar hv\u00f6rttveggja sameinast, \u00fe\u00e1 mun \u00fea\u00f0 vel fara.<a name=\"7\"><span class=\"versanumer\">7<\/span><\/a>Ind\u00e6lt er lj\u00f3si\u00f0, og augunum er una\u00f0semd a\u00f0 sj\u00e1 s\u00f3lina.<a name=\"8\"><span class=\"versanumer\">8<\/span><\/a>\u00de\u00f3 a\u00f0 ma\u00f0urinn lifi m\u00f6rg \u00e1r, veri hann samt gla\u00f0ur \u00f6ll \u00feessi \u00e1r; og muni til \u00feeirra dimmu daga, a\u00f0 \u00feeir muni ver\u00f0a margir; allt \u00fea\u00f0 sem \u00f3komi\u00f0 er, \u00fea\u00f0 er h\u00e9g\u00f3mi.<a name=\"9\"><span class=\"versanumer\">9<\/span><\/a>Gle\u00f0 \u00feig \u00fe\u00e1, ungi ma\u00f0ur! \u00ed \u00feinni \u00e6sku og l\u00e1t \u00feitt hjarta vera hresst \u00e1 d\u00f6gum \u00feinnar \u00e6sku, gakk \u00fe\u00fa \u00e1 vegum \u00fe\u00edns hjarta, og eftir sj\u00f3n \u00feinna augna; en vita skaltu samt a\u00f0 Gu\u00f0 mun kalla \u00feig til d\u00f3ms fyrir allt \u00feetta.<a name=\"10\"><span class=\"versanumer\">10<\/span><\/a>Svo rek \u00fe\u00e1 sorgina fr\u00e1 \u00fe\u00ednu hjarta og verkina fr\u00e1 \u00fe\u00ednu holdi! \u00fev\u00ed \u00e6ska og morgunro\u00f0i er l\u00edka h\u00e9g\u00f3mi.<\/p>\n<div class=\"footnoteVidey\"><\/div>\n","protected":false},"excerpt":{"rendered":"<p>Gjafmildi. Dau\u00f0i \u00ed l\u00edfi. D\u00f3msdagur. 1L\u00e1ttu \u00feitt brau\u00f0 fara yfir hafi\u00f0, \u00fev\u00ed \u00fe\u00fa munt finna \u00fea\u00f0 aftur eftir marga daga.2Leg\u00f0u \u00fe\u00f3 afs\u00ed\u00f0is nokku\u00f0, sj\u00f6unda e\u00f0a \u00e1ttunda partinn; \u00fev\u00ed \u00fe\u00fa getur ekki vita\u00f0, hv\u00f6r \u00f3g\u00e6fa kann a\u00f0 koma yfir landi\u00f0.3\u00deegar sk\u00fdin eru full, gefa \u00feau regn yfir j\u00f6r\u00f0ina, og \u00feegar vi\u00f0areik dettur, hv\u00f6rt sem \u00fea\u00f0 er til su\u00f0urs e\u00f0a nor\u00f0urs, \u00ed hv\u00f6rja \u00e1tt sem h\u00fan dettur, \u00fear liggur h\u00fan.4S\u00e1 sem g\u00e1ir a\u00f0 ve\u00f0rinu, s\u00e1ir ekki; og hv\u00f6r sem g\u00e1ir a\u00f0 sk\u00fdjunum, uppsker ekki.5Eins og \u00fe\u00fa veist ekki vindsins veg, e\u00f0a hv\u00f6rnig beinin (myndast) \u00ed m\u00f3\u00f0url\u00edfi, svo getur \u00fe\u00fa ei \u00feekkt Gu\u00f0s <a href=\"https:\/\/biblian.is\/videy\/predikarinn-11-kafli\/\"> [&#8230;]<\/a><\/p>\n","protected":false},"author":1,"featured_media":0,"parent":0,"menu_order":0,"comment_status":"open","ping_status":"open","template":"bibliukaflar.php","meta":{"footnotes":""},"class_list":["post-21519","page","type-page","status-publish","hentry"],"_links":{"self":[{"href":"https:\/\/biblian.is\/videy\/wp-json\/wp\/v2\/pages\/21519","targetHints":{"allow":["GET"]}}],"collection":[{"href":"https:\/\/biblian.is\/videy\/wp-json\/wp\/v2\/pages"}],"about":[{"href":"https:\/\/biblian.is\/videy\/wp-json\/wp\/v2\/types\/page"}],"author":[{"embeddable":true,"href":"https:\/\/biblian.is\/videy\/wp-json\/wp\/v2\/users\/1"}],"replies":[{"embeddable":true,"href":"https:\/\/biblian.is\/videy\/wp-json\/wp\/v2\/comments?post=21519"}],"version-history":[{"count":0,"href":"https:\/\/biblian.is\/videy\/wp-json\/wp\/v2\/pages\/21519\/revisions"}],"wp:attachment":[{"href":"https:\/\/biblian.is\/videy\/wp-json\/wp\/v2\/media?parent=21519"}],"curies":[{"name":"wp","href":"https:\/\/api.w.org\/{rel}","templated":true}]}}