{"id":21512,"date":"2018-01-02T01:02:27","date_gmt":"2018-01-02T01:02:27","guid":{"rendered":"http:\/\/biblian.is\/videy\/predikarinn-4-kafli\/"},"modified":"2018-01-02T01:02:27","modified_gmt":"2018-01-02T01:02:27","slug":"predikarinn-4-kafli","status":"publish","type":"page","link":"https:\/\/biblian.is\/videy\/predikarinn-4-kafli\/","title":{"rendered":"Pr\u00e9dikarinn 4. kafli"},"content":{"rendered":"<div class=\"fyrirsognVidey\">Undirokun me\u00f0 \u00fdmsu m\u00f3ti eykur l\u00edfsins arm\u00e6\u00f0u. V\u00edsd\u00f3msins hr\u00f3s.<\/div>\n<p><a name=\"1\"><span class=\"versanumer\">1<\/span><\/a>Og \u00ed annan sta\u00f0 s\u00e1 eg alla \u00fe\u00e1 undirokun, sem vi\u00f0gengst <span class='VideyAth'>(ske\u00f0ur)<\/span> undir s\u00f3lunni; og sj\u00e1! \u00fear var gr\u00e1tur \u00feeirra undir\u00ferykktu, og enginn hugga\u00f0i \u00fe\u00e1; og ofbeldi af hendi \u00feeirra sem undir\u00ferykktu \u00fe\u00e1, og enginn sem hugga\u00f0i \u00fe\u00e1.<a name=\"2\"><span class=\"versanumer\">2<\/span><\/a>\u00de\u00e1 kalla\u00f0i eg \u00fe\u00e1 s\u00e6la sem fyrir l\u00f6ngu voru dau\u00f0ir, framar en \u00fe\u00e1 lifandi, sem enn voru \u00e1 l\u00edfi.<a name=\"3\"><span class=\"versanumer\">3<\/span><\/a>En s\u00e6lli heldur en \u00feessir hv\u00f6rutveggju er s\u00e1, sem enn er ei til or\u00f0inn, sem ekki hefir s\u00e9\u00f0 \u00feau vondu verk sem vi\u00f0gangast undir s\u00f3lunni.<a name=\"4\"><span class=\"versanumer\">4<\/span><\/a>Framvegis sko\u00f0a\u00f0i eg allt erfi\u00f0i og alla \u00e1reynslu vi\u00f0 \u00fev\u00ed sem gj\u00f6rt er; a\u00f0 s\u00e1 eini ma\u00f0ur \u00f6fundar hinn annan, \u00feetta er og svo h\u00e9g\u00f3mi og skapraun.<a name=\"5\"><span class=\"versanumer\">5<\/span><\/a>D\u00e1rinn leggur hendur \u00ed skaut, og etur sitt eigi\u00f0 hold, <span class='VideyAth'>(pl\u00e1gar sj\u00e1lfan sig)<\/span>.<a name=\"6\"><span class=\"versanumer\">6<\/span><\/a>Einn handfyllir me\u00f0 r\u00f3 er betri en b\u00e1\u00f0ar h\u00f6ndur fullar, me\u00f0 m\u00e6\u00f0u og skapraun.<a name=\"7\"><span class=\"versanumer\">7<\/span><\/a>Og aftur s\u00e1 eg h\u00e9g\u00f3ma undir s\u00f3lunni.<a name=\"8\"><span class=\"versanumer\">8<\/span><\/a>\u00dear var ma\u00f0ur einsamall, og ekki annar me\u00f0, hann \u00e1tti hv\u00f6rki son n\u00e9 br\u00f3\u00f0ur, og \u00fe\u00f3 er enginn endi \u00e1 hans erfi\u00f0i, og hans augu mettast aldrei af au\u00f0leg\u00f0, og <span class='VideyAth'>(\u00fe\u00f3 segir hann ekki)<\/span> fyrir hv\u00f6rn erfi\u00f0a eg og synja minni s\u00e1lu um \u00fea\u00f0 g\u00f3\u00f0a?<a name=\"9\"><span class=\"versanumer\">9<\/span><\/a>Betri er tveir en einn, \u00feeir hafa g\u00f3\u00f0 laun fyrir sitt erfi\u00f0i.<a name=\"10\"><span class=\"versanumer\">10<\/span><\/a>Falli annar \u00feeirra, getur hinn reist \u00e1 f\u00e6tur sinn stallbr\u00f3\u00f0ur; s\u00e1 er illa farinn sem er einn; ef hann dettur, \u00fe\u00e1 er enginn annar til a\u00f0 reisa hann \u00e1 f\u00e6tur.<a name=\"11\"><span class=\"versanumer\">11<\/span><\/a>Ennfremur \u00feegar tveir sofa saman, \u00fe\u00e1 hafa \u00feeir hita, en s\u00e1 sem er einn, hv\u00f6rnig getur honum hitna\u00f0?<a name=\"12\"><span class=\"versanumer\">12<\/span><\/a>Og gj\u00f6ri einhv\u00f6r \u00e1r\u00e1s, \u00fe\u00e1 geta tveir veitt m\u00f3tst\u00f6\u00f0u; \u00ferefaldur \u00fer\u00e1\u00f0ur slitnar ekki au\u00f0veldlega.<a name=\"13\"><span class=\"versanumer\">13<\/span><\/a>Betri er f\u00e1t\u00e6kur unglingur, sem er hygginn, heldur en konungur, enn \u00fe\u00f3tt gamall, sem er d\u00e1ri og jafnvel veit ekki a\u00f0 \u00feiggja r\u00e1\u00f0;<a name=\"14\"><span class=\"versanumer\">14<\/span><\/a>\u00fev\u00ed hann gekk \u00fat af fangelsi til a\u00f0 r\u00edkja, j\u00e1, \u00ed s\u00ednu k\u00f3ngsr\u00edki var hann f\u00e6ddur f\u00e1t\u00e6kur.<a name=\"15\"><span class=\"versanumer\">15<\/span><\/a>Og eg s\u00e1 alla \u00fe\u00e1 sem lif\u00f0u, sem gengu undir s\u00f3lunni, me\u00f0 \u00feeim unga, sem koma \u00e1tti \u00ed hins sta\u00f0.<a name=\"16\"><span class=\"versanumer\">16<\/span><\/a>Og \u00fe\u00e1 var enginn endir \u00e1 \u00fev\u00ed f\u00f3lki, \u00e1 \u00f6llum \u00feeim sem voru \u00e1 undan, ekki heldur \u00e1 \u00feeim sem komu \u00e1 eftir, og h\u00f6f\u00f0u samt ei af \u00fev\u00ed f\u00f6gnu\u00f0. Vissulega er \u00feetta og svo h\u00e9g\u00f3mi og skapraun.<\/p>\n<div class=\"footnoteVidey\"><\/div>\n","protected":false},"excerpt":{"rendered":"<p>Undirokun me\u00f0 \u00fdmsu m\u00f3ti eykur l\u00edfsins arm\u00e6\u00f0u. V\u00edsd\u00f3msins hr\u00f3s. 1Og \u00ed annan sta\u00f0 s\u00e1 eg alla \u00fe\u00e1 undirokun, sem vi\u00f0gengst (ske\u00f0ur) undir s\u00f3lunni; og sj\u00e1! \u00fear var gr\u00e1tur \u00feeirra undir\u00ferykktu, og enginn hugga\u00f0i \u00fe\u00e1; og ofbeldi af hendi \u00feeirra sem undir\u00ferykktu \u00fe\u00e1, og enginn sem hugga\u00f0i \u00fe\u00e1.2\u00de\u00e1 kalla\u00f0i eg \u00fe\u00e1 s\u00e6la sem fyrir l\u00f6ngu voru dau\u00f0ir, framar en \u00fe\u00e1 lifandi, sem enn voru \u00e1 l\u00edfi.3En s\u00e6lli heldur en \u00feessir hv\u00f6rutveggju er s\u00e1, sem enn er ei til or\u00f0inn, sem ekki hefir s\u00e9\u00f0 \u00feau vondu verk sem vi\u00f0gangast undir s\u00f3lunni.4Framvegis sko\u00f0a\u00f0i eg allt erfi\u00f0i og alla \u00e1reynslu vi\u00f0 \u00fev\u00ed sem gj\u00f6rt <a href=\"https:\/\/biblian.is\/videy\/predikarinn-4-kafli\/\"> [&#8230;]<\/a><\/p>\n","protected":false},"author":1,"featured_media":0,"parent":0,"menu_order":0,"comment_status":"open","ping_status":"open","template":"bibliukaflar.php","meta":{"footnotes":""},"class_list":["post-21512","page","type-page","status-publish","hentry"],"_links":{"self":[{"href":"https:\/\/biblian.is\/videy\/wp-json\/wp\/v2\/pages\/21512","targetHints":{"allow":["GET"]}}],"collection":[{"href":"https:\/\/biblian.is\/videy\/wp-json\/wp\/v2\/pages"}],"about":[{"href":"https:\/\/biblian.is\/videy\/wp-json\/wp\/v2\/types\/page"}],"author":[{"embeddable":true,"href":"https:\/\/biblian.is\/videy\/wp-json\/wp\/v2\/users\/1"}],"replies":[{"embeddable":true,"href":"https:\/\/biblian.is\/videy\/wp-json\/wp\/v2\/comments?post=21512"}],"version-history":[{"count":0,"href":"https:\/\/biblian.is\/videy\/wp-json\/wp\/v2\/pages\/21512\/revisions"}],"wp:attachment":[{"href":"https:\/\/biblian.is\/videy\/wp-json\/wp\/v2\/media?parent=21512"}],"curies":[{"name":"wp","href":"https:\/\/api.w.org\/{rel}","templated":true}]}}