{"id":21509,"date":"2018-01-02T01:02:20","date_gmt":"2018-01-02T01:02:20","guid":{"rendered":"http:\/\/biblian.is\/videy\/predikarinn-1-kafli\/"},"modified":"2018-01-02T01:02:20","modified_gmt":"2018-01-02T01:02:20","slug":"predikarinn-1-kafli","status":"publish","type":"page","link":"https:\/\/biblian.is\/videy\/predikarinn-1-kafli\/","title":{"rendered":"Pr\u00e9dikarinn 1. kafli"},"content":{"rendered":"<div class=\"fyrirsognVidey\">H\u00e9g\u00f3mi heimsins. Ekkert n\u00fdtt undir s\u00f3lunni. Pr\u00e9dikarans raunir \u00ed v\u00edsd\u00f3msins eftirgrennslan.<\/div>\n<p><a name=\"1\"><span class=\"versanumer\">1<\/span><\/a>Or\u00f0 Pr\u00e9dikarans, Dav\u00ed\u00f0ssonar, k\u00f3ngs \u00ed Jer\u00fasalem.<br \/><a name=\"2\"><span class=\"versanumer\">2<\/span><\/a>Mesti h\u00e9g\u00f3mi! segir pr\u00e9dikarinn, mesti h\u00e9g\u00f3mi! allt er h\u00e9g\u00f3mi.<a name=\"3\"><span class=\"versanumer\">3<\/span><\/a>Hva\u00f0a \u00e1bata hefir ma\u00f0urinn \u00e1 allri sinni fyrirh\u00f6fn, hvar me\u00f0 hann pl\u00e1gar sig undir s\u00f3lunni?<a name=\"4\"><span class=\"versanumer\">4<\/span><\/a>Einn \u00e6ttleggur fer, annar kemur; en j\u00f6r\u00f0in stendur eil\u00edflega.<a name=\"5\"><span class=\"versanumer\">5<\/span><\/a>Og s\u00f3lin rennur upp og gengur ni\u00f0ur, og hra\u00f0ar s\u00e9r til s\u00edns b\u00fasta\u00f0ar, rennur \u00fear upp aftur.<a name=\"6\"><span class=\"versanumer\">6<\/span><\/a>Vindurinn gengur til su\u00f0urs, og hleypur \u00ed kring til nor\u00f0urs, og til og fr\u00e1, og \u00ed s\u00ednum sn\u00faningum hverfur vindurinn til baka.<a name=\"7\"><span class=\"versanumer\">7<\/span><\/a>Allar \u00e1r renna \u00ed sj\u00f3inn, og \u00fe\u00f3 ver\u00f0ur sj\u00f3rinn aldrei fullur; \u00feanga\u00f0 sem \u00e1rnar renna, \u00feanga\u00f0 renna \u00fe\u00e6r alltaf.<a name=\"8\"><span class=\"versanumer\">8<\/span><\/a>Allir \u00feessir hlutir eru \u00fereytandi, enginn getur \u00fea\u00f0 \u00fatlagt. Auga\u00f0 mettast ei af a\u00f0 sj\u00e1, og eyra\u00f0 fyllist aldrei af a\u00f0 heyra.<br \/><a name=\"9\"><span class=\"versanumer\">9<\/span><\/a>Hva\u00f0 sem var, \u00fea\u00f0 mun aftur ver\u00f0a, hva\u00f0 sem hefir ske\u00f0, \u00fea\u00f0 mun ske aftur, svo a\u00f0 ekkert er n\u00fdtt undir s\u00f3lunni.<a name=\"10\"><span class=\"versanumer\">10<\/span><\/a>Sumt er til sem menn segja um: sj\u00e1, \u00fea\u00f0 er n\u00fdtt! en \u00fea\u00f0 hefir \u00fe\u00f3 veri\u00f0 til \u00ed gamla daga, \u00e1\u00f0ur en v\u00e9r vorum til.<a name=\"11\"><span class=\"versanumer\">11<\/span><\/a>Menn muna ei framar til hins umli\u00f0na, ei heldur muna \u00feeir, sem seinast lifa, \u00fea\u00f0 sem mun h\u00e9r eftir ske.<br \/><a name=\"12\"><span class=\"versanumer\">12<\/span><\/a>Eg pr\u00e9dikarinn, eg var k\u00f3ngur yfir \u00cdsrael \u00ed Jer\u00fasalem.<a name=\"13\"><span class=\"versanumer\">13<\/span><\/a>Eg lag\u00f0i allan hug \u00e1 a\u00f0 rannsaka og me\u00f0 v\u00edsd\u00f3mi a\u00f0 grennslast eftir \u00f6llu \u00fev\u00ed sem ske\u00f0ur undir himninum. \u00dea\u00f0 er \u00feung m\u00e6\u00f0a sem Gu\u00f0 hefir gefi\u00f0 mannanna b\u00f6rnum a\u00f0 s\u00fdsla vi\u00f0.<a name=\"14\"><span class=\"versanumer\">14<\/span><\/a>Eg s\u00e1 \u00f6ll \u00feau verk sem ske undir s\u00f3lunni, og sj\u00e1! \u00fea\u00f0 var allt h\u00e9g\u00f3mi og skapraunir.<a name=\"15\"><span class=\"versanumer\">15<\/span><\/a>\u00dea\u00f0 bogna getur ei or\u00f0i\u00f0 beint; og gallarnir ur\u00f0u ekki taldir.<a name=\"16\"><span class=\"versanumer\">16<\/span><\/a>Eg tala\u00f0i \u00ed m\u00ednu hjarta og sag\u00f0i: sj\u00e1! eg hefi vaxi\u00f0 og aukist a\u00f0 visku fram yfir alla \u00fe\u00e1 sem \u00e1 undan m\u00e9r voru \u00ed Jer\u00fasalem; og mitt hjarta hefir s\u00e9\u00f0 mikinn v\u00edsd\u00f3m og \u00feekkingu;<a name=\"17\"><span class=\"versanumer\">17<\/span><\/a>og \u00fe\u00e1 eg lag\u00f0i hug \u00e1 a\u00f0 skilja speki og v\u00edsindi, heimsku og vitleysu, var\u00f0 eg var vi\u00f0, a\u00f0 og svo \u00feetta er skapraun.<a name=\"18\"><span class=\"versanumer\">18<\/span><\/a>\u00dev\u00ed \u00fear sem mikil viska er, \u00fear er og mikil gremja, og s\u00e1 sem eykur s\u00edna \u00feekkingu, s\u00e1 eykur og s\u00ednar raunir.<\/p>\n<div class=\"footnoteVidey\">V. 2. Eiginl: h\u00e9g\u00f3mah\u00e9g\u00f3mi!<\/div>\n","protected":false},"excerpt":{"rendered":"<p>H\u00e9g\u00f3mi heimsins. Ekkert n\u00fdtt undir s\u00f3lunni. Pr\u00e9dikarans raunir \u00ed v\u00edsd\u00f3msins eftirgrennslan. 1Or\u00f0 Pr\u00e9dikarans, Dav\u00ed\u00f0ssonar, k\u00f3ngs \u00ed Jer\u00fasalem.2Mesti h\u00e9g\u00f3mi! segir pr\u00e9dikarinn, mesti h\u00e9g\u00f3mi! allt er h\u00e9g\u00f3mi.3Hva\u00f0a \u00e1bata hefir ma\u00f0urinn \u00e1 allri sinni fyrirh\u00f6fn, hvar me\u00f0 hann pl\u00e1gar sig undir s\u00f3lunni?4Einn \u00e6ttleggur fer, annar kemur; en j\u00f6r\u00f0in stendur eil\u00edflega.5Og s\u00f3lin rennur upp og gengur ni\u00f0ur, og hra\u00f0ar s\u00e9r til s\u00edns b\u00fasta\u00f0ar, rennur \u00fear upp aftur.6Vindurinn gengur til su\u00f0urs, og hleypur \u00ed kring til nor\u00f0urs, og til og fr\u00e1, og \u00ed s\u00ednum sn\u00faningum hverfur vindurinn til baka.7Allar \u00e1r renna \u00ed sj\u00f3inn, og \u00fe\u00f3 ver\u00f0ur sj\u00f3rinn aldrei fullur; \u00feanga\u00f0 sem \u00e1rnar renna, \u00feanga\u00f0 renna <a href=\"https:\/\/biblian.is\/videy\/predikarinn-1-kafli\/\"> [&#8230;]<\/a><\/p>\n","protected":false},"author":1,"featured_media":0,"parent":0,"menu_order":0,"comment_status":"open","ping_status":"open","template":"bibliukaflar.php","meta":{"footnotes":""},"class_list":["post-21509","page","type-page","status-publish","hentry"],"_links":{"self":[{"href":"https:\/\/biblian.is\/videy\/wp-json\/wp\/v2\/pages\/21509","targetHints":{"allow":["GET"]}}],"collection":[{"href":"https:\/\/biblian.is\/videy\/wp-json\/wp\/v2\/pages"}],"about":[{"href":"https:\/\/biblian.is\/videy\/wp-json\/wp\/v2\/types\/page"}],"author":[{"embeddable":true,"href":"https:\/\/biblian.is\/videy\/wp-json\/wp\/v2\/users\/1"}],"replies":[{"embeddable":true,"href":"https:\/\/biblian.is\/videy\/wp-json\/wp\/v2\/comments?post=21509"}],"version-history":[{"count":0,"href":"https:\/\/biblian.is\/videy\/wp-json\/wp\/v2\/pages\/21509\/revisions"}],"wp:attachment":[{"href":"https:\/\/biblian.is\/videy\/wp-json\/wp\/v2\/media?parent=21509"}],"curies":[{"name":"wp","href":"https:\/\/api.w.org\/{rel}","templated":true}]}}