{"id":21507,"date":"2018-01-02T01:02:20","date_gmt":"2018-01-02T01:02:20","guid":{"rendered":"http:\/\/biblian.is\/videy\/ordskvidirnir-30-kafli\/"},"modified":"2018-01-02T01:02:20","modified_gmt":"2018-01-02T01:02:20","slug":"ordskvidirnir-30-kafli","status":"publish","type":"page","link":"https:\/\/biblian.is\/videy\/ordskvidirnir-30-kafli\/","title":{"rendered":"Or\u00f0skvi\u00f0irnir 30. kafli"},"content":{"rendered":"<div class=\"fyrirsognVidey\">Spakm\u00e6li Agurs.<\/div>\n<p><a name=\"1\"><span class=\"versanumer\">1<\/span><\/a>\u00deessi eru or\u00f0 Agurs Jakelsonar, spakm\u00e6li or\u00f0 mannsins vi\u00f0 It\u00edel, j\u00e1, einmitt vi\u00f0 It\u00edel og Ukal. <br \/><a name=\"2\"><span class=\"versanumer\">2<\/span><\/a>J\u00e1! eg er heimskari en nokkur ma\u00f0ur, og hefi ekki manns vit.<a name=\"3\"><span class=\"versanumer\">3<\/span><\/a>Eg hefi ekki visku l\u00e6rt, og ekki numi\u00f0 \u00feekkingu \u00e1 helgum hlutum.<a name=\"4\"><span class=\"versanumer\">4<\/span><\/a>Hv\u00f6r f\u00f3r upp til himins og ni\u00f0ur aftur? hv\u00f6r t\u00f3k vindinn \u00ed s\u00edna hnefa? hv\u00f6r batt vatni\u00f0 \u00ed d\u00fak? hv\u00f6r setti f\u00f6st jar\u00f0arinnar endim\u00f6rk? hva\u00f0 heitir hann? og hva\u00f0 heitir hans sonur? veistu \u00fea\u00f0?<a name=\"5\"><span class=\"versanumer\">5<\/span><\/a>Allt Gu\u00f0s or\u00f0 er hreinsa\u00f0, \u00fea\u00f0 er skj\u00f6ldur \u00feeirra sem rei\u00f0a sig \u00e1 hann.<a name=\"6\"><span class=\"versanumer\">6<\/span><\/a>B\u00e6ttu engu vi\u00f0 hans or\u00f0, a\u00f0 hann ekki straffi \u00feig, og \u00fe\u00fa reynist \u00f3sannor\u00f0ur.<a name=\"7\"><span class=\"versanumer\">7<\/span><\/a>Um tvennt bi\u00f0 eg \u00feig, synja m\u00e9r \u00feess ekki, \u00e1\u00f0ur en eg dey!<a name=\"8\"><span class=\"versanumer\">8<\/span><\/a>L\u00e1t fals og lygi vera langt fr\u00e1 m\u00e9r; gef m\u00e9r hv\u00f6rki f\u00e1t\u00e6kt n\u00e9 r\u00edkd\u00f3m, en l\u00e1ttu mig hafa n\u00e6gilegt uppheldi.<a name=\"9\"><span class=\"versanumer\">9<\/span><\/a>Eg kynni m\u00e1ske annars a\u00f0 ver\u00f0a ofmata\u00f0ur, afneita \u00fe\u00e9r og segja: hvar er Drottinn? e\u00f0a, ef eg yr\u00f0i snau\u00f0ur, kynni eg a\u00f0 stela og forgr\u00edpa mig \u00e1 m\u00edns Gu\u00f0s nafni.<a name=\"10\"><span class=\"versanumer\">10<\/span><\/a>R\u00e6g \u00fe\u00fa ekki \u00fe\u00e9narann vi\u00f0 sinn Herra, svo hann ekki bi\u00f0ji \u00fe\u00e9r \u00f3b\u00e6na, og \u00fe\u00fa ver\u00f0ir sekur.<a name=\"11\"><span class=\"versanumer\">11<\/span><\/a>Til er \u00fea\u00f0 kyn sem b\u00f6lvar s\u00ednum f\u00f6\u00f0ur og blessar ekki s\u00edna m\u00f3\u00f0ur;<a name=\"12\"><span class=\"versanumer\">12<\/span><\/a>kyn sem \u00feykist hreint vera, og hefir \u00fe\u00f3 ekki af\u00fevegi\u00f0 sinn saur.<a name=\"13\"><span class=\"versanumer\">13<\/span><\/a>Kyn sem h\u00e1tt lyftir augunum, hv\u00f6rs augnalok eru uppsperrt.<a name=\"14\"><span class=\"versanumer\">14<\/span><\/a>Kyn, hv\u00f6rs t\u00f6nnur eru sver\u00f0, hv\u00f6rs jaxlar eru hn\u00edfar til a\u00f0 uppeta \u00fe\u00e1 aumu \u00ed landinu, og \u00fe\u00e1 f\u00e1t\u00e6ku me\u00f0al manna.<a name=\"15\"><span class=\"versanumer\">15<\/span><\/a>Bl\u00f3\u00f0sugan \u00e1 tv\u00e6r d\u00e6tur, sem heita: gef\u00f0u! gef\u00f0u! \u00fer\u00edr eru \u00f3se\u00f0janlegir; og hinn fj\u00f3r\u00f0i segir aldrei: \u00fea\u00f0 er n\u00f3g!<a name=\"16\"><span class=\"versanumer\">16<\/span><\/a>Gr\u00f6fin, \u00fea\u00f0 loka\u00f0a m\u00f3\u00f0url\u00edf, og j\u00f6r\u00f0in, sem aldrei se\u00f0st af vatni; og eldurinn, sem aldrei segir: \u00fea\u00f0 er n\u00f3g! <br \/><a name=\"17\"><span class=\"versanumer\">17<\/span><\/a>\u00dea\u00f0 auga sem spottar sinn f\u00f6\u00f0ur, og forsm\u00e1ir a\u00f0 hl\u00fd\u00f0a sinni m\u00f3\u00f0ur, \u00fea\u00f0 h\u00f6ggva \u00fat dalsins hrafnar, og arnarungar elta \u00fea\u00f0.<a name=\"18\"><span class=\"versanumer\">18<\/span><\/a>\u00deessir \u00fer\u00edr hlutir \u00feykja m\u00e9r undarlegir, og \u00feann fj\u00f3r\u00f0a skil eg ekki:<a name=\"19\"><span class=\"versanumer\">19<\/span><\/a>Arnarinnar veg um lofti\u00f0, h\u00f6ggormsins veg um klettinn, skipsins veg mitt um hafi\u00f0, og mannsins veg til meyjarinnar.<a name=\"20\"><span class=\"versanumer\">20<\/span><\/a>Svo er h\u00f3rkonunnar vegur, h\u00fan neytir, \u00feurrkar s\u00e9r um munninn og segir: eg hefi ekki rangt gj\u00f6rt.<a name=\"21\"><span class=\"versanumer\">21<\/span><\/a>Landi\u00f0 ver\u00f0ur \u00f3r\u00f3asamt af \u00feremur hlutum, og hinn fj\u00f3r\u00f0a stenst \u00fea\u00f0 ekki,<a name=\"22\"><span class=\"versanumer\">22<\/span><\/a>\u00fea\u00f0 bifast, ver\u00f0i \u00fe\u00e9narinn stj\u00f3rnari; ef d\u00e1rinn mettast af brau\u00f0i;<a name=\"23\"><span class=\"versanumer\">23<\/span><\/a>ef kona giftist aftur, sem ma\u00f0urinn rak fr\u00e1 s\u00e9r, og ef vinnukona, kemur \u00ed sta\u00f0 sinnar h\u00fasm\u00f3\u00f0ur.<a name=\"24\"><span class=\"versanumer\">24<\/span><\/a>\u00deessi fj\u00f6gur d\u00fdr eru af \u00feeim litlu \u00e1 j\u00f6r\u00f0unni, \u00fe\u00f3 eru \u00feau hyggin og vel menntu\u00f0.<a name=\"25\"><span class=\"versanumer\">25<\/span><\/a>Maurinn er ekki sterkur l\u00fd\u00f0ur, \u00fe\u00f3 aflar hann s\u00e9r atvinnu \u00e1 sumrum,<a name=\"26\"><span class=\"versanumer\">26<\/span><\/a>fjallm\u00fdsnar, ekki voldugur l\u00fd\u00f0ur, \u00fe\u00f3 byggja \u00fe\u00e6r s\u00e9r h\u00edb\u00fdli \u00ed klettum.<a name=\"27\"><span class=\"versanumer\">27<\/span><\/a>Grashoppurnar hafa engan konung, \u00fe\u00f3 fara \u00fe\u00e6r allar \u00fat h\u00f3pum saman.<a name=\"28\"><span class=\"versanumer\">28<\/span><\/a>K\u00f3ngul\u00f3in gr\u00edpur til me\u00f0 h\u00f6ndunum, og er \u00ed k\u00f3nganna slotum.<a name=\"29\"><span class=\"versanumer\">29<\/span><\/a>\u00der\u00edr hafa fr\u00ed\u00f0an gang, og s\u00e1 fj\u00f3r\u00f0i gengur vel:<a name=\"30\"><span class=\"versanumer\">30<\/span><\/a>lj\u00f3ni\u00f0, hetjan me\u00f0al d\u00fdranna, \u00fea\u00f0 hopar fyrir engum;<a name=\"31\"><span class=\"versanumer\">31<\/span><\/a>str\u00ed\u00f0shesturinn alb\u00fainn, geithafurinn, og k\u00f3ngur \u00ed flokki s\u00edns f\u00f3lks.<a name=\"32\"><span class=\"versanumer\">32<\/span><\/a>Hafir \u00fe\u00fa breytt f\u00e1v\u00edslega af drambsemi, og hafir \u00fe\u00fa hugsa\u00f0 illt, svo legg \u00fe\u00fa h\u00f6nd \u00fe\u00e9r \u00e1 munn!<a name=\"33\"><span class=\"versanumer\">33<\/span><\/a>S\u00e1 sem mj\u00f3lkina skekur, f\u00e6r \u00far henni smj\u00f6r, og s\u00e1 sem sl\u00e6r s\u00e9r \u00e1 nefi\u00f0, f\u00e6r bl\u00f3\u00f0nasir, og \u00feegar rei\u00f0in \u00e6sist, ver\u00f0ur \u00fear af rimma.<\/p>\n<div class=\"footnoteVidey\"><\/div>\n","protected":false},"excerpt":{"rendered":"<p>Spakm\u00e6li Agurs. 1\u00deessi eru or\u00f0 Agurs Jakelsonar, spakm\u00e6li or\u00f0 mannsins vi\u00f0 It\u00edel, j\u00e1, einmitt vi\u00f0 It\u00edel og Ukal. 2J\u00e1! eg er heimskari en nokkur ma\u00f0ur, og hefi ekki manns vit.3Eg hefi ekki visku l\u00e6rt, og ekki numi\u00f0 \u00feekkingu \u00e1 helgum hlutum.4Hv\u00f6r f\u00f3r upp til himins og ni\u00f0ur aftur? hv\u00f6r t\u00f3k vindinn \u00ed s\u00edna hnefa? hv\u00f6r batt vatni\u00f0 \u00ed d\u00fak? hv\u00f6r setti f\u00f6st jar\u00f0arinnar endim\u00f6rk? hva\u00f0 heitir hann? og hva\u00f0 heitir hans sonur? veistu \u00fea\u00f0?5Allt Gu\u00f0s or\u00f0 er hreinsa\u00f0, \u00fea\u00f0 er skj\u00f6ldur \u00feeirra sem rei\u00f0a sig \u00e1 hann.6B\u00e6ttu engu vi\u00f0 hans or\u00f0, a\u00f0 hann ekki straffi \u00feig, og \u00fe\u00fa reynist \u00f3sannor\u00f0ur.7Um <a href=\"https:\/\/biblian.is\/videy\/ordskvidirnir-30-kafli\/\"> [&#8230;]<\/a><\/p>\n","protected":false},"author":1,"featured_media":0,"parent":0,"menu_order":0,"comment_status":"open","ping_status":"open","template":"bibliukaflar.php","meta":{"footnotes":""},"class_list":["post-21507","page","type-page","status-publish","hentry"],"_links":{"self":[{"href":"https:\/\/biblian.is\/videy\/wp-json\/wp\/v2\/pages\/21507","targetHints":{"allow":["GET"]}}],"collection":[{"href":"https:\/\/biblian.is\/videy\/wp-json\/wp\/v2\/pages"}],"about":[{"href":"https:\/\/biblian.is\/videy\/wp-json\/wp\/v2\/types\/page"}],"author":[{"embeddable":true,"href":"https:\/\/biblian.is\/videy\/wp-json\/wp\/v2\/users\/1"}],"replies":[{"embeddable":true,"href":"https:\/\/biblian.is\/videy\/wp-json\/wp\/v2\/comments?post=21507"}],"version-history":[{"count":0,"href":"https:\/\/biblian.is\/videy\/wp-json\/wp\/v2\/pages\/21507\/revisions"}],"wp:attachment":[{"href":"https:\/\/biblian.is\/videy\/wp-json\/wp\/v2\/media?parent=21507"}],"curies":[{"name":"wp","href":"https:\/\/api.w.org\/{rel}","templated":true}]}}