{"id":21505,"date":"2018-01-02T01:02:20","date_gmt":"2018-01-02T01:02:20","guid":{"rendered":"http:\/\/biblian.is\/videy\/ordskvidirnir-28-kafli\/"},"modified":"2018-01-02T01:02:20","modified_gmt":"2018-01-02T01:02:20","slug":"ordskvidirnir-28-kafli","status":"publish","type":"page","link":"https:\/\/biblian.is\/videy\/ordskvidirnir-28-kafli\/","title":{"rendered":"Or\u00f0skvi\u00f0irnir 28. kafli"},"content":{"rendered":"<div class=\"fyrirsognVidey\">L\u00edka sundurlaus spakm\u00e6li.<\/div>\n<p><a name=\"1\"><span class=\"versanumer\">1<\/span><\/a>\u00deeir \u00f3gu\u00f0legu fl\u00fdja, \u00fe\u00f3tt enginn elti \u00fe\u00e1, en s\u00e1 r\u00e9ttl\u00e1ti er \u00f6ruggur sem ungt lj\u00f3n.<a name=\"2\"><span class=\"versanumer\">2<\/span><\/a>\u00deegar landi\u00f0 gj\u00f6rir uppreisn, ver\u00f0a \u00ed \u00fev\u00ed margir furstar; en s\u00e9u menn frams\u00fdnir og hyggnir, svo lifir <span class='VideyAth'>(s\u00e1 r\u00e9tti stj\u00f3rnari)<\/span> lengi.<a name=\"3\"><span class=\"versanumer\">3<\/span><\/a>F\u00e1t\u00e6kur ofbeldisma\u00f0ur sem bolar \u00fat hinn l\u00edtilm\u00f3tlega, er eins og regn sem ni\u00f0ursl\u00e6r <span class='VideyAth'>(korni)<\/span>, svo a\u00f0 \u00fear ver\u00f0ur engin f\u00e6\u00f0a.<a name=\"4\"><span class=\"versanumer\">4<\/span><\/a>\u00deeir sem sj\u00e1lfir v\u00edkja fr\u00e1 l\u00f6gunum, hr\u00f3sa \u00feeim \u00f3gu\u00f0lega; en \u00feeir sem var\u00f0veita l\u00f6gin standa \u00e1 m\u00f3ti honum.<a name=\"5\"><span class=\"versanumer\">5<\/span><\/a>Vondir menn skynja ekki hva\u00f0 r\u00e9tt er; en \u00feeir sem leita Drottins skilja allt.<a name=\"6\"><span class=\"versanumer\">6<\/span><\/a>Betri er s\u00e1 f\u00e1t\u00e6ki sem framgengur \u00ed sinni einfeldni, en s\u00e1 sem fer kr\u00f3kaveg, \u00fe\u00f3tt hann s\u00e9 r\u00edkur.<a name=\"7\"><span class=\"versanumer\">7<\/span><\/a>S\u00e1 sem var\u00f0veitir l\u00f6gin, er hygginn sonur; en s\u00e1 sem er stallbr\u00f3\u00f0ir \u00f3h\u00f3fsmanna, gj\u00f6rir f\u00f6\u00f0ur s\u00ednum sk\u00f6mm.<a name=\"8\"><span class=\"versanumer\">8<\/span><\/a>Hv\u00f6r sem eykur sinn au\u00f0 me\u00f0 okri og \u00e1s\u00e6lni, safnar honum fyrir \u00feann sem gjafmildur er vi\u00f0 f\u00e1t\u00e6ka.<a name=\"9\"><span class=\"versanumer\">9<\/span><\/a>Hv\u00f6r sem fr\u00e1sn\u00fdr s\u00ednu eyra, svo \u00fea\u00f0 heyrir ekki l\u00f6gin, \u00feess b\u00e6n er og vi\u00f0urstygg\u00f0.<a name=\"10\"><span class=\"versanumer\">10<\/span><\/a>Hv\u00f6r sem afvegalei\u00f0ir \u00fe\u00e1 g\u00f3\u00f0u \u00e1 vondan veg, s\u00e1 mun detta \u00ed s\u00edna eigin gr\u00f6f; en \u00feeir r\u00e1\u00f0v\u00f6ndu munu erfa hi\u00f0 g\u00f3\u00f0a.<a name=\"11\"><span class=\"versanumer\">11<\/span><\/a>R\u00edkur ma\u00f0ur \u00feykist hygginn; en s\u00e1 f\u00e1t\u00e6ki sem er vitur, gagnsko\u00f0ar hann.<a name=\"12\"><span class=\"versanumer\">12<\/span><\/a>\u00deegar \u00feeir r\u00e9ttl\u00e1tu gle\u00f0jast, er mikil d\u00fdr\u00f0; en \u00feegar \u00f3gu\u00f0legir komast upp, fela menn sig.<a name=\"13\"><span class=\"versanumer\">13<\/span><\/a>S\u00e1 sem felur s\u00ednar yfirtro\u00f0slur, mun ei lukku hafa, en s\u00e1 sem me\u00f0gengur \u00fe\u00e6r og l\u00e6tur af \u00feeim, skal miskunn hlj\u00f3ta.<a name=\"14\"><span class=\"versanumer\">14<\/span><\/a>S\u00e6ll er s\u00e1 ma\u00f0ur sem er \u00e6t\u00ed\u00f0 hr\u00e6ddur; en s\u00e1 sem forher\u00f0ir sitt hjarta fellur \u00ed \u00f3g\u00e6fu.<a name=\"15\"><span class=\"versanumer\">15<\/span><\/a>Eins og grenjandi lj\u00f3n og gr\u00e1\u00f0ugur bj\u00f6rn, er s\u00e1 \u00f3gu\u00f0legi sem drottnar yfir f\u00e1t\u00e6ku f\u00f3lki.<a name=\"16\"><span class=\"versanumer\">16<\/span><\/a>Fursti, sem hefir l\u00edti\u00f0 vit, a\u00f0hefst marga k\u00fagan; en hv\u00f6r sem hatar \u00e1girnd, mun lengja s\u00edna daga.<a name=\"17\"><span class=\"versanumer\">17<\/span><\/a>S\u00e1 ma\u00f0ur sem hefir \u00fathellt bl\u00f3\u00f0i nokkurs manns, skal vera \u00fatlagi allt til grafarinnar, svo a\u00f0 hann s\u00e9 ekki handtekinn.<a name=\"18\"><span class=\"versanumer\">18<\/span><\/a>Hv\u00f6r sem gengur r\u00e1\u00f0vandlega skal frelsast; en s\u00e1 sem gengur kr\u00f3kaveg mun einhv\u00f6rn t\u00edma falla.<a name=\"19\"><span class=\"versanumer\">19<\/span><\/a>Hv\u00f6r sem r\u00e6ktar s\u00edna j\u00f6r\u00f0, mettast af brau\u00f0i; en s\u00e1 sem gengur \u00ed h\u00f3p me\u00f0 i\u00f0juleysingjum, mettast af f\u00e1t\u00e6kt.<a name=\"20\"><span class=\"versanumer\">20<\/span><\/a>R\u00e1\u00f0vandur ma\u00f0ur ver\u00f0ur r\u00edkur af blessan; en s\u00e1 sem fl\u00fdtir s\u00e9r a\u00f0 au\u00f0gast, ver\u00f0ur ei \u00f3straffa\u00f0ur.<a name=\"21\"><span class=\"versanumer\">21<\/span><\/a>Hlutdr\u00e6gni er ekki g\u00f3\u00f0; og \u00fe\u00f3 gj\u00f6rir margur rangt sakir eins brau\u00f0bita.<a name=\"22\"><span class=\"versanumer\">22<\/span><\/a>S\u00e1 sem hefir illt auga, hra\u00f0ar s\u00e9r til au\u00f0s, og veit ekki a\u00f0 skortur skal koma yfir hann.<a name=\"23\"><span class=\"versanumer\">23<\/span><\/a>Hv\u00f6r sem \u00e1v\u00edtar menn, f\u00e6r seinast meiri vins\u00e6ld, en s\u00e1 sem smja\u00f0rar me\u00f0 tungunni.<a name=\"24\"><span class=\"versanumer\">24<\/span><\/a>Hv\u00f6r sem r\u00e6nir f\u00f6\u00f0ur sinn e\u00f0a m\u00f3\u00f0ur s\u00edna, og segir: \u00feetta er engin yfirtro\u00f0sla, s\u00e1 er r\u00e6ningjans stallbr\u00f3\u00f0ir.<a name=\"25\"><span class=\"versanumer\">25<\/span><\/a>S\u00e1 sem girnist miki\u00f0, hann kemst \u00ed \u00fer\u00e6tur; en s\u00e1 sem treystir Drottni, ver\u00f0ur feitur.<a name=\"26\"><span class=\"versanumer\">26<\/span><\/a>S\u00e1 sem treystir s\u00ednu hjarta, er d\u00e1ri; en s\u00e1 sem gengur hyggilega, mun frelsast.<a name=\"27\"><span class=\"versanumer\">27<\/span><\/a>Hv\u00f6r sem gefur \u00feeim snau\u00f0a skal ekki skort l\u00ed\u00f0a; en yfir \u00feann sem afturlykur s\u00ednum augum, kemur m\u00f6rg \u00f3b\u00e6n.<a name=\"28\"><span class=\"versanumer\">28<\/span><\/a>\u00deegar \u00feeir \u00f3gu\u00f0legu komast upp, felur f\u00f3lk sig; en \u00feegar \u00feeir tort\u00ednast, fj\u00f6lga hinir r\u00e9ttl\u00e1tu.<\/p>\n<div class=\"footnoteVidey\"><\/div>\n","protected":false},"excerpt":{"rendered":"<p>L\u00edka sundurlaus spakm\u00e6li. 1\u00deeir \u00f3gu\u00f0legu fl\u00fdja, \u00fe\u00f3tt enginn elti \u00fe\u00e1, en s\u00e1 r\u00e9ttl\u00e1ti er \u00f6ruggur sem ungt lj\u00f3n.2\u00deegar landi\u00f0 gj\u00f6rir uppreisn, ver\u00f0a \u00ed \u00fev\u00ed margir furstar; en s\u00e9u menn frams\u00fdnir og hyggnir, svo lifir (s\u00e1 r\u00e9tti stj\u00f3rnari) lengi.3F\u00e1t\u00e6kur ofbeldisma\u00f0ur sem bolar \u00fat hinn l\u00edtilm\u00f3tlega, er eins og regn sem ni\u00f0ursl\u00e6r (korni), svo a\u00f0 \u00fear ver\u00f0ur engin f\u00e6\u00f0a.4\u00deeir sem sj\u00e1lfir v\u00edkja fr\u00e1 l\u00f6gunum, hr\u00f3sa \u00feeim \u00f3gu\u00f0lega; en \u00feeir sem var\u00f0veita l\u00f6gin standa \u00e1 m\u00f3ti honum.5Vondir menn skynja ekki hva\u00f0 r\u00e9tt er; en \u00feeir sem leita Drottins skilja allt.6Betri er s\u00e1 f\u00e1t\u00e6ki sem framgengur \u00ed sinni einfeldni, en s\u00e1 sem fer kr\u00f3kaveg, <a href=\"https:\/\/biblian.is\/videy\/ordskvidirnir-28-kafli\/\"> [&#8230;]<\/a><\/p>\n","protected":false},"author":1,"featured_media":0,"parent":0,"menu_order":0,"comment_status":"open","ping_status":"open","template":"bibliukaflar.php","meta":{"footnotes":""},"class_list":["post-21505","page","type-page","status-publish","hentry"],"_links":{"self":[{"href":"https:\/\/biblian.is\/videy\/wp-json\/wp\/v2\/pages\/21505","targetHints":{"allow":["GET"]}}],"collection":[{"href":"https:\/\/biblian.is\/videy\/wp-json\/wp\/v2\/pages"}],"about":[{"href":"https:\/\/biblian.is\/videy\/wp-json\/wp\/v2\/types\/page"}],"author":[{"embeddable":true,"href":"https:\/\/biblian.is\/videy\/wp-json\/wp\/v2\/users\/1"}],"replies":[{"embeddable":true,"href":"https:\/\/biblian.is\/videy\/wp-json\/wp\/v2\/comments?post=21505"}],"version-history":[{"count":0,"href":"https:\/\/biblian.is\/videy\/wp-json\/wp\/v2\/pages\/21505\/revisions"}],"wp:attachment":[{"href":"https:\/\/biblian.is\/videy\/wp-json\/wp\/v2\/media?parent=21505"}],"curies":[{"name":"wp","href":"https:\/\/api.w.org\/{rel}","templated":true}]}}