{"id":21501,"date":"2018-01-02T01:02:20","date_gmt":"2018-01-02T01:02:20","guid":{"rendered":"http:\/\/biblian.is\/videy\/ordskvidirnir-24-kafli\/"},"modified":"2018-01-02T01:02:20","modified_gmt":"2018-01-02T01:02:20","slug":"ordskvidirnir-24-kafli","status":"publish","type":"page","link":"https:\/\/biblian.is\/videy\/ordskvidirnir-24-kafli\/","title":{"rendered":"Or\u00f0skvi\u00f0irnir 24. kafli"},"content":{"rendered":"<div class=\"fyrirsognVidey\">Reglur \u00ed umgengni.<\/div>\n<p><a name=\"1\"><span class=\"versanumer\">1<\/span><\/a>\u00d6funda ekki vonda menn, og \u00f3ska ekki a\u00f0 vera me\u00f0 \u00feeim.<a name=\"2\"><span class=\"versanumer\">2<\/span><\/a>\u00dev\u00ed hjarta \u00feeirra \u00e1stundar ska\u00f0a, og \u00feeirra varir tala meinsemi.<a name=\"3\"><span class=\"versanumer\">3<\/span><\/a>Me\u00f0 v\u00edsd\u00f3mi byggist h\u00fasi\u00f0, og af frams\u00fdni ver\u00f0ur \u00fea\u00f0 rambyggilegt.<a name=\"4\"><span class=\"versanumer\">4<\/span><\/a>Af \u00feekkingunni fyllast herbergin me\u00f0 alls lags d\u00fdrum og ge\u00f0felldum au\u00f0\u00e6fum.<a name=\"5\"><span class=\"versanumer\">5<\/span><\/a>Vitur ma\u00f0ur er sterkur, og s\u00e1 frams\u00fdni ma\u00f0ur eflir sinn kraft.<a name=\"6\"><span class=\"versanumer\">6<\/span><\/a>\u00dev\u00ed me\u00f0 hyggilegri stj\u00f3rn skaltu heyja \u00feitt str\u00ed\u00f0; og sigurinn kemur af r\u00e1\u00f0gjafanna fj\u00f6lda.<a name=\"7\"><span class=\"versanumer\">7<\/span><\/a>Viskan er d\u00e1ranum of h\u00e1; \u00ed borgarhli\u00f0inu l\u00fdkur hann ekki upp s\u00ednum munni.<a name=\"8\"><span class=\"versanumer\">8<\/span><\/a>Hv\u00f6r sem hugsar um a\u00f0 gj\u00f6ra illt, \u00feann kalla menn sk\u00e1lk.<a name=\"9\"><span class=\"versanumer\">9<\/span><\/a>D\u00e1rans fyrirt\u00e6ki eru synd, og spottarinn er vi\u00f0urstygg\u00f0 me\u00f0al manna.<a name=\"10\"><span class=\"versanumer\">10<\/span><\/a>Missir \u00fe\u00fa hug \u00e1 ney\u00f0arinnar degi, \u00fe\u00e1 missir \u00fe\u00fa l\u00edka m\u00e1tt.<a name=\"11\"><span class=\"versanumer\">11<\/span><\/a>Bjarga\u00f0u \u00feeim sem eru leiddir til l\u00edfl\u00e1ts; og drag \u00feig ekki \u00ed hl\u00e9 vi\u00f0 \u00fe\u00e1 sem dregnir eru til dr\u00e1ps!<a name=\"12\"><span class=\"versanumer\">12<\/span><\/a>Ef \u00fe\u00fa seg\u00f0ir: \u201esj\u00e1! v\u00e9r \u00feekkjum hann ekki\u201c, mun ei s\u00e1 sem vegur hj\u00f6rtun vita \u00fea\u00f0? mun ekki s\u00e1 sem gefur gaum a\u00f0 s\u00e1lu \u00feinni \u00feekkja \u00fea\u00f0? hann betalar manninum eftir hans verkum.<a name=\"13\"><span class=\"versanumer\">13<\/span><\/a>Neyt \u00fe\u00fa hunangs, minn son! \u00fev\u00ed \u00fea\u00f0 er gott, og hunangsseims, sem er s\u00e6tur fyrir \u00feinn g\u00f3m.<a name=\"14\"><span class=\"versanumer\">14<\/span><\/a>Eins skaltu l\u00e6ra viskuna fyrir \u00fe\u00edna s\u00e1lu; \u00feegar \u00fe\u00fa finnur hana, ver\u00f0ur \u00fea\u00f0 umbun, og \u00fe\u00edn von skal ekki ver\u00f0a a\u00f0 engu.<a name=\"15\"><span class=\"versanumer\">15<\/span><\/a>Umsit ekki, sem s\u00e1 \u00f3gu\u00f0legi, b\u00fasta\u00f0 hins r\u00e9ttl\u00e1ta, hagga\u00f0u ekki um hans hv\u00edlu.<a name=\"16\"><span class=\"versanumer\">16<\/span><\/a>\u00dev\u00ed s\u00e1 r\u00e9ttl\u00e1ti fellur sj\u00f6 sinnum, og stendur \u00fe\u00f3 upp aftur, en \u00feeir \u00f3gu\u00f0legu s\u00f6kkva ni\u00f0ur \u00ed \u00f3lukku.<a name=\"17\"><span class=\"versanumer\">17<\/span><\/a>Fagna ekki yfir falli \u00fe\u00edns \u00f3vinar, og l\u00e1t ei hjarta \u00feitt hlakka yfir \u00fev\u00ed, a\u00f0 hann steypist,<a name=\"18\"><span class=\"versanumer\">18<\/span><\/a>a\u00f0 Drottinn sj\u00e1i \u00fea\u00f0 ekki, og honum m\u00e1ske mis\u00fe\u00f3knist \u00fea\u00f0, og hann sn\u00fai sinni rei\u00f0i fr\u00e1 honum <span class='VideyAth'>(til \u00fe\u00edn)<\/span>.<a name=\"19\"><span class=\"versanumer\">19<\/span><\/a>L\u00e1t ekki rei\u00f0i \u00fe\u00edna kvikna, sakir vondra manna <span class='VideyAth'>(velgengni)<\/span> og \u00f6funda ekki \u00fe\u00e1 \u00f3gu\u00f0legu.<a name=\"20\"><span class=\"versanumer\">20<\/span><\/a>\u00dev\u00ed s\u00e1 vondi mun ei f\u00e1 g\u00f3\u00f0 afdrif, skri\u00f0lj\u00f3s \u00f3gu\u00f0legra slokknar.<a name=\"21\"><span class=\"versanumer\">21<\/span><\/a>Son minn! \u00f3ttastu Gu\u00f0 og k\u00f3nginn, samlaga \u00feig ei uppreistar m\u00f6nnum.<a name=\"22\"><span class=\"versanumer\">22<\/span><\/a>\u00dev\u00ed \u00feeirra \u00f3lukka kemur sviplega, og hegning Gu\u00f0s og k\u00f3ngsins, hv\u00f6rstveggja, hv\u00f6r \u00feekkir hana? <br \/><a name=\"23\"><span class=\"versanumer\">23<\/span><\/a>L\u00edka eru \u00feessar greinir af v\u00edsum samdar: a\u00f0 fara \u00ed manngreinar\u00e1lit fyrir r\u00e9tti, er ekki gott.<a name=\"24\"><span class=\"versanumer\">24<\/span><\/a>Hv\u00f6r sem segir vi\u00f0 hinn seka: \u00fe\u00fa hefir r\u00e9tt, honum form\u00e6la menn, honum rei\u00f0ist f\u00f3lki\u00f0.<a name=\"25\"><span class=\"versanumer\">25<\/span><\/a>En \u00feeim sem straffar, mun vel vegna, yfir hann kemur g\u00f3\u00f0 blessan.<a name=\"26\"><span class=\"versanumer\">26<\/span><\/a>S\u00e1 gefur koss \u00e1 munn, sem gefur gott svar.<a name=\"27\"><span class=\"versanumer\">27<\/span><\/a>Annastu fyrst um verk \u00feitt utanh\u00fass, og undirb\u00fa \u00feinn akur; bygg \u00fe\u00fa s\u00ed\u00f0an \u00feitt h\u00fas.<a name=\"28\"><span class=\"versanumer\">28<\/span><\/a>Vertu ekki \u00e1n orsaka vitni m\u00f3ti \u00fe\u00ednum n\u00e1unga, skyldir \u00fe\u00fa pretta me\u00f0 \u00fe\u00ednum v\u00f6rum?<a name=\"29\"><span class=\"versanumer\">29<\/span><\/a>Seg \u00fe\u00fa ekki: eins og hann gj\u00f6r\u00f0i m\u00e9r, svo vil eg gj\u00f6ra honum; eg vil betala hv\u00f6rjum eftir hans verkum.<a name=\"30\"><span class=\"versanumer\">30<\/span><\/a>Eg gekk yfir letingjans akur og framhj\u00e1 v\u00edngar\u00f0i hins f\u00e1v\u00edsa,<a name=\"31\"><span class=\"versanumer\">31<\/span><\/a>og sj\u00e1! \u00e1 honum voru eint\u00f3mir \u00feistlar, allur var hann \u00feakinn netlum, og steingir\u00f0ingin var ni\u00f0urfallin.<a name=\"32\"><span class=\"versanumer\">32<\/span><\/a>Eg var\u00f0 \u00feess var, og setti \u00fea\u00f0 \u00e1 mig, eg s\u00e1 \u00fea\u00f0, og dr\u00f3 \u00fear af l\u00e6rd\u00f3m.<a name=\"33\"><span class=\"versanumer\">33<\/span><\/a>Viltu enn n\u00fa sofa d\u00e1l\u00edti\u00f0? viltu blunda l\u00edti\u00f0 eitt? liggja nokku\u00f0 enn, me\u00f0 samanl\u00f6g\u00f0um h\u00f6ndum?<a name=\"34\"><span class=\"versanumer\">34<\/span><\/a>\u00de\u00e1 mun f\u00e1t\u00e6ktin koma skj\u00f3tt yfir \u00feig, sem landhlaupari og skortur yfir \u00feig sem ma\u00f0ur, vopna\u00f0ur me\u00f0 skyldi, <span class='VideyAth'>(r\u00e6ningi)<\/span>.<\/p>\n<div class=\"footnoteVidey\"><\/div>\n","protected":false},"excerpt":{"rendered":"<p>Reglur \u00ed umgengni. 1\u00d6funda ekki vonda menn, og \u00f3ska ekki a\u00f0 vera me\u00f0 \u00feeim.2\u00dev\u00ed hjarta \u00feeirra \u00e1stundar ska\u00f0a, og \u00feeirra varir tala meinsemi.3Me\u00f0 v\u00edsd\u00f3mi byggist h\u00fasi\u00f0, og af frams\u00fdni ver\u00f0ur \u00fea\u00f0 rambyggilegt.4Af \u00feekkingunni fyllast herbergin me\u00f0 alls lags d\u00fdrum og ge\u00f0felldum au\u00f0\u00e6fum.5Vitur ma\u00f0ur er sterkur, og s\u00e1 frams\u00fdni ma\u00f0ur eflir sinn kraft.6\u00dev\u00ed me\u00f0 hyggilegri stj\u00f3rn skaltu heyja \u00feitt str\u00ed\u00f0; og sigurinn kemur af r\u00e1\u00f0gjafanna fj\u00f6lda.7Viskan er d\u00e1ranum of h\u00e1; \u00ed borgarhli\u00f0inu l\u00fdkur hann ekki upp s\u00ednum munni.8Hv\u00f6r sem hugsar um a\u00f0 gj\u00f6ra illt, \u00feann kalla menn sk\u00e1lk.9D\u00e1rans fyrirt\u00e6ki eru synd, og spottarinn er vi\u00f0urstygg\u00f0 me\u00f0al manna.10Missir \u00fe\u00fa hug \u00e1 ney\u00f0arinnar <a href=\"https:\/\/biblian.is\/videy\/ordskvidirnir-24-kafli\/\"> [&#8230;]<\/a><\/p>\n","protected":false},"author":1,"featured_media":0,"parent":0,"menu_order":0,"comment_status":"open","ping_status":"open","template":"bibliukaflar.php","meta":{"footnotes":""},"class_list":["post-21501","page","type-page","status-publish","hentry"],"_links":{"self":[{"href":"https:\/\/biblian.is\/videy\/wp-json\/wp\/v2\/pages\/21501","targetHints":{"allow":["GET"]}}],"collection":[{"href":"https:\/\/biblian.is\/videy\/wp-json\/wp\/v2\/pages"}],"about":[{"href":"https:\/\/biblian.is\/videy\/wp-json\/wp\/v2\/types\/page"}],"author":[{"embeddable":true,"href":"https:\/\/biblian.is\/videy\/wp-json\/wp\/v2\/users\/1"}],"replies":[{"embeddable":true,"href":"https:\/\/biblian.is\/videy\/wp-json\/wp\/v2\/comments?post=21501"}],"version-history":[{"count":0,"href":"https:\/\/biblian.is\/videy\/wp-json\/wp\/v2\/pages\/21501\/revisions"}],"wp:attachment":[{"href":"https:\/\/biblian.is\/videy\/wp-json\/wp\/v2\/media?parent=21501"}],"curies":[{"name":"wp","href":"https:\/\/api.w.org\/{rel}","templated":true}]}}