{"id":21495,"date":"2018-01-02T01:02:20","date_gmt":"2018-01-02T01:02:20","guid":{"rendered":"http:\/\/biblian.is\/videy\/ordskvidirnir-18-kafli\/"},"modified":"2018-01-02T01:02:20","modified_gmt":"2018-01-02T01:02:20","slug":"ordskvidirnir-18-kafli","status":"publish","type":"page","link":"https:\/\/biblian.is\/videy\/ordskvidirnir-18-kafli\/","title":{"rendered":"Or\u00f0skvi\u00f0irnir 18. kafli"},"content":{"rendered":"<div class=\"fyrirsognVidey\">Sundurlaus sannm\u00e6li.<\/div>\n<p><a name=\"1\"><span class=\"versanumer\">1<\/span><\/a>S\u00e1 s\u00e9rlyndi leitar \u00feess er hann girnist, hann illskast vi\u00f0 allt hyggilegt.<a name=\"2\"><span class=\"versanumer\">2<\/span><\/a>Heimskinginn hefir enga lyst til \u00feekkingar, heldur einasta til a\u00f0 opinbera sitt hjarta, <span class='VideyAth'>(segja s\u00edna meiningu)<\/span>.<a name=\"3\"><span class=\"versanumer\">3<\/span><\/a>\u00dear sem s\u00e1 \u00f3gu\u00f0legi kemur, \u00fear kemur og fyrirlitning, og me\u00f0 forsm\u00e1n fylgist sk\u00f6mm.<a name=\"4\"><span class=\"versanumer\">4<\/span><\/a>Eins og dj\u00fap v\u00f6tn, eru or\u00f0 af munni <span class='VideyAth'>(viturs)<\/span> manns; v\u00edsd\u00f3msins lind er sem s\u00edrennandi l\u00e6kur.<a name=\"5\"><span class=\"versanumer\">5<\/span><\/a>\u00dea\u00f0 er ekki gott a\u00f0 \u00e1l\u00edta pers\u00f3nu hins \u00f3gu\u00f0lega, til a\u00f0 beygja hinn r\u00e9ttl\u00e1ta fyrir r\u00e9tti.<a name=\"6\"><span class=\"versanumer\">6<\/span><\/a>D\u00e1rans varir blanda s\u00e9r \u00ed \u00fer\u00e6tu, og hans munnur s\u00e6kist eftir h\u00f6ggum.<br \/><a name=\"7\"><span class=\"versanumer\">7<\/span><\/a>D\u00e1rans munnur ver\u00f0ur honum a\u00f0 tj\u00f3ni, og hans varir, snara fyrir hans l\u00edf.<a name=\"8\"><span class=\"versanumer\">8<\/span><\/a>Baknagarans or\u00f0 eru sem kr\u00e1sir, \u00fe\u00e6r fara ne\u00f0st ni\u00f0ur \u00ed magann.<a name=\"9\"><span class=\"versanumer\">9<\/span><\/a>S\u00e1 sem er t\u00f3ml\u00e1tur \u00ed s\u00ednu verki, hann er br\u00f3\u00f0ir \u00feess s\u00f3unarsama.<a name=\"10\"><span class=\"versanumer\">10<\/span><\/a>Drottins nafn er rambyggilegur turn; s\u00e1 r\u00e9ttl\u00e1ti leitar \u00feanga\u00f0 h\u00e6lis og f\u00e6r v\u00f6rn.<a name=\"11\"><span class=\"versanumer\">11<\/span><\/a>Au\u00f0ur hins r\u00edka er honum v\u00edgi, sem h\u00e1r m\u00farveggur \u00ed hans hugsan.<a name=\"12\"><span class=\"versanumer\">12<\/span><\/a>Mannsins hjarta metnast \u00e1\u00f0ur en hann fellur; og au\u00f0m\u00fdktin gengur \u00e1 undan hei\u00f0ri.<a name=\"13\"><span class=\"versanumer\">13<\/span><\/a>Svari nokkur \u00e1\u00f0ur en hann heyrir, svo er honum \u00fea\u00f0 heimska og sk\u00f6mm.<a name=\"14\"><span class=\"versanumer\">14<\/span><\/a>Hugur mannsins heldur honum uppi \u00ed hans sj\u00fakd\u00f3mi, en bili hug, hv\u00f6r \u00feolir \u00fea\u00f0?<a name=\"15\"><span class=\"versanumer\">15<\/span><\/a>Hjarta hins vitra kaupir \u00feekkingu, og eyru hinna v\u00edsu leita eftir fr\u00f3\u00f0leik.<a name=\"16\"><span class=\"versanumer\">16<\/span><\/a>G\u00e1fur \u00fatvega manni r\u00fam, og lei\u00f0a hann fram fyrir st\u00f3rh\u00f6f\u00f0ingja.<a name=\"17\"><span class=\"versanumer\">17<\/span><\/a>S\u00e1 sem ver\u00f0ur fyrri til a\u00f0 byrja m\u00e1l, s\u00fdnist hafa r\u00e9ttan m\u00e1lsta\u00f0; en komi hans m\u00f3tpartur \u00fe\u00e1 yfirheyr\u00f0u hann.<a name=\"18\"><span class=\"versanumer\">18<\/span><\/a>Hlutfall ni\u00f0ursetur deilur, \u00fea\u00f0 sker \u00far milli hinna voldugu.<a name=\"19\"><span class=\"versanumer\">19<\/span><\/a>Stygg\u00f0an br\u00f3\u00f0ur, er erfi\u00f0ar a\u00f0 vinna, en rambyggilega borg; og \u00fer\u00e6tur <span class='VideyAth'>(milli br\u00e6\u00f0ra)<\/span>, eru sem grindur \u00fati fyrir h\u00f6ll.<a name=\"20\"><span class=\"versanumer\">20<\/span><\/a>Ma\u00f0urinn mettar sinn b\u00fak af \u00e1vexti s\u00edns munns, af inntekt sinna vara se\u00f0st hann.<a name=\"21\"><span class=\"versanumer\">21<\/span><\/a>Dau\u00f0i og l\u00edf er \u00ed tungunnar valdi; og s\u00e1 sem hana br\u00fakar, mun eta hennar \u00e1v\u00f6xt.<a name=\"22\"><span class=\"versanumer\">22<\/span><\/a>S\u00e1 sem finnur konu, finnur g\u00f3\u00f0an hlut, og \u00feiggur velgj\u00f6r\u00f0 af Drottni.<a name=\"23\"><span class=\"versanumer\">23<\/span><\/a>Au\u00f0mj\u00fakar b\u00e6nir talar s\u00e1 f\u00e1t\u00e6ki; en s\u00e1 r\u00edki svarar me\u00f0 har\u00f0yr\u00f0um.<a name=\"24\"><span class=\"versanumer\">24<\/span><\/a>Einn hefir vini s\u00e9r til tj\u00f3ns; samt er s\u00e1 vinur til, sem er tryggari en br\u00f3\u00f0ir.<\/p>\n<div class=\"footnoteVidey\">V. 23. A\u00f0r: tekur g\u00e1fur \u00far barmi.<\/div>\n","protected":false},"excerpt":{"rendered":"<p>Sundurlaus sannm\u00e6li. 1S\u00e1 s\u00e9rlyndi leitar \u00feess er hann girnist, hann illskast vi\u00f0 allt hyggilegt.2Heimskinginn hefir enga lyst til \u00feekkingar, heldur einasta til a\u00f0 opinbera sitt hjarta, (segja s\u00edna meiningu).3\u00dear sem s\u00e1 \u00f3gu\u00f0legi kemur, \u00fear kemur og fyrirlitning, og me\u00f0 forsm\u00e1n fylgist sk\u00f6mm.4Eins og dj\u00fap v\u00f6tn, eru or\u00f0 af munni (viturs) manns; v\u00edsd\u00f3msins lind er sem s\u00edrennandi l\u00e6kur.5\u00dea\u00f0 er ekki gott a\u00f0 \u00e1l\u00edta pers\u00f3nu hins \u00f3gu\u00f0lega, til a\u00f0 beygja hinn r\u00e9ttl\u00e1ta fyrir r\u00e9tti.6D\u00e1rans varir blanda s\u00e9r \u00ed \u00fer\u00e6tu, og hans munnur s\u00e6kist eftir h\u00f6ggum.7D\u00e1rans munnur ver\u00f0ur honum a\u00f0 tj\u00f3ni, og hans varir, snara fyrir hans l\u00edf.8Baknagarans or\u00f0 eru sem kr\u00e1sir, \u00fe\u00e6r <a href=\"https:\/\/biblian.is\/videy\/ordskvidirnir-18-kafli\/\"> [&#8230;]<\/a><\/p>\n","protected":false},"author":1,"featured_media":0,"parent":0,"menu_order":0,"comment_status":"open","ping_status":"open","template":"bibliukaflar.php","meta":{"footnotes":""},"class_list":["post-21495","page","type-page","status-publish","hentry"],"_links":{"self":[{"href":"https:\/\/biblian.is\/videy\/wp-json\/wp\/v2\/pages\/21495","targetHints":{"allow":["GET"]}}],"collection":[{"href":"https:\/\/biblian.is\/videy\/wp-json\/wp\/v2\/pages"}],"about":[{"href":"https:\/\/biblian.is\/videy\/wp-json\/wp\/v2\/types\/page"}],"author":[{"embeddable":true,"href":"https:\/\/biblian.is\/videy\/wp-json\/wp\/v2\/users\/1"}],"replies":[{"embeddable":true,"href":"https:\/\/biblian.is\/videy\/wp-json\/wp\/v2\/comments?post=21495"}],"version-history":[{"count":0,"href":"https:\/\/biblian.is\/videy\/wp-json\/wp\/v2\/pages\/21495\/revisions"}],"wp:attachment":[{"href":"https:\/\/biblian.is\/videy\/wp-json\/wp\/v2\/media?parent=21495"}],"curies":[{"name":"wp","href":"https:\/\/api.w.org\/{rel}","templated":true}]}}