{"id":21491,"date":"2018-01-02T01:02:20","date_gmt":"2018-01-02T01:02:20","guid":{"rendered":"http:\/\/biblian.is\/videy\/ordskvidirnir-14-kafli\/"},"modified":"2018-01-02T01:02:20","modified_gmt":"2018-01-02T01:02:20","slug":"ordskvidirnir-14-kafli","status":"publish","type":"page","link":"https:\/\/biblian.is\/videy\/ordskvidirnir-14-kafli\/","title":{"rendered":"Or\u00f0skvi\u00f0irnir 14. kafli"},"content":{"rendered":"<div class=\"fyrirsognVidey\">\u00ddmisleg sannm\u00e6li.<\/div>\n<p><a name=\"1\"><span class=\"versanumer\">1<\/span><\/a>Kvennanna v\u00edsd\u00f3mur reisir h\u00fasi\u00f0, en heimskan ni\u00f0urbr\u00fdtur \u00fea\u00f0 me\u00f0 s\u00ednum eigin h\u00f6ndum.<a name=\"2\"><span class=\"versanumer\">2<\/span><\/a>Hv\u00f6r sem framgengur me\u00f0 hreinskilni, s\u00e1 \u00f3ttast Drottin; en s\u00e1 sem gengur kr\u00f3ka veg, foraktar hann.<a name=\"3\"><span class=\"versanumer\">3<\/span><\/a>\u00cd d\u00e1rans munni er hans hofm\u00f3\u00f0s v\u00f6ndur, en varir \u00feeirra v\u00edsu vernda \u00fe\u00e1.<a name=\"4\"><span class=\"versanumer\">4<\/span><\/a>Hvar engin naut eru, \u00fear er jatan t\u00f3m, en fyrir uxanna kraft f\u00e6st mikil inntekt.<a name=\"5\"><span class=\"versanumer\">5<\/span><\/a>Hreinskili\u00f0 vitni l\u00fdgur ekki, en falsvitni framber lygi.<a name=\"6\"><span class=\"versanumer\">6<\/span><\/a>H\u00e1\u00f0gjarn ma\u00f0ur leitar visku, en finnur ekki; en hyggnum manni er viskan au\u00f0fundin.<a name=\"7\"><span class=\"versanumer\">7<\/span><\/a>Gakk \u00fe\u00fa framhj\u00e1 \u00feeim heimska manni, og \u00feeim sem \u00fe\u00fa veist a\u00f0 ei hafa varir \u00feekkingarinnar.<a name=\"8\"><span class=\"versanumer\">8<\/span><\/a>\u00dea\u00f0 er v\u00edsd\u00f3mur hins hyggna, a\u00f0 hann g\u00e1ir a\u00f0 s\u00ednum vegi; en d\u00e1ranna heimska er t\u00e1l.<a name=\"9\"><span class=\"versanumer\">9<\/span><\/a>Heimskingjar hl\u00e6ja a\u00f0 s\u00ednum syndum, en me\u00f0al \u00feeirra hreinskilnu b\u00fdr vel\u00fe\u00f3knan <span class='VideyAth'>(Gu\u00f0s)<\/span>.<a name=\"10\"><span class=\"versanumer\">10<\/span><\/a>Hjarta\u00f0 \u00feekkir eigin beiskju, og \u00ed \u00feess f\u00f6gnu\u00f0 getur enginn \u00f3vi\u00f0komandi blanda\u00f0 s\u00e9r.<a name=\"11\"><span class=\"versanumer\">11<\/span><\/a>\u00d3gu\u00f0legra h\u00fas mun ey\u00f0ileggjast, en tjaldb\u00fa\u00f0 hreinskilinna mun bl\u00f3mgast.<a name=\"12\"><span class=\"versanumer\">12<\/span><\/a>Vegir eru til sem manni s\u00fdnast r\u00e9ttir, en \u00fatgangurinn er vegur til dau\u00f0ans.<a name=\"13\"><span class=\"versanumer\">13<\/span><\/a>\u00de\u00f3 a\u00f0 hjarta hl\u00e6i, kennir \u00fea\u00f0 <span class='VideyAth'>(oft)<\/span> til, og gle\u00f0in endar me\u00f0 sorg.<a name=\"14\"><span class=\"versanumer\">14<\/span><\/a>Rangsn\u00fai\u00f0 hjarta mettast af s\u00ednum vegum, en g\u00f3\u00f0ur ma\u00f0ur af \u00fev\u00ed, sem hans er.<a name=\"15\"><span class=\"versanumer\">15<\/span><\/a>S\u00e1 einfaldi tr\u00fair \u00f6llu, en hygginn ma\u00f0ur athugar sinn gang.<a name=\"16\"><span class=\"versanumer\">16<\/span><\/a>S\u00e1 vitri er hr\u00e6ddur og for\u00f0ast hi\u00f0 illa, en d\u00e1rinn er djarfur og ugglaus.<a name=\"17\"><span class=\"versanumer\">17<\/span><\/a>S\u00e1 sem er flj\u00f3tur til rei\u00f0i, a\u00f0hefst heimskup\u00f6r, og s\u00e1 undirf\u00f6ruli ma\u00f0ur bakar s\u00e9r hatur.<a name=\"18\"><span class=\"versanumer\">18<\/span><\/a>\u00deeir f\u00e1v\u00edsu eiga heimskuna, en \u00feeir hyggnu kr\u00fdnast me\u00f0 \u00feekkingu.<a name=\"19\"><span class=\"versanumer\">19<\/span><\/a>\u00deeir vondu skulu l\u00fata \u00feeim g\u00f3\u00f0u, og \u00feeir \u00f3gu\u00f0legu \u00ed portum hinna r\u00e9ttl\u00e1tu.<a name=\"20\"><span class=\"versanumer\">20<\/span><\/a>Einnig af vinum s\u00ednum ver\u00f0ur s\u00e1 f\u00e1t\u00e6ki fyrirlitinn, en margir elska \u00feann r\u00edka.<a name=\"21\"><span class=\"versanumer\">21<\/span><\/a>Hv\u00f6r sem fyrirl\u00edtur sinn vin, s\u00e1 syndgar; en s\u00e1 er s\u00e6ll sem aumkast yfir \u00feann snau\u00f0a.<a name=\"22\"><span class=\"versanumer\">22<\/span><\/a>Fara \u00feeir ekki villir vega sem \u00e1stunda illt? og finna \u00feeir ekki hylli og tiltr\u00fa sem \u00e1stunda gott?<a name=\"23\"><span class=\"versanumer\">23<\/span><\/a>Allt erfi\u00f0i gefur n\u00e6gtir, en or\u00f0in t\u00f3m lei\u00f0a me\u00f0 s\u00e9r skort.<a name=\"24\"><span class=\"versanumer\">24<\/span><\/a>V\u00edsum manni eru hans au\u00f0\u00e6fi k\u00f3r\u00f3na; en f\u00e1v\u00edsra heimska <span class='VideyAth'>(nl: f\u00e1v\u00edsra \u00e1lit)<\/span> er heimska,<a name=\"25\"><span class=\"versanumer\">25<\/span><\/a>sannort vitni bjargar s\u00e1lum, en falsvitni \u00fatbl\u00e6s lygum.<a name=\"26\"><span class=\"versanumer\">26<\/span><\/a>\u00cd \u00f3tta Drottins er \u00f6ruggt v\u00edgi, og <span class='VideyAth'>(s\u00ednum)<\/span> b\u00f6rnum mun hann vera h\u00e6li.<a name=\"27\"><span class=\"versanumer\">27<\/span><\/a>\u00d3tti Drottins er brunnur l\u00edfsins, til a\u00f0 for\u00f0ast sn\u00f6rur dau\u00f0ans.<a name=\"28\"><span class=\"versanumer\">28<\/span><\/a>\u00dea\u00f0 er k\u00f3nganna hei\u00f0ur a\u00f0 hafa margt f\u00f3lk; en f\u00f3lksekla er furstanna tj\u00f3n.<a name=\"29\"><span class=\"versanumer\">29<\/span><\/a>Langlundarge\u00f0 er mikil viska, en s\u00e1 br\u00e1\u00f0lyndi l\u00e6tur \u00ed lj\u00f3si d\u00e1raskap.<a name=\"30\"><span class=\"versanumer\">30<\/span><\/a>L\u00edkamans l\u00edf er r\u00f3legt hjarta, en \u00f6fund er sem rotnun \u00ed beinunum.<a name=\"31\"><span class=\"versanumer\">31<\/span><\/a>S\u00e1 sem leggst \u00e1 l\u00edtilmagnann, s\u00e1 \u00f3vir\u00f0ir hans skapara, en hv\u00f6r sem miskunnar f\u00e1t\u00e6kum, s\u00e1 hei\u00f0rar hann.<a name=\"32\"><span class=\"versanumer\">32<\/span><\/a>S\u00e1 \u00f3gu\u00f0legi dettur um s\u00edna vonsku, en s\u00e1 r\u00e9ttv\u00edsi ma\u00f0ur hefir jafnvel \u00ed s\u00ednum dau\u00f0a athvarf.<a name=\"33\"><span class=\"versanumer\">33<\/span><\/a>\u00cd hyggins manns hjarta hv\u00edlir viskan, en \u00fea\u00f0 sem er \u00ed d\u00e1ranna hjarta, l\u00e6tur h\u00e1tt til s\u00edn heyra.<a name=\"34\"><span class=\"versanumer\">34<\/span><\/a>R\u00e9ttl\u00e6ti\u00f0 upphefur f\u00f3lki\u00f0, en syndin er \u00fej\u00f3\u00f0anna sk\u00f6mm.<a name=\"35\"><span class=\"versanumer\">35<\/span><\/a>K\u00f3nginum l\u00edkar vel frams\u00fdnn \u00fe\u00e9nari, en hans rei\u00f0i er yfir \u00feeim sem vanvir\u00f0ir sig.<\/p>\n<div class=\"footnoteVidey\"><\/div>\n","protected":false},"excerpt":{"rendered":"<p>\u00ddmisleg sannm\u00e6li. 1Kvennanna v\u00edsd\u00f3mur reisir h\u00fasi\u00f0, en heimskan ni\u00f0urbr\u00fdtur \u00fea\u00f0 me\u00f0 s\u00ednum eigin h\u00f6ndum.2Hv\u00f6r sem framgengur me\u00f0 hreinskilni, s\u00e1 \u00f3ttast Drottin; en s\u00e1 sem gengur kr\u00f3ka veg, foraktar hann.3\u00cd d\u00e1rans munni er hans hofm\u00f3\u00f0s v\u00f6ndur, en varir \u00feeirra v\u00edsu vernda \u00fe\u00e1.4Hvar engin naut eru, \u00fear er jatan t\u00f3m, en fyrir uxanna kraft f\u00e6st mikil inntekt.5Hreinskili\u00f0 vitni l\u00fdgur ekki, en falsvitni framber lygi.6H\u00e1\u00f0gjarn ma\u00f0ur leitar visku, en finnur ekki; en hyggnum manni er viskan au\u00f0fundin.7Gakk \u00fe\u00fa framhj\u00e1 \u00feeim heimska manni, og \u00feeim sem \u00fe\u00fa veist a\u00f0 ei hafa varir \u00feekkingarinnar.8\u00dea\u00f0 er v\u00edsd\u00f3mur hins hyggna, a\u00f0 hann g\u00e1ir a\u00f0 s\u00ednum vegi; en <a href=\"https:\/\/biblian.is\/videy\/ordskvidirnir-14-kafli\/\"> [&#8230;]<\/a><\/p>\n","protected":false},"author":1,"featured_media":0,"parent":0,"menu_order":0,"comment_status":"open","ping_status":"open","template":"bibliukaflar.php","meta":{"footnotes":""},"class_list":["post-21491","page","type-page","status-publish","hentry"],"_links":{"self":[{"href":"https:\/\/biblian.is\/videy\/wp-json\/wp\/v2\/pages\/21491","targetHints":{"allow":["GET"]}}],"collection":[{"href":"https:\/\/biblian.is\/videy\/wp-json\/wp\/v2\/pages"}],"about":[{"href":"https:\/\/biblian.is\/videy\/wp-json\/wp\/v2\/types\/page"}],"author":[{"embeddable":true,"href":"https:\/\/biblian.is\/videy\/wp-json\/wp\/v2\/users\/1"}],"replies":[{"embeddable":true,"href":"https:\/\/biblian.is\/videy\/wp-json\/wp\/v2\/comments?post=21491"}],"version-history":[{"count":0,"href":"https:\/\/biblian.is\/videy\/wp-json\/wp\/v2\/pages\/21491\/revisions"}],"wp:attachment":[{"href":"https:\/\/biblian.is\/videy\/wp-json\/wp\/v2\/media?parent=21491"}],"curies":[{"name":"wp","href":"https:\/\/api.w.org\/{rel}","templated":true}]}}