{"id":21488,"date":"2018-01-02T01:02:14","date_gmt":"2018-01-02T01:02:14","guid":{"rendered":"http:\/\/biblian.is\/videy\/ordskvidirnir-11-kafli\/"},"modified":"2018-01-02T01:02:14","modified_gmt":"2018-01-02T01:02:14","slug":"ordskvidirnir-11-kafli","status":"publish","type":"page","link":"https:\/\/biblian.is\/videy\/ordskvidirnir-11-kafli\/","title":{"rendered":"Or\u00f0skvi\u00f0irnir 11. kafli"},"content":{"rendered":"<div class=\"fyrirsognVidey\">R\u00e9tts\u00fdni vi\u00f0 n\u00e1ungann.<\/div>\n<p><a name=\"1\"><span class=\"versanumer\">1<\/span><\/a>R\u00f6ng vog er Drottni andstygg\u00f0, en gild rei\u00f0sla er hans vel\u00fe\u00f3knan.<a name=\"2\"><span class=\"versanumer\">2<\/span><\/a>Komi drambsemi, kemur forsm\u00e1n, en hj\u00e1 \u00feeim au\u00f0mj\u00faku er v\u00edsd\u00f3mur.<a name=\"3\"><span class=\"versanumer\">3<\/span><\/a>Sakleysi hinna hreinskilnu lei\u00f0ir \u00fe\u00e1; en k\u00e6nska hinna svikulu fl\u00e6kir \u00fe\u00e1.<a name=\"4\"><span class=\"versanumer\">4<\/span><\/a>Au\u00f0\u00e6fi sto\u00f0a ekki \u00e1 degi rei\u00f0innar; en r\u00e9ttl\u00e6ti frelsar fr\u00e1 dau\u00f0anum.<a name=\"5\"><span class=\"versanumer\">5<\/span><\/a>R\u00e9ttl\u00e6ti g\u00f3\u00f0s manns gj\u00f6rir hans veg grei\u00f0an <span class='VideyAth'>(sl\u00e9ttan)<\/span>; en s\u00e1 \u00f3gu\u00f0legi dettur um sinn \u00f3gu\u00f0legleika.<a name=\"6\"><span class=\"versanumer\">6<\/span><\/a>R\u00e9ttl\u00e6ti hinna hreinskilnu frelsar \u00fe\u00e1, en \u00feeir sviks\u00f6mu fangast \u00ed sinni vonsku.<a name=\"7\"><span class=\"versanumer\">7<\/span><\/a>\u00deegar s\u00e1 \u00f3gu\u00f0legi deyr, er hans von farin; og rangl\u00e1tra eftirv\u00e6nting hverfur.<a name=\"8\"><span class=\"versanumer\">8<\/span><\/a>S\u00e1 r\u00e9ttl\u00e1ti frelsast \u00far nau\u00f0unum, og s\u00e1 \u00f3gu\u00f0legi kemur \u00ed hans sta\u00f0, nl. \u00ed nau\u00f0ir.<a name=\"9\"><span class=\"versanumer\">9<\/span><\/a>Me\u00f0 munninum leitast hr\u00e6snarinn vi\u00f0 a\u00f0 steypa s\u00ednum n\u00e1unga, en n\u00e1unganum ver\u00f0ur bjarga\u00f0 af \u00feekkingu hinna r\u00e9ttl\u00e1tu.<a name=\"10\"><span class=\"versanumer\">10<\/span><\/a>Borgin gle\u00f0st af lukku hinna r\u00e9ttl\u00e1tu, og \u00feegar \u00f3gu\u00f0legir fyrirfarast, \u00fe\u00e1 heyrist fagna\u00f0ars\u00f6ngur.<a name=\"11\"><span class=\"versanumer\">11<\/span><\/a>Borgin upphefst af blessun hinna hreinskilnu, en af munni \u00f3gu\u00f0legra ver\u00f0ur h\u00fan ni\u00f0urbrotin.<a name=\"12\"><span class=\"versanumer\">12<\/span><\/a>S\u00e1 sem h\u00e6\u00f0ir sinn n\u00e1unga er f\u00e1v\u00eds; hygginn ma\u00f0ur \u00feegir.<a name=\"13\"><span class=\"versanumer\">13<\/span><\/a>S\u00e1 sem fer um kring sem upplj\u00f3stari, opinberar leyndarm\u00e1l; en s\u00e1 sem er tr\u00far \u00ed s\u00ednu hjarta, hann leynir s\u00f6kinni.<a name=\"14\"><span class=\"versanumer\">14<\/span><\/a>\u00dear sem engin stj\u00f3rn er, \u00fear hl\u00fdtur f\u00f3lki\u00f0 a\u00f0 falla; hvar margir r\u00e1\u00f0gjafar eru, \u00fear er frelsi.<a name=\"15\"><span class=\"versanumer\">15<\/span><\/a>\u00deegar einhv\u00f6r gengur \u00ed borgun fyrir framandi mann, mun \u00fea\u00f0 vissulega ei fara vel; en \u00feeim sem hatar hands\u00f6l, er \u00f3h\u00e6tt.<a name=\"16\"><span class=\"versanumer\">16<\/span><\/a>Yndisleg kona geymir s\u00edna s\u00e6md; eins og t\u00fdrannar geyma vandlega s\u00edn au\u00f0\u00e6fi.<a name=\"17\"><span class=\"versanumer\">17<\/span><\/a>Miskunnsamur ma\u00f0ur gj\u00f6rir gott sinni s\u00e1lu, en s\u00e1 grimmi pl\u00e1gar sitt eigi\u00f0 hold.<a name=\"18\"><span class=\"versanumer\">18<\/span><\/a>S\u00e1 \u00f3gu\u00f0legi vinnur \u00e1vaxtarlaust verk, en s\u00e1 sem s\u00e1ir r\u00e9ttl\u00e6tinu, hann f\u00e6r viss laun.<a name=\"19\"><span class=\"versanumer\">19<\/span><\/a>\u00deannig lei\u00f0ir r\u00e9ttl\u00e6ti\u00f0 til l\u00edfsins, eins og a\u00f0 s\u00e1, sem eltir hi\u00f0 illa, hra\u00f0ar s\u00e9r til s\u00edns dau\u00f0a.<a name=\"20\"><span class=\"versanumer\">20<\/span><\/a>Vi\u00f0urstygg\u00f0 fyrir Drottni eru \u00feau vanartugu hj\u00f6rtu; en hans vel\u00fe\u00f3knan eru \u00feeir sem ganga \u00f3straffanlega.<a name=\"21\"><span class=\"versanumer\">21<\/span><\/a>Fr\u00e1 kyni til kyns ver\u00f0ur s\u00e1 vondi ekki \u00f3straffa\u00f0ur, en ni\u00f0jar r\u00e9ttl\u00e1tra frelsast;<a name=\"22\"><span class=\"versanumer\">22<\/span><\/a>eins og gullhringur \u00ed sv\u00ednstr\u00fdni, svo er fr\u00ed\u00f0leiki \u00feeirri konu, sem v\u00edkur fr\u00e1 si\u00f0semi.<a name=\"23\"><span class=\"versanumer\">23<\/span><\/a>\u00deeirra r\u00e9ttl\u00e1tu eftirl\u00f6ngun er eint\u00f3m g\u00e6ska, en von \u00f3gu\u00f0legra er hegning.<a name=\"24\"><span class=\"versanumer\">24<\/span><\/a>S\u00e1 er til, sem \u00fatb\u00fdtir r\u00edkuglega, og f\u00e6r \u00e6 meir og meir; og s\u00e1 er til, sem heldur inni meiru en r\u00e9tt er, og hefir \u00fe\u00f3 a\u00f0eins skort.<a name=\"25\"><span class=\"versanumer\">25<\/span><\/a>S\u00fa s\u00e1l, sem a\u00f0ra blessar, mun sj\u00e1lf fitna; og s\u00e1 sem \u00f6\u00f0rum vatnar, honum skal vatna\u00f0a ver\u00f0a.<a name=\"26\"><span class=\"versanumer\">26<\/span><\/a>Hv\u00f6rjum sem korni inniheldur, \u00feeim b\u00f6lvar f\u00f3lki\u00f0; en blessun kemur yfir \u00feess h\u00f6fu\u00f0 sem selur \u00fea\u00f0.<a name=\"27\"><span class=\"versanumer\">27<\/span><\/a>Hv\u00f6r sem al\u00fa\u00f0lega leitar g\u00f3\u00f0s, s\u00e1 leitar eftir vel\u00fe\u00f3knan; en hv\u00f6r sem leitar ills, hann skal fyrir \u00fev\u00ed ver\u00f0a.<a name=\"28\"><span class=\"versanumer\">28<\/span><\/a>Hv\u00f6r sem treystir s\u00ednum au\u00f0, s\u00e1 fellur; en \u00feeir r\u00e9ttl\u00e1tu gr\u00e6nka eins og laufbla\u00f0.<a name=\"29\"><span class=\"versanumer\">29<\/span><\/a>Hv\u00f6r sem raskar s\u00ednu eigin h\u00fasi, mun erfa vind, og d\u00e1rinn skal vera \u00fe\u00e9nari hins hyggna.<a name=\"30\"><span class=\"versanumer\">30<\/span><\/a>\u00c1v\u00f6xtur hins r\u00e9ttl\u00e1ta er <span class='VideyAth'>(\u00e1v\u00f6xtur af)<\/span> l\u00edfsins tr\u00e9, og s\u00e1 v\u00edsi dregur s\u00e1lir a\u00f0 s\u00e9r.<a name=\"31\"><span class=\"versanumer\">31<\/span><\/a>Sj\u00e1! hinn r\u00e9ttl\u00e1ti f\u00e6r umbun h\u00e9r \u00e1 j\u00f6r\u00f0unni, hv\u00f6rsu miklu framar s\u00e1 \u00f3gu\u00f0legi og syndarinn?<\/p>\n<div class=\"footnoteVidey\"><\/div>\n","protected":false},"excerpt":{"rendered":"<p>R\u00e9tts\u00fdni vi\u00f0 n\u00e1ungann. 1R\u00f6ng vog er Drottni andstygg\u00f0, en gild rei\u00f0sla er hans vel\u00fe\u00f3knan.2Komi drambsemi, kemur forsm\u00e1n, en hj\u00e1 \u00feeim au\u00f0mj\u00faku er v\u00edsd\u00f3mur.3Sakleysi hinna hreinskilnu lei\u00f0ir \u00fe\u00e1; en k\u00e6nska hinna svikulu fl\u00e6kir \u00fe\u00e1.4Au\u00f0\u00e6fi sto\u00f0a ekki \u00e1 degi rei\u00f0innar; en r\u00e9ttl\u00e6ti frelsar fr\u00e1 dau\u00f0anum.5R\u00e9ttl\u00e6ti g\u00f3\u00f0s manns gj\u00f6rir hans veg grei\u00f0an (sl\u00e9ttan); en s\u00e1 \u00f3gu\u00f0legi dettur um sinn \u00f3gu\u00f0legleika.6R\u00e9ttl\u00e6ti hinna hreinskilnu frelsar \u00fe\u00e1, en \u00feeir sviks\u00f6mu fangast \u00ed sinni vonsku.7\u00deegar s\u00e1 \u00f3gu\u00f0legi deyr, er hans von farin; og rangl\u00e1tra eftirv\u00e6nting hverfur.8S\u00e1 r\u00e9ttl\u00e1ti frelsast \u00far nau\u00f0unum, og s\u00e1 \u00f3gu\u00f0legi kemur \u00ed hans sta\u00f0, nl. \u00ed nau\u00f0ir.9Me\u00f0 munninum leitast hr\u00e6snarinn vi\u00f0 a\u00f0 steypa s\u00ednum <a href=\"https:\/\/biblian.is\/videy\/ordskvidirnir-11-kafli\/\"> [&#8230;]<\/a><\/p>\n","protected":false},"author":1,"featured_media":0,"parent":0,"menu_order":0,"comment_status":"open","ping_status":"open","template":"bibliukaflar.php","meta":{"footnotes":""},"class_list":["post-21488","page","type-page","status-publish","hentry"],"_links":{"self":[{"href":"https:\/\/biblian.is\/videy\/wp-json\/wp\/v2\/pages\/21488","targetHints":{"allow":["GET"]}}],"collection":[{"href":"https:\/\/biblian.is\/videy\/wp-json\/wp\/v2\/pages"}],"about":[{"href":"https:\/\/biblian.is\/videy\/wp-json\/wp\/v2\/types\/page"}],"author":[{"embeddable":true,"href":"https:\/\/biblian.is\/videy\/wp-json\/wp\/v2\/users\/1"}],"replies":[{"embeddable":true,"href":"https:\/\/biblian.is\/videy\/wp-json\/wp\/v2\/comments?post=21488"}],"version-history":[{"count":0,"href":"https:\/\/biblian.is\/videy\/wp-json\/wp\/v2\/pages\/21488\/revisions"}],"wp:attachment":[{"href":"https:\/\/biblian.is\/videy\/wp-json\/wp\/v2\/media?parent=21488"}],"curies":[{"name":"wp","href":"https:\/\/api.w.org\/{rel}","templated":true}]}}