{"id":21486,"date":"2018-01-02T01:02:14","date_gmt":"2018-01-02T01:02:14","guid":{"rendered":"http:\/\/biblian.is\/videy\/ordskvidirnir-9-kafli\/"},"modified":"2018-01-02T01:02:14","modified_gmt":"2018-01-02T01:02:14","slug":"ordskvidirnir-9-kafli","status":"publish","type":"page","link":"https:\/\/biblian.is\/videy\/ordskvidirnir-9-kafli\/","title":{"rendered":"Or\u00f0skvi\u00f0irnir 9. kafli"},"content":{"rendered":"<div class=\"fyrirsognVidey\">Upphvatning til visku. Vi\u00f0v\u00f6run vi\u00f0 heimsku.<\/div>\n<p><a name=\"1\"><span class=\"versanumer\">1<\/span><\/a>Viskan bygg\u00f0i s\u00e9r h\u00fas, og hj\u00f3 \u00feess sj\u00f6 st\u00f3lpa.<a name=\"2\"><span class=\"versanumer\">2<\/span><\/a>H\u00fan sl\u00e1tra\u00f0i s\u00ednu sl\u00e1tursf\u00e9, blanda\u00f0i v\u00edn sitt og bj\u00f3 sitt bor\u00f0;<a name=\"3\"><span class=\"versanumer\">3<\/span><\/a>h\u00fan sendi \u00fat s\u00ednar \u00feernur, h\u00fan hr\u00f3pa\u00f0i \u00e1 h\u00e1um st\u00f6\u00f0um borgarinnar.<a name=\"4\"><span class=\"versanumer\">4<\/span><\/a>Hv\u00f6r er bernskur? komi s\u00e1 hinga\u00f0! vi\u00f0 \u00feann f\u00e1v\u00edsa m\u00e6lti h\u00fan:<a name=\"5\"><span class=\"versanumer\">5<\/span><\/a>kom hinga\u00f0! eti\u00f0 af m\u00ednu brau\u00f0i, og drekki\u00f0 af v\u00edninu sem eg hefi blanda\u00f0,<a name=\"6\"><span class=\"versanumer\">6<\/span><\/a>segi\u00f0 skili\u00f0 vi\u00f0 bernskuna, svo munu\u00f0 \u00fe\u00e9r lifa, og gangi\u00f0 fram \u00e1 hyggindanna veg.<a name=\"7\"><span class=\"versanumer\">7<\/span><\/a>Hv\u00f6r sem umvandar vi\u00f0 sp\u00e9linn mann, m\u00e1 l\u00e1ta s\u00e9r lynda h\u00e6\u00f0ni, og hv\u00f6r sem \u00e1v\u00edtar \u00f3gu\u00f0legan, h\u00e1\u00f0ung.<a name=\"8\"><span class=\"versanumer\">8<\/span><\/a>Umvanda \u00fe\u00fa ekki vi\u00f0 sp\u00e9linn mann, svo hann hati \u00feig ekki! umvanda vi\u00f0 hyggin mann, og hann mun elska \u00feig.<a name=\"9\"><span class=\"versanumer\">9<\/span><\/a>Gef \u00fe\u00fa vitrum manni <span class='VideyAth'>(\u00e1minning)<\/span> og hann mun ver\u00f0a enn vitrari, uppfr\u00e6ddu \u00feann r\u00e1\u00f0vanda, og honum mun \u00ed \u00feekkingu framfara.<a name=\"10\"><span class=\"versanumer\">10<\/span><\/a>\u00d3tti Drottins er upphaf viskunnar, og \u00feekking hins heilaga s\u00f6nn hyggindi,<a name=\"11\"><span class=\"versanumer\">11<\/span><\/a>fyrir mitt fulltingi skulu \u00fe\u00ednir dagar margir ver\u00f0a, og \u00fe\u00edn \u00e6vi \u00e1r aukast.<a name=\"12\"><span class=\"versanumer\">12<\/span><\/a>S\u00e9rtu hygginn, \u00fe\u00e1 ertu hygginn fyrir sj\u00e1lfan \u00feig, og s\u00e9rtu h\u00e1\u00f0gjarn, \u00fe\u00e1 muntu \u00fea\u00f0 einsamall bera. <br \/><a name=\"13\"><span class=\"versanumer\">13<\/span><\/a>Heimsk kona er \u00f3hemja, hugsunarlaus og veit ekkert.<a name=\"14\"><span class=\"versanumer\">14<\/span><\/a>H\u00fan situr vi\u00f0 s\u00ednar h\u00fasdyr \u00e1 st\u00f3l, \u00e1 \u00feeim h\u00e1u st\u00f6\u00f0um \u00ed borginni,<a name=\"15\"><span class=\"versanumer\">15<\/span><\/a>og kallar til \u00feeirra sem framhj\u00e1 ganga um veginn, og fara beint \u00e1fram s\u00edna lei\u00f0:<a name=\"16\"><span class=\"versanumer\">16<\/span><\/a>Hv\u00f6r er bernskur? komi s\u00e1 hinga\u00f0; og vi\u00f0 \u00feann heimska segir h\u00fan:<a name=\"17\"><span class=\"versanumer\">17<\/span><\/a>stoli\u00f0 vatn er s\u00e6tt og fali\u00f0 brau\u00f0 smakkar vel.<a name=\"18\"><span class=\"versanumer\">18<\/span><\/a>En hann veit ekki, a\u00f0 dau\u00f0yfli eru \u00fear, og \u00feeir sem h\u00fan la\u00f0ar til s\u00edn, eru \u00ed helv\u00edtis hyl.<\/p>\n<div class=\"footnoteVidey\"><\/div>\n","protected":false},"excerpt":{"rendered":"<p>Upphvatning til visku. Vi\u00f0v\u00f6run vi\u00f0 heimsku. 1Viskan bygg\u00f0i s\u00e9r h\u00fas, og hj\u00f3 \u00feess sj\u00f6 st\u00f3lpa.2H\u00fan sl\u00e1tra\u00f0i s\u00ednu sl\u00e1tursf\u00e9, blanda\u00f0i v\u00edn sitt og bj\u00f3 sitt bor\u00f0;3h\u00fan sendi \u00fat s\u00ednar \u00feernur, h\u00fan hr\u00f3pa\u00f0i \u00e1 h\u00e1um st\u00f6\u00f0um borgarinnar.4Hv\u00f6r er bernskur? komi s\u00e1 hinga\u00f0! vi\u00f0 \u00feann f\u00e1v\u00edsa m\u00e6lti h\u00fan:5kom hinga\u00f0! eti\u00f0 af m\u00ednu brau\u00f0i, og drekki\u00f0 af v\u00edninu sem eg hefi blanda\u00f0,6segi\u00f0 skili\u00f0 vi\u00f0 bernskuna, svo munu\u00f0 \u00fe\u00e9r lifa, og gangi\u00f0 fram \u00e1 hyggindanna veg.7Hv\u00f6r sem umvandar vi\u00f0 sp\u00e9linn mann, m\u00e1 l\u00e1ta s\u00e9r lynda h\u00e6\u00f0ni, og hv\u00f6r sem \u00e1v\u00edtar \u00f3gu\u00f0legan, h\u00e1\u00f0ung.8Umvanda \u00fe\u00fa ekki vi\u00f0 sp\u00e9linn mann, svo hann hati \u00feig ekki! umvanda vi\u00f0 hyggin <a href=\"https:\/\/biblian.is\/videy\/ordskvidirnir-9-kafli\/\"> [&#8230;]<\/a><\/p>\n","protected":false},"author":1,"featured_media":0,"parent":0,"menu_order":0,"comment_status":"open","ping_status":"open","template":"bibliukaflar.php","meta":{"footnotes":""},"class_list":["post-21486","page","type-page","status-publish","hentry"],"_links":{"self":[{"href":"https:\/\/biblian.is\/videy\/wp-json\/wp\/v2\/pages\/21486","targetHints":{"allow":["GET"]}}],"collection":[{"href":"https:\/\/biblian.is\/videy\/wp-json\/wp\/v2\/pages"}],"about":[{"href":"https:\/\/biblian.is\/videy\/wp-json\/wp\/v2\/types\/page"}],"author":[{"embeddable":true,"href":"https:\/\/biblian.is\/videy\/wp-json\/wp\/v2\/users\/1"}],"replies":[{"embeddable":true,"href":"https:\/\/biblian.is\/videy\/wp-json\/wp\/v2\/comments?post=21486"}],"version-history":[{"count":0,"href":"https:\/\/biblian.is\/videy\/wp-json\/wp\/v2\/pages\/21486\/revisions"}],"wp:attachment":[{"href":"https:\/\/biblian.is\/videy\/wp-json\/wp\/v2\/media?parent=21486"}],"curies":[{"name":"wp","href":"https:\/\/api.w.org\/{rel}","templated":true}]}}