{"id":21467,"date":"2018-01-02T01:02:07","date_gmt":"2018-01-02T01:02:07","guid":{"rendered":"http:\/\/biblian.is\/videy\/salmarnir-140-kafli\/"},"modified":"2018-01-02T01:02:07","modified_gmt":"2018-01-02T01:02:07","slug":"salmarnir-140-kafli","status":"publish","type":"page","link":"https:\/\/biblian.is\/videy\/salmarnir-140-kafli\/","title":{"rendered":"S\u00e1lmarnir 140. kafli"},"content":{"rendered":"<div class=\"fyrirsognVidey\">B\u00e6n m\u00f3ti \u00f3vinum.<\/div>\n<p><a name=\"1\"><span class=\"versanumer\">1<\/span><\/a>Til hlj\u00f3\u00f0f\u00e6rameistarans, s\u00e1lmur af Dav\u00ed\u00f0.<a name=\"2\"><span class=\"versanumer\">2<\/span><\/a>Frelsa mig, Drottinn! fr\u00e1 \u00feeim vondu m\u00f6nnum, var\u00f0veittu mig, fyrir ofbeldism\u00f6nnunum.<a name=\"3\"><span class=\"versanumer\">3<\/span><\/a>sem hugsa illt \u00ed hjartanu, sem hv\u00f6rn dag vekja str\u00ed\u00f0.<a name=\"4\"><span class=\"versanumer\">4<\/span><\/a>\u00deeir ydda s\u00ednar tungur sem h\u00f6ggormar, n\u00f6\u00f0rueitur er undir \u00feeirra v\u00f6rum, <span class='VideyAth'>(m\u00e1lhv\u00edld)<\/span>.<a name=\"5\"><span class=\"versanumer\">5<\/span><\/a>Var\u00f0veit mig, Drottinn! fr\u00e1 armi hinna \u00f3gu\u00f0legu. Vakta mig fyrir ofbeldism\u00f6nnunum, sem hugsa um a\u00f0 leggja \u00e1steytingu fyrir minn f\u00f3t.<a name=\"6\"><span class=\"versanumer\">6<\/span><\/a>\u00deeir drambl\u00e1tu leggja sn\u00f6rur og strengi fyrir mig, \u00feeir \u00fat\u00feenja net \u00e1 veginum, t\u00e1lgildrur leggja \u00feeir fyrir mig, <span class='VideyAth'>(m\u00e1lhv\u00edld)<\/span>.<a name=\"7\"><span class=\"versanumer\">7<\/span><\/a>Eg segi vi\u00f0 Drottin: \u00fe\u00fa ert minn Gu\u00f0, sn\u00fa, \u00f3 Drottinn! \u00fe\u00ednu eyra a\u00f0 raust minnar gr\u00e1tbei\u00f0ni!<a name=\"8\"><span class=\"versanumer\">8<\/span><\/a>Drottinn! Herrann er styrkur m\u00edns frelsis! \u00fe\u00fa hl\u00edfir m\u00ednu h\u00f6f\u00f0i \u00e1 bardagans degi.<a name=\"9\"><span class=\"versanumer\">9<\/span><\/a>Veittu ekki, Drottinn! \u00feeim \u00f3gu\u00f0lega hans \u00f3sk. L\u00e1ttu hans r\u00e1\u00f0agj\u00f6r\u00f0 ekki f\u00e1 framgang, \u00feeir mundu annars upphroka s\u00e9r, <span class='VideyAth'>(m\u00e1lhv\u00edld)<\/span>.<a name=\"10\"><span class=\"versanumer\">10<\/span><\/a>Fyrirli\u00f0ar \u00feeirra sem umkringja mig, l\u00e1t ath\u00e6fi \u00feeirra vara koma \u00feeim \u00ed koll.<a name=\"11\"><span class=\"versanumer\">11<\/span><\/a>Gl\u00f3\u00f0um elds s\u00e9 yfir \u00fe\u00e1 steypt, hann l\u00e1ti \u00fe\u00e1 detta \u00ed eldinn, \u00ed dj\u00fapar grafir, a\u00f0 \u00feeir ekki standi upp.<a name=\"12\"><span class=\"versanumer\">12<\/span><\/a>Ma\u00f0urinn me\u00f0 <span class='VideyAth'>(\u00fe\u00e1 vondu)<\/span> tungu stenst ekki \u00e1 j\u00f6r\u00f0unni; s\u00e1 \u00f3gu\u00f0legi ofbeldisma\u00f0ur skal \u00f3\u00f0ar rekast \u00ed fordj\u00f6rfun.<a name=\"13\"><span class=\"versanumer\">13<\/span><\/a>Eg veit a\u00f0 Drottinn tekur a\u00f0 s\u00e9r m\u00e1lefni hins auma, og \u00fatvegar r\u00e9tt \u00feeim f\u00e1t\u00e6ka.<a name=\"14\"><span class=\"versanumer\">14<\/span><\/a>J\u00e1, \u00feeir r\u00e1\u00f0v\u00f6ndu munu vegsama \u00feitt nafn. \u00deeir hreinskilnu b\u00faa fyrir \u00fe\u00ednu augliti. <\/p>\n<div class=\"footnoteVidey\"><\/div>\n","protected":false},"excerpt":{"rendered":"<p>B\u00e6n m\u00f3ti \u00f3vinum. 1Til hlj\u00f3\u00f0f\u00e6rameistarans, s\u00e1lmur af Dav\u00ed\u00f0.2Frelsa mig, Drottinn! fr\u00e1 \u00feeim vondu m\u00f6nnum, var\u00f0veittu mig, fyrir ofbeldism\u00f6nnunum.3sem hugsa illt \u00ed hjartanu, sem hv\u00f6rn dag vekja str\u00ed\u00f0.4\u00deeir ydda s\u00ednar tungur sem h\u00f6ggormar, n\u00f6\u00f0rueitur er undir \u00feeirra v\u00f6rum, (m\u00e1lhv\u00edld).5Var\u00f0veit mig, Drottinn! fr\u00e1 armi hinna \u00f3gu\u00f0legu. Vakta mig fyrir ofbeldism\u00f6nnunum, sem hugsa um a\u00f0 leggja \u00e1steytingu fyrir minn f\u00f3t.6\u00deeir drambl\u00e1tu leggja sn\u00f6rur og strengi fyrir mig, \u00feeir \u00fat\u00feenja net \u00e1 veginum, t\u00e1lgildrur leggja \u00feeir fyrir mig, (m\u00e1lhv\u00edld).7Eg segi vi\u00f0 Drottin: \u00fe\u00fa ert minn Gu\u00f0, sn\u00fa, \u00f3 Drottinn! \u00fe\u00ednu eyra a\u00f0 raust minnar gr\u00e1tbei\u00f0ni!8Drottinn! Herrann er styrkur m\u00edns frelsis! \u00fe\u00fa hl\u00edfir m\u00ednu h\u00f6f\u00f0i <a href=\"https:\/\/biblian.is\/videy\/salmarnir-140-kafli\/\"> [&#8230;]<\/a><\/p>\n","protected":false},"author":1,"featured_media":0,"parent":0,"menu_order":0,"comment_status":"open","ping_status":"open","template":"bibliukaflar.php","meta":{"footnotes":""},"class_list":["post-21467","page","type-page","status-publish","hentry"],"_links":{"self":[{"href":"https:\/\/biblian.is\/videy\/wp-json\/wp\/v2\/pages\/21467","targetHints":{"allow":["GET"]}}],"collection":[{"href":"https:\/\/biblian.is\/videy\/wp-json\/wp\/v2\/pages"}],"about":[{"href":"https:\/\/biblian.is\/videy\/wp-json\/wp\/v2\/types\/page"}],"author":[{"embeddable":true,"href":"https:\/\/biblian.is\/videy\/wp-json\/wp\/v2\/users\/1"}],"replies":[{"embeddable":true,"href":"https:\/\/biblian.is\/videy\/wp-json\/wp\/v2\/comments?post=21467"}],"version-history":[{"count":0,"href":"https:\/\/biblian.is\/videy\/wp-json\/wp\/v2\/pages\/21467\/revisions"}],"wp:attachment":[{"href":"https:\/\/biblian.is\/videy\/wp-json\/wp\/v2\/media?parent=21467"}],"curies":[{"name":"wp","href":"https:\/\/api.w.org\/{rel}","templated":true}]}}