{"id":21451,"date":"2018-01-02T01:02:07","date_gmt":"2018-01-02T01:02:07","guid":{"rendered":"http:\/\/biblian.is\/videy\/salmarnir-124-kafli\/"},"modified":"2018-01-02T01:02:07","modified_gmt":"2018-01-02T01:02:07","slug":"salmarnir-124-kafli","status":"publish","type":"page","link":"https:\/\/biblian.is\/videy\/salmarnir-124-kafli\/","title":{"rendered":"S\u00e1lmarnir 124. kafli"},"content":{"rendered":"<div class=\"fyrirsognVidey\">\u00deakkl\u00e6ti og lofgj\u00f6r\u00f0.<\/div>\n<p><a name=\"1\"><span class=\"versanumer\">1<\/span><\/a>Uppg\u00f6ngus\u00e1lmur af Dav\u00ed\u00f0. Hef\u00f0i Drottinn ei veri\u00f0 me\u00f0 oss <span class='VideyAth'>(svo segi \u00cdsrael)<\/span>:<a name=\"2\"><span class=\"versanumer\">2<\/span><\/a>Hef\u00f0i Drottinn ei veri\u00f0 me\u00f0 oss \u00feegar menn risu \u00e1 m\u00f3ti oss,<a name=\"3\"><span class=\"versanumer\">3<\/span><\/a>\u00fe\u00e1 hef\u00f0u \u00feeir svelgt oss lifandi, \u00feegar \u00feeirra rei\u00f0i var gegn oss upptendru\u00f0;<a name=\"4\"><span class=\"versanumer\">4<\/span><\/a>\u00fe\u00e1 hef\u00f0u v\u00f6tnin streymt yfir oss, vatnsf\u00f6llin gengi\u00f0 yfir vor h\u00f6fu\u00f0,<a name=\"5\"><span class=\"versanumer\">5<\/span><\/a>\u00feau uppbelgdu v\u00f6tn hef\u00f0u gengi\u00f0 oss yfir h\u00f6fu\u00f0.<a name=\"6\"><span class=\"versanumer\">6<\/span><\/a>Lofa\u00f0ur s\u00e9 Drottinn! sem ekki l\u00e9t oss ver\u00f0a a\u00f0 br\u00e1\u00f0 fyrir \u00feeirra tennur,<a name=\"7\"><span class=\"versanumer\">7<\/span><\/a>vor s\u00e1l er sloppin, eins og fugl \u00far sn\u00f6ru fuglafangarans; snaran sveik, v\u00e9r sluppum.<a name=\"8\"><span class=\"versanumer\">8<\/span><\/a>Vor hj\u00e1lp er nafn Drottins, hans sem gj\u00f6r\u00f0i himin og j\u00f6r\u00f0.<\/p>\n<div class=\"footnoteVidey\"><\/div>\n","protected":false},"excerpt":{"rendered":"<p>\u00deakkl\u00e6ti og lofgj\u00f6r\u00f0. 1Uppg\u00f6ngus\u00e1lmur af Dav\u00ed\u00f0. Hef\u00f0i Drottinn ei veri\u00f0 me\u00f0 oss (svo segi \u00cdsrael):2Hef\u00f0i Drottinn ei veri\u00f0 me\u00f0 oss \u00feegar menn risu \u00e1 m\u00f3ti oss,3\u00fe\u00e1 hef\u00f0u \u00feeir svelgt oss lifandi, \u00feegar \u00feeirra rei\u00f0i var gegn oss upptendru\u00f0;4\u00fe\u00e1 hef\u00f0u v\u00f6tnin streymt yfir oss, vatnsf\u00f6llin gengi\u00f0 yfir vor h\u00f6fu\u00f0,5\u00feau uppbelgdu v\u00f6tn hef\u00f0u gengi\u00f0 oss yfir h\u00f6fu\u00f0.6Lofa\u00f0ur s\u00e9 Drottinn! sem ekki l\u00e9t oss ver\u00f0a a\u00f0 br\u00e1\u00f0 fyrir \u00feeirra tennur,7vor s\u00e1l er sloppin, eins og fugl \u00far sn\u00f6ru fuglafangarans; snaran sveik, v\u00e9r sluppum.8Vor hj\u00e1lp er nafn Drottins, hans sem gj\u00f6r\u00f0i himin og j\u00f6r\u00f0.<\/p>\n","protected":false},"author":1,"featured_media":0,"parent":0,"menu_order":0,"comment_status":"open","ping_status":"open","template":"bibliukaflar.php","meta":{"footnotes":""},"class_list":["post-21451","page","type-page","status-publish","hentry"],"_links":{"self":[{"href":"https:\/\/biblian.is\/videy\/wp-json\/wp\/v2\/pages\/21451","targetHints":{"allow":["GET"]}}],"collection":[{"href":"https:\/\/biblian.is\/videy\/wp-json\/wp\/v2\/pages"}],"about":[{"href":"https:\/\/biblian.is\/videy\/wp-json\/wp\/v2\/types\/page"}],"author":[{"embeddable":true,"href":"https:\/\/biblian.is\/videy\/wp-json\/wp\/v2\/users\/1"}],"replies":[{"embeddable":true,"href":"https:\/\/biblian.is\/videy\/wp-json\/wp\/v2\/comments?post=21451"}],"version-history":[{"count":0,"href":"https:\/\/biblian.is\/videy\/wp-json\/wp\/v2\/pages\/21451\/revisions"}],"wp:attachment":[{"href":"https:\/\/biblian.is\/videy\/wp-json\/wp\/v2\/media?parent=21451"}],"curies":[{"name":"wp","href":"https:\/\/api.w.org\/{rel}","templated":true}]}}