{"id":21450,"date":"2018-01-02T01:02:07","date_gmt":"2018-01-02T01:02:07","guid":{"rendered":"http:\/\/biblian.is\/videy\/salmarnir-123-kafli\/"},"modified":"2018-01-02T01:02:07","modified_gmt":"2018-01-02T01:02:07","slug":"salmarnir-123-kafli","status":"publish","type":"page","link":"https:\/\/biblian.is\/videy\/salmarnir-123-kafli\/","title":{"rendered":"S\u00e1lmarnir 123. kafli"},"content":{"rendered":"<div class=\"fyrirsognVidey\">Andvarp \u00ed \u00f3fri\u00f0i.<\/div>\n<p><a name=\"1\"><span class=\"versanumer\">1<\/span><\/a>Fer\u00f0as\u00e1lmur e\u00f0ur uppg\u00f6ngus\u00e1lmur. Til \u00fe\u00edn, sem situr \u00e1 himni, upplyfti eg m\u00ednum augum.<a name=\"2\"><span class=\"versanumer\">2<\/span><\/a>Sj\u00e1! eins og \u00fe\u00e9narans augu l\u00edta upp \u00e1 h\u00f6nd h\u00fasb\u00f3ndans, eins og \u00fej\u00f3nustukvinnunnar augu upp \u00e1 h\u00f6nd sinnar h\u00fasm\u00f3\u00f0ur, svolei\u00f0is l\u00edta vor augu til Drottins vors Gu\u00f0s, \u00feanga\u00f0 til hann ver\u00f0ur oss n\u00e1\u00f0ugur.<a name=\"3\"><span class=\"versanumer\">3<\/span><\/a>Vertu oss n\u00e1\u00f0ugur, Drottinn! vertu oss n\u00e1\u00f0ugur, \u00fev\u00ed v\u00e9r erum ofmettir af fyrirlitningu.<a name=\"4\"><span class=\"versanumer\">4<\/span><\/a>Vor s\u00e1l er fullmett af spotti hinna drambl\u00e1tu, af fyrirlitning hinna drambs\u00f6mu.<\/p>\n<div class=\"footnoteVidey\"><\/div>\n","protected":false},"excerpt":{"rendered":"<p>Andvarp \u00ed \u00f3fri\u00f0i. 1Fer\u00f0as\u00e1lmur e\u00f0ur uppg\u00f6ngus\u00e1lmur. Til \u00fe\u00edn, sem situr \u00e1 himni, upplyfti eg m\u00ednum augum.2Sj\u00e1! eins og \u00fe\u00e9narans augu l\u00edta upp \u00e1 h\u00f6nd h\u00fasb\u00f3ndans, eins og \u00fej\u00f3nustukvinnunnar augu upp \u00e1 h\u00f6nd sinnar h\u00fasm\u00f3\u00f0ur, svolei\u00f0is l\u00edta vor augu til Drottins vors Gu\u00f0s, \u00feanga\u00f0 til hann ver\u00f0ur oss n\u00e1\u00f0ugur.3Vertu oss n\u00e1\u00f0ugur, Drottinn! vertu oss n\u00e1\u00f0ugur, \u00fev\u00ed v\u00e9r erum ofmettir af fyrirlitningu.4Vor s\u00e1l er fullmett af spotti hinna drambl\u00e1tu, af fyrirlitning hinna drambs\u00f6mu.<\/p>\n","protected":false},"author":1,"featured_media":0,"parent":0,"menu_order":0,"comment_status":"open","ping_status":"open","template":"bibliukaflar.php","meta":{"footnotes":""},"class_list":["post-21450","page","type-page","status-publish","hentry"],"_links":{"self":[{"href":"https:\/\/biblian.is\/videy\/wp-json\/wp\/v2\/pages\/21450","targetHints":{"allow":["GET"]}}],"collection":[{"href":"https:\/\/biblian.is\/videy\/wp-json\/wp\/v2\/pages"}],"about":[{"href":"https:\/\/biblian.is\/videy\/wp-json\/wp\/v2\/types\/page"}],"author":[{"embeddable":true,"href":"https:\/\/biblian.is\/videy\/wp-json\/wp\/v2\/users\/1"}],"replies":[{"embeddable":true,"href":"https:\/\/biblian.is\/videy\/wp-json\/wp\/v2\/comments?post=21450"}],"version-history":[{"count":0,"href":"https:\/\/biblian.is\/videy\/wp-json\/wp\/v2\/pages\/21450\/revisions"}],"wp:attachment":[{"href":"https:\/\/biblian.is\/videy\/wp-json\/wp\/v2\/media?parent=21450"}],"curies":[{"name":"wp","href":"https:\/\/api.w.org\/{rel}","templated":true}]}}