{"id":21447,"date":"2018-01-02T01:02:00","date_gmt":"2018-01-02T01:02:00","guid":{"rendered":"http:\/\/biblian.is\/videy\/salmarnir-120-kafli\/"},"modified":"2018-01-02T01:02:00","modified_gmt":"2018-01-02T01:02:00","slug":"salmarnir-120-kafli","status":"publish","type":"page","link":"https:\/\/biblian.is\/videy\/salmarnir-120-kafli\/","title":{"rendered":"S\u00e1lmarnir 120. kafli"},"content":{"rendered":"<div class=\"fyrirsognVidey\">Kv\u00f6rtun yfir \u00f3vinum.<\/div>\n<p><a name=\"1\"><span class=\"versanumer\">1<\/span><\/a>St\u00edgandi s\u00e1lmur. Til Drottins kalla eg \u00ed minni ney\u00f0 og hann b\u00e6nheyrir mig.<a name=\"2\"><span class=\"versanumer\">2<\/span><\/a>Drottinn! frelsa m\u00edna s\u00e1l fr\u00e1 lyginnar v\u00f6rum og svikanna tungu.<a name=\"3\"><span class=\"versanumer\">3<\/span><\/a>Hva\u00f0 gefur \u00fe\u00e9r? hva\u00f0 gagnar \u00fe\u00e9r svikanna tunga?<a name=\"4\"><span class=\"versanumer\">4<\/span><\/a><span class='VideyAth'>(H\u00fan er eins og)<\/span> str\u00ed\u00f0smannsins hv\u00f6ssu p\u00edlur, eins og gl\u00e6\u00f0ur einirberjatr\u00e9sins.<a name=\"5\"><span class=\"versanumer\">5<\/span><\/a>Vei m\u00e9r! a\u00f0 eg var\u00f0 a\u00f0 vera \u00fatlendur \u00ed Armen\u00eda Mesek, og b\u00faa \u00ed Arab\u00eda Kedars tjaldb\u00fa\u00f0um,<a name=\"6\"><span class=\"versanumer\">6<\/span><\/a>of lengi hefi eg b\u00fai\u00f0 hj\u00e1 \u00feeim sem fri\u00f0inn hata.<a name=\"7\"><span class=\"versanumer\">7<\/span><\/a>Eg em eint\u00f3mur fri\u00f0ur, en \u00feegar eg tala <span class='VideyAth'>(um fri\u00f0)<\/span>, hefja \u00feeir str\u00ed\u00f0.<\/p>\n<div class=\"footnoteVidey\">V. 1. Sumir kalla \u00feessa s\u00e1lma fer\u00f0as\u00e1lma, a\u00f0rir halda nafni\u00f0 s\u00e9 dregi\u00f0 af laginu, e\u00f0a efninu. Or\u00f0i\u00f0 \u00fe\u00fd\u00f0ir eiginlega: Stiga, uppgang.<\/div>\n","protected":false},"excerpt":{"rendered":"<p>Kv\u00f6rtun yfir \u00f3vinum. 1St\u00edgandi s\u00e1lmur. Til Drottins kalla eg \u00ed minni ney\u00f0 og hann b\u00e6nheyrir mig.2Drottinn! frelsa m\u00edna s\u00e1l fr\u00e1 lyginnar v\u00f6rum og svikanna tungu.3Hva\u00f0 gefur \u00fe\u00e9r? hva\u00f0 gagnar \u00fe\u00e9r svikanna tunga?4(H\u00fan er eins og) str\u00ed\u00f0smannsins hv\u00f6ssu p\u00edlur, eins og gl\u00e6\u00f0ur einirberjatr\u00e9sins.5Vei m\u00e9r! a\u00f0 eg var\u00f0 a\u00f0 vera \u00fatlendur \u00ed Armen\u00eda Mesek, og b\u00faa \u00ed Arab\u00eda Kedars tjaldb\u00fa\u00f0um,6of lengi hefi eg b\u00fai\u00f0 hj\u00e1 \u00feeim sem fri\u00f0inn hata.7Eg em eint\u00f3mur fri\u00f0ur, en \u00feegar eg tala (um fri\u00f0), hefja \u00feeir str\u00ed\u00f0. V. 1. Sumir kalla \u00feessa s\u00e1lma fer\u00f0as\u00e1lma, a\u00f0rir halda nafni\u00f0 s\u00e9 dregi\u00f0 af laginu, e\u00f0a efninu. Or\u00f0i\u00f0 \u00fe\u00fd\u00f0ir eiginlega: Stiga, uppgang.<\/p>\n","protected":false},"author":1,"featured_media":0,"parent":0,"menu_order":0,"comment_status":"open","ping_status":"open","template":"bibliukaflar.php","meta":{"footnotes":""},"class_list":["post-21447","page","type-page","status-publish","hentry"],"_links":{"self":[{"href":"https:\/\/biblian.is\/videy\/wp-json\/wp\/v2\/pages\/21447","targetHints":{"allow":["GET"]}}],"collection":[{"href":"https:\/\/biblian.is\/videy\/wp-json\/wp\/v2\/pages"}],"about":[{"href":"https:\/\/biblian.is\/videy\/wp-json\/wp\/v2\/types\/page"}],"author":[{"embeddable":true,"href":"https:\/\/biblian.is\/videy\/wp-json\/wp\/v2\/users\/1"}],"replies":[{"embeddable":true,"href":"https:\/\/biblian.is\/videy\/wp-json\/wp\/v2\/comments?post=21447"}],"version-history":[{"count":0,"href":"https:\/\/biblian.is\/videy\/wp-json\/wp\/v2\/pages\/21447\/revisions"}],"wp:attachment":[{"href":"https:\/\/biblian.is\/videy\/wp-json\/wp\/v2\/media?parent=21447"}],"curies":[{"name":"wp","href":"https:\/\/api.w.org\/{rel}","templated":true}]}}