{"id":21445,"date":"2018-01-02T01:02:00","date_gmt":"2018-01-02T01:02:00","guid":{"rendered":"http:\/\/biblian.is\/videy\/salmarnir-118-kafli\/"},"modified":"2018-01-02T01:02:00","modified_gmt":"2018-01-02T01:02:00","slug":"salmarnir-118-kafli","status":"publish","type":"page","link":"https:\/\/biblian.is\/videy\/salmarnir-118-kafli\/","title":{"rendered":"S\u00e1lmarnir 118. kafli"},"content":{"rendered":"<div class=\"fyrirsognVidey\">Sigurhr\u00f3sss\u00e1lmur.<\/div>\n<p><a name=\"1\"><span class=\"versanumer\">1<\/span><\/a>\u00deakki\u00f0 \u00fe\u00e9r Drottni, \u00fev\u00ed hann er g\u00f3\u00f0ur og hans miskunnsemi varir eil\u00edflega.<a name=\"2\"><span class=\"versanumer\">2<\/span><\/a>\u00cdsrael segi: eil\u00edf er hans miskunn.<a name=\"3\"><span class=\"versanumer\">3<\/span><\/a>Arons h\u00fas segi: eil\u00edf er hans miskunn.<a name=\"4\"><span class=\"versanumer\">4<\/span><\/a>\u00deeir sem \u00f3ttast Drottin segi: eil\u00edf er hans miskunn!<a name=\"5\"><span class=\"versanumer\">5<\/span><\/a>\u00cd minni angist \u00e1kalla\u00f0i eg Drottin, Drottinn b\u00e6nheyr\u00f0i mig og veitti m\u00e9r fr\u00edun.<a name=\"6\"><span class=\"versanumer\">6<\/span><\/a>Drottinn er me\u00f0 m\u00e9r, eg mun ekki hr\u00e6\u00f0ast. Hva\u00f0 geta mennirnir gj\u00f6rt m\u00e9r?<a name=\"7\"><span class=\"versanumer\">7<\/span><\/a>Drottinn er minn hj\u00e1lpari, \u00fev\u00ed vil eg gla\u00f0ur l\u00edta til minna ofs\u00f3knarmanna.<a name=\"8\"><span class=\"versanumer\">8<\/span><\/a>\u00dea\u00f0 er betra a\u00f0 setja sitt traust til Drottins, en a\u00f0 rei\u00f0a sig \u00e1 mennina.<a name=\"9\"><span class=\"versanumer\">9<\/span><\/a>\u00dea\u00f0 er betra a\u00f0 treysta Drottni, en a\u00f0 rei\u00f0a sig \u00e1 h\u00f6f\u00f0ingjana.<a name=\"10\"><span class=\"versanumer\">10<\/span><\/a>Allar \u00fej\u00f3\u00f0ir umkringdu mig; \u00ed Drottins nafni, sag\u00f0i eg, skal eg brytja \u00fe\u00e1 ni\u00f0ur.<a name=\"11\"><span class=\"versanumer\">11<\/span><\/a>\u00deeir umkringdu mig \u00f6llumegin. \u00cd Drottins nafni, sag\u00f0i eg, skal eg ni\u00f0urh\u00f6ggva \u00fe\u00e1.<a name=\"12\"><span class=\"versanumer\">12<\/span><\/a>\u00deeir umkringdu mig sem b\u00fdflugur, \u00feeir sl\u00f6kktust eins og eldur \u00ed \u00feyrnum. \u00cd Drottins nafni, sag\u00f0i eg, skal eg ni\u00f0urbrytja \u00fe\u00e1.<a name=\"13\"><span class=\"versanumer\">13<\/span><\/a>\u00de\u00fa <span class='VideyAth'>(\u00f3vinur)<\/span> hrintir m\u00e9r, a\u00f0 eg skyldi falla, en Drottinn hj\u00e1lpa\u00f0i.<a name=\"14\"><span class=\"versanumer\">14<\/span><\/a>Minn styrkur og minn s\u00f6ngur er Drottinn; hann var\u00f0 m\u00e9r a\u00f0 li\u00f0i. <br \/><a name=\"15\"><span class=\"versanumer\">15<\/span><\/a><span class='VideyAth'>(\u00dear heyrist)<\/span> fagna\u00f0ar- og sigurraust \u00ed tjaldb\u00fa\u00f0um hinna r\u00e1\u00f0v\u00f6ndu. Drottins h\u00e6gri h\u00f6nd gj\u00f6rir kraftaverk.<a name=\"16\"><span class=\"versanumer\">16<\/span><\/a>Drottins h\u00e6gri h\u00f6nd er upphafin, Drottins h\u00e6gri h\u00f6nd gj\u00f6rir kraftaverk.<a name=\"17\"><span class=\"versanumer\">17<\/span><\/a>Eg mun ekki deyja, heldur lifa, og eg skal kunngj\u00f6ra Drottins verk.<a name=\"18\"><span class=\"versanumer\">18<\/span><\/a>A\u00f0 s\u00f6nnu tyfta\u00f0i Drottinn mig, en \u00ed dau\u00f0ann ofurseldi hann mig ekki.<a name=\"19\"><span class=\"versanumer\">19<\/span><\/a>Lj\u00faki\u00f0 upp fyrir m\u00e9r r\u00e9ttl\u00e6tisins porti, eg vil ganga inn um \u00fea\u00f0, eg vil \u00feakka Drottni.<a name=\"20\"><span class=\"versanumer\">20<\/span><\/a>\u00deetta er Drottins port, \u00feeir r\u00e1\u00f0v\u00f6ndu skulu inn um \u00fea\u00f0 ganga.<a name=\"21\"><span class=\"versanumer\">21<\/span><\/a>Eg vil \u00feakka \u00fe\u00e9r, a\u00f0 \u00fe\u00fa b\u00e6nheyr\u00f0ir mig, og hj\u00e1lpa\u00f0ir m\u00e9r.<a name=\"22\"><span class=\"versanumer\">22<\/span><\/a>S\u00e1 steinn sem byggingarmennirnir burtk\u00f6stu\u00f0u er or\u00f0inn a\u00f0 hyrningarsteini.<a name=\"23\"><span class=\"versanumer\">23<\/span><\/a>\u00deetta er ske\u00f0 af Drottni; \u00fea\u00f0 er undarleg fyrir vorum augum.<a name=\"24\"><span class=\"versanumer\">24<\/span><\/a>\u00deetta er s\u00e1 dagur <span class='VideyAth'>(gle\u00f0idagur)<\/span> sem Drottinn gj\u00f6r\u00f0i, f\u00f6gnum og verum gla\u00f0ir \u00ed honum.<a name=\"25\"><span class=\"versanumer\">25<\/span><\/a>Drottinn! hj\u00e1lpa \u00fe\u00fa! Drottinn! gef lukku!<a name=\"26\"><span class=\"versanumer\">26<\/span><\/a>Blessa\u00f0ur s\u00e9 s\u00e1 sem kemur \u00ed Drottins nafni, v\u00e9r blessum y\u00f0ur fr\u00e1 Drottins h\u00fasi.<a name=\"27\"><span class=\"versanumer\">27<\/span><\/a>Drottinn er Gu\u00f0, hann l\u00e6tur <span class='VideyAth'>(birtu)<\/span> fyrir oss l\u00fdsa. Lei\u00f0i\u00f0 f\u00f3rnard\u00fdri\u00f0 bundi\u00f0 me\u00f0 taug a\u00f0 altarishorninu.<a name=\"28\"><span class=\"versanumer\">28<\/span><\/a>\u00de\u00fa ert minn Gu\u00f0, \u00fev\u00ed vil eg vegsama \u00feig, minn Gu\u00f0! eg vil lofa \u00feig.<a name=\"29\"><span class=\"versanumer\">29<\/span><\/a>\u00deakki\u00f0 \u00fe\u00e9r Drottni, \u00fev\u00ed hann er g\u00f3\u00f0ur, \u00fev\u00ed hans miskunn er eil\u00edf.<\/p>\n<div class=\"footnoteVidey\"><\/div>\n","protected":false},"excerpt":{"rendered":"<p>Sigurhr\u00f3sss\u00e1lmur. 1\u00deakki\u00f0 \u00fe\u00e9r Drottni, \u00fev\u00ed hann er g\u00f3\u00f0ur og hans miskunnsemi varir eil\u00edflega.2\u00cdsrael segi: eil\u00edf er hans miskunn.3Arons h\u00fas segi: eil\u00edf er hans miskunn.4\u00deeir sem \u00f3ttast Drottin segi: eil\u00edf er hans miskunn!5\u00cd minni angist \u00e1kalla\u00f0i eg Drottin, Drottinn b\u00e6nheyr\u00f0i mig og veitti m\u00e9r fr\u00edun.6Drottinn er me\u00f0 m\u00e9r, eg mun ekki hr\u00e6\u00f0ast. Hva\u00f0 geta mennirnir gj\u00f6rt m\u00e9r?7Drottinn er minn hj\u00e1lpari, \u00fev\u00ed vil eg gla\u00f0ur l\u00edta til minna ofs\u00f3knarmanna.8\u00dea\u00f0 er betra a\u00f0 setja sitt traust til Drottins, en a\u00f0 rei\u00f0a sig \u00e1 mennina.9\u00dea\u00f0 er betra a\u00f0 treysta Drottni, en a\u00f0 rei\u00f0a sig \u00e1 h\u00f6f\u00f0ingjana.10Allar \u00fej\u00f3\u00f0ir umkringdu mig; \u00ed Drottins nafni, sag\u00f0i eg, <a href=\"https:\/\/biblian.is\/videy\/salmarnir-118-kafli\/\"> [&#8230;]<\/a><\/p>\n","protected":false},"author":1,"featured_media":0,"parent":0,"menu_order":0,"comment_status":"open","ping_status":"open","template":"bibliukaflar.php","meta":{"footnotes":""},"class_list":["post-21445","page","type-page","status-publish","hentry"],"_links":{"self":[{"href":"https:\/\/biblian.is\/videy\/wp-json\/wp\/v2\/pages\/21445","targetHints":{"allow":["GET"]}}],"collection":[{"href":"https:\/\/biblian.is\/videy\/wp-json\/wp\/v2\/pages"}],"about":[{"href":"https:\/\/biblian.is\/videy\/wp-json\/wp\/v2\/types\/page"}],"author":[{"embeddable":true,"href":"https:\/\/biblian.is\/videy\/wp-json\/wp\/v2\/users\/1"}],"replies":[{"embeddable":true,"href":"https:\/\/biblian.is\/videy\/wp-json\/wp\/v2\/comments?post=21445"}],"version-history":[{"count":0,"href":"https:\/\/biblian.is\/videy\/wp-json\/wp\/v2\/pages\/21445\/revisions"}],"wp:attachment":[{"href":"https:\/\/biblian.is\/videy\/wp-json\/wp\/v2\/media?parent=21445"}],"curies":[{"name":"wp","href":"https:\/\/api.w.org\/{rel}","templated":true}]}}