{"id":21441,"date":"2018-01-02T01:02:00","date_gmt":"2018-01-02T01:02:00","guid":{"rendered":"http:\/\/biblian.is\/videy\/salmarnir-114-kafli\/"},"modified":"2018-01-02T01:02:00","modified_gmt":"2018-01-02T01:02:00","slug":"salmarnir-114-kafli","status":"publish","type":"page","link":"https:\/\/biblian.is\/videy\/salmarnir-114-kafli\/","title":{"rendered":"S\u00e1lmarnir 114. kafli"},"content":{"rendered":"<div class=\"fyrirsognVidey\">Burtf\u00f6rin \u00far Egyptalandi.<\/div>\n<p><a name=\"1\"><span class=\"versanumer\">1<\/span><\/a>\u00de\u00e1 \u00cdsrael f\u00f3r burt \u00far Egyptalandi, Jakobs h\u00fas fr\u00e1 \u00fev\u00ed f\u00f3lki sem tala\u00f0i \u00fatlenda tungu,<a name=\"2\"><span class=\"versanumer\">2<\/span><\/a>var\u00f0 J\u00fada hans helgid\u00f3mur og \u00cdsrael hans herrad\u00e6mi.<a name=\"3\"><span class=\"versanumer\">3<\/span><\/a>Hafi\u00f0 s\u00e1 \u00fea\u00f0 og fl\u00fa\u00f0i; J\u00f3rdan hr\u00f6kk til baka,<a name=\"4\"><span class=\"versanumer\">4<\/span><\/a>fj\u00f6llin stukku sem hr\u00fatar, h\u00e6\u00f0irnar sem ungl\u00f6mb.<a name=\"5\"><span class=\"versanumer\">5<\/span><\/a>Hva\u00f0 var \u00fe\u00e9r, \u00fe\u00fa sj\u00e1varhaf! a\u00f0 \u00fe\u00fa fl\u00fa\u00f0ir? \u00fe\u00e9r J\u00f3rdan! a\u00f0 \u00fe\u00fa hr\u00f6kkst til baka?<a name=\"6\"><span class=\"versanumer\">6<\/span><\/a>Y\u00f0ur, \u00fe\u00e9r fj\u00f6ll! a\u00f0 \u00fe\u00e9r stukku\u00f0 sem hr\u00fatar? \u00fei\u00f0 h\u00e6\u00f0ir! sem ungl\u00f6mb?<a name=\"7\"><span class=\"versanumer\">7<\/span><\/a>Bifast \u00fe\u00fa j\u00f6r\u00f0 fyrir Drottins augliti, fyrir augliti Jakobs Gu\u00f0s!<a name=\"8\"><span class=\"versanumer\">8<\/span><\/a>sem gj\u00f6rir vatnsr\u00edka tj\u00f6rn \u00far klettinum, \u00feann har\u00f0a stein a\u00f0 vatnsr\u00edkri uppsprettu.<\/p>\n<div class=\"footnoteVidey\"><\/div>\n","protected":false},"excerpt":{"rendered":"<p>Burtf\u00f6rin \u00far Egyptalandi. 1\u00de\u00e1 \u00cdsrael f\u00f3r burt \u00far Egyptalandi, Jakobs h\u00fas fr\u00e1 \u00fev\u00ed f\u00f3lki sem tala\u00f0i \u00fatlenda tungu,2var\u00f0 J\u00fada hans helgid\u00f3mur og \u00cdsrael hans herrad\u00e6mi.3Hafi\u00f0 s\u00e1 \u00fea\u00f0 og fl\u00fa\u00f0i; J\u00f3rdan hr\u00f6kk til baka,4fj\u00f6llin stukku sem hr\u00fatar, h\u00e6\u00f0irnar sem ungl\u00f6mb.5Hva\u00f0 var \u00fe\u00e9r, \u00fe\u00fa sj\u00e1varhaf! a\u00f0 \u00fe\u00fa fl\u00fa\u00f0ir? \u00fe\u00e9r J\u00f3rdan! a\u00f0 \u00fe\u00fa hr\u00f6kkst til baka?6Y\u00f0ur, \u00fe\u00e9r fj\u00f6ll! a\u00f0 \u00fe\u00e9r stukku\u00f0 sem hr\u00fatar? \u00fei\u00f0 h\u00e6\u00f0ir! sem ungl\u00f6mb?7Bifast \u00fe\u00fa j\u00f6r\u00f0 fyrir Drottins augliti, fyrir augliti Jakobs Gu\u00f0s!8sem gj\u00f6rir vatnsr\u00edka tj\u00f6rn \u00far klettinum, \u00feann har\u00f0a stein a\u00f0 vatnsr\u00edkri uppsprettu.<\/p>\n","protected":false},"author":1,"featured_media":0,"parent":0,"menu_order":0,"comment_status":"open","ping_status":"open","template":"bibliukaflar.php","meta":{"footnotes":""},"class_list":["post-21441","page","type-page","status-publish","hentry"],"_links":{"self":[{"href":"https:\/\/biblian.is\/videy\/wp-json\/wp\/v2\/pages\/21441","targetHints":{"allow":["GET"]}}],"collection":[{"href":"https:\/\/biblian.is\/videy\/wp-json\/wp\/v2\/pages"}],"about":[{"href":"https:\/\/biblian.is\/videy\/wp-json\/wp\/v2\/types\/page"}],"author":[{"embeddable":true,"href":"https:\/\/biblian.is\/videy\/wp-json\/wp\/v2\/users\/1"}],"replies":[{"embeddable":true,"href":"https:\/\/biblian.is\/videy\/wp-json\/wp\/v2\/comments?post=21441"}],"version-history":[{"count":0,"href":"https:\/\/biblian.is\/videy\/wp-json\/wp\/v2\/pages\/21441\/revisions"}],"wp:attachment":[{"href":"https:\/\/biblian.is\/videy\/wp-json\/wp\/v2\/media?parent=21441"}],"curies":[{"name":"wp","href":"https:\/\/api.w.org\/{rel}","templated":true}]}}