{"id":21434,"date":"2018-01-02T01:02:00","date_gmt":"2018-01-02T01:02:00","guid":{"rendered":"http:\/\/biblian.is\/videy\/salmarnir-107-kafli\/"},"modified":"2018-01-02T01:02:00","modified_gmt":"2018-01-02T01:02:00","slug":"salmarnir-107-kafli","status":"publish","type":"page","link":"https:\/\/biblian.is\/videy\/salmarnir-107-kafli\/","title":{"rendered":"S\u00e1lmarnir 107. kafli"},"content":{"rendered":"<div class=\"fyrirsognVidey\">\u00deakkl\u00e6ti fyrir \u00fatlaganna frelsi.<\/div>\n<p><a name=\"1\"><span class=\"versanumer\">1<\/span><\/a>\u00deakki\u00f0 \u00fe\u00e9r Drottni! \u00fev\u00ed hann er g\u00f3\u00f0ur, \u00fev\u00ed hans miskunnsemi er eil\u00edf.<a name=\"2\"><span class=\"versanumer\">2<\/span><\/a>\u00deetta segi \u00feeir sem af Drottni eru leystir \u00far \u00f3vina valdi <span class='VideyAth'>(hendi)<\/span>.<a name=\"3\"><span class=\"versanumer\">3<\/span><\/a>Fr\u00e1 l\u00f6ndunum hefir hann samansafna\u00f0 \u00feeim; fr\u00e1 austri og vestri, fr\u00e1 nor\u00f0ri og fr\u00e1 hafinu.<a name=\"4\"><span class=\"versanumer\">4<\/span><\/a>\u00deeir f\u00f3ru villtir \u00e1 ey\u00f0im\u00f6rkinni, \u00e1 \u00f6r\u00e6fa veginum, sta\u00f0, sem \u00feeir g\u00e6tu b\u00fai\u00f0 \u00ed, fundu \u00feeir ekki.<a name=\"5\"><span class=\"versanumer\">5<\/span><\/a>\u00deeir voru hungra\u00f0ir og \u00feyrstir, \u00feeirra s\u00e1l vanmegna\u00f0ist \u00ed \u00feeim.<a name=\"6\"><span class=\"versanumer\">6<\/span><\/a>Og \u00feeir k\u00f6llu\u00f0u til Drottins \u00ed \u00feeirra angist, hann fr\u00eda\u00f0i \u00fe\u00e1 \u00far \u00feeirra ney\u00f0,<a name=\"7\"><span class=\"versanumer\">7<\/span><\/a>og hann leiddi \u00fe\u00e1 \u00e1 r\u00e9ttan veg, og \u00feeir komu til \u00feess sta\u00f0ar sem \u00feeir g\u00e1tu b\u00fai\u00f0 \u00ed.<a name=\"8\"><span class=\"versanumer\">8<\/span><\/a>\u00deakki \u00feeir Drottni fyrir hans miskunn og fyrir hans d\u00e1semdir vi\u00f0 mannanna b\u00f6rn;<a name=\"9\"><span class=\"versanumer\">9<\/span><\/a>\u00fev\u00ed hann endurn\u00e6r\u00f0i \u00f6rmagna s\u00e1lir, og metta\u00f0i me\u00f0 g\u00e6\u00f0um hungra\u00f0ar s\u00e1lir. <br \/><a name=\"10\"><span class=\"versanumer\">10<\/span><\/a>\u00deeir sem s\u00e1tu \u00ed myrkri og dau\u00f0ans skugga, bundnir eymd og j\u00e1rnum\u2014<a name=\"11\"><span class=\"versanumer\">11<\/span><\/a>af \u00fev\u00ed \u00feeir voru \u00f3hl\u00fd\u00f0nir Gu\u00f0s bo\u00f0or\u00f0um, og forsm\u00e1\u00f0u r\u00e1\u00f0 ens h\u00e6sta,<a name=\"12\"><span class=\"versanumer\">12<\/span><\/a>\u00fear fyrir au\u00f0m\u00fdkti hann me\u00f0 m\u00f3tgangi \u00feeirra hj\u00f6rtu, \u00feeir f\u00e9llu og \u00fear var enginn sem hj\u00e1lpa\u00f0i.<a name=\"13\"><span class=\"versanumer\">13<\/span><\/a>Og \u00feeir k\u00f6llu\u00f0u til Drottins \u00ed sinni angist, og hann frelsa\u00f0i \u00fe\u00e1 \u00far \u00feeirra vandr\u00e6\u00f0um.<a name=\"14\"><span class=\"versanumer\">14<\/span><\/a>Hann leiddi \u00fe\u00e1 \u00far myrkrinu og dau\u00f0ans skugga, og sundursleit \u00feeirra fj\u00f6tra.<a name=\"15\"><span class=\"versanumer\">15<\/span><\/a>\u00deakki \u00feeir Drottni fyrir hans miskunnsemi og fyrir hans d\u00e1semdir vi\u00f0 mannanna b\u00f6rn,<a name=\"16\"><span class=\"versanumer\">16<\/span><\/a>fyrir \u00fea\u00f0 a\u00f0 hann sundurbraut eirportin, og sundurhj\u00f3 j\u00e1rngrindurnar.<a name=\"17\"><span class=\"versanumer\">17<\/span><\/a>\u00deeir f\u00e1v\u00edsir, \u00feeir pl\u00e1gu\u00f0ust fyrir s\u00ednar yfirtro\u00f0slur og fyrir sinna misgj\u00f6r\u00f0a sakir.<a name=\"18\"><span class=\"versanumer\">18<\/span><\/a>\u00de\u00e1 velgdi vi\u00f0 \u00f6llum mat, og \u00feeir voru n\u00e1l\u00e6gir dau\u00f0ans dyrum,<a name=\"19\"><span class=\"versanumer\">19<\/span><\/a>og \u00feeir k\u00f6llu\u00f0u til Drottins \u00ed sinni angist, \u00far \u00feeirra ney\u00f0 frelsa\u00f0i hann \u00fe\u00e1.<a name=\"20\"><span class=\"versanumer\">20<\/span><\/a>Hann sendi sitt or\u00f0 og l\u00e6kna\u00f0i \u00fe\u00e1 og bjarga\u00f0i \u00feeim \u00far \u00feeirra gr\u00f6fum.<a name=\"21\"><span class=\"versanumer\">21<\/span><\/a>\u00deakki \u00feeir Drottni fyrir hans miskunn og fyrir hans d\u00e1semdir vi\u00f0 mannanna b\u00f6rn,<a name=\"22\"><span class=\"versanumer\">22<\/span><\/a>og offri \u00feakkarf\u00f3rn og kunngj\u00f6ri hans verk me\u00f0 gle\u00f0is\u00f6ng.<a name=\"23\"><span class=\"versanumer\">23<\/span><\/a>\u00deeir sem \u00e1 skipum fara \u00fat \u00e1 hafi\u00f0 og gegna sinni s\u00fdslan \u00e1 \u00feeim st\u00f3ru v\u00f6tnum,<a name=\"24\"><span class=\"versanumer\">24<\/span><\/a>\u00feeir sj\u00e1 Drottins verk og hans d\u00e1semdir \u00e1 dj\u00fapinu.<a name=\"25\"><span class=\"versanumer\">25<\/span><\/a>Hann tala\u00f0i og \u00fear kom stormvi\u00f0ri, sem h\u00f3f upp hafsins bylgjur.<a name=\"26\"><span class=\"versanumer\">26<\/span><\/a>\u00deeir lyftust til himna, og sigu ni\u00f0ur \u00ed afgrunni\u00f0, og \u00feeim f\u00e9llst hugur \u00ed ney\u00f0inni.<a name=\"27\"><span class=\"versanumer\">27<\/span><\/a>\u00deeir hr\u00f6ktust um kring og r\u00f6mbu\u00f0u sem drukknir menn og \u00f6ll \u00feeirra r\u00e1\u00f0deild var \u00ferotin.<a name=\"28\"><span class=\"versanumer\">28<\/span><\/a>Og \u00feeir k\u00f6llu\u00f0u til Drottins \u00ed sinni angist og hann hj\u00e1lpa\u00f0i \u00feeim \u00far \u00feeirra nau\u00f0um.<a name=\"29\"><span class=\"versanumer\">29<\/span><\/a>Hann st\u00f6\u00f0va\u00f0i \u00feann mikla storm, og bylgjurnar \u00fe\u00f6gnu\u00f0u.<a name=\"30\"><span class=\"versanumer\">30<\/span><\/a>Og \u00feeir gl\u00f6ddust \u00feegar lygndi, og hann leiddi \u00fe\u00e1 a\u00f0 landi, eftir \u00feeirra \u00f3sk.<a name=\"31\"><span class=\"versanumer\">31<\/span><\/a>\u00deakki \u00feeir Drottni fyrir hans miskunnsemi og hans d\u00e1semdir vi\u00f0 mannanna b\u00f6rn,<a name=\"32\"><span class=\"versanumer\">32<\/span><\/a>og vegsami hann \u00e1 f\u00f3lks samkomunni, og lofi hann \u00e1 \u00f6ldungafundinum.<br \/><a name=\"33\"><span class=\"versanumer\">33<\/span><\/a>Hann gj\u00f6r\u00f0i \u00e1rnar a\u00f0 \u00f6r\u00e6fum og vatnsrennsli\u00f0 a\u00f0 \u00feurrlendi,<a name=\"34\"><span class=\"versanumer\">34<\/span><\/a>frj\u00f3vsamt land a\u00f0 sandau\u00f0n, fyrir vonsku sakir \u00feeirra sem \u00fear bjuggu.<a name=\"35\"><span class=\"versanumer\">35<\/span><\/a>Hann gj\u00f6r\u00f0i \u00f6r\u00e6fin a\u00f0 votlendi og \u00feurrlendi\u00f0 a\u00f0 vatnsrennsli,<a name=\"36\"><span class=\"versanumer\">36<\/span><\/a>og hann l\u00e9t \u00fe\u00e1 hungru\u00f0u b\u00faa \u00fear, og \u00feeir bygg\u00f0u s\u00e9r sta\u00f0, sem \u00feeir g\u00e6tu b\u00fai\u00f0 \u00ed.<a name=\"37\"><span class=\"versanumer\">37<\/span><\/a>Og \u00feeir s\u00e1\u00f0u akra, og \u00feeir pl\u00f6ntu\u00f0u v\u00edngar\u00f0a, og \u00feeir b\u00e1ru r\u00edkuglegan \u00e1v\u00f6xt,<a name=\"38\"><span class=\"versanumer\">38<\/span><\/a>og hann blessa\u00f0i \u00fe\u00e1, og \u00feeir fj\u00f6lgu\u00f0u miki\u00f0; og f\u00e9na\u00f0i \u00feeirra f\u00e6kka\u00f0i hann ekki.<a name=\"39\"><span class=\"versanumer\">39<\/span><\/a>En \u00feeir minnku\u00f0u af \u00ferenging, \u00f3lukku og ney\u00f0.<a name=\"40\"><span class=\"versanumer\">40<\/span><\/a>Hann haf\u00f0i \u00fathellt fyrirlitning yfir h\u00f6f\u00f0ingjana og l\u00e9t \u00fe\u00e1 villast um \u00f6r\u00e6fi hvar enginn vegur er.<a name=\"41\"><span class=\"versanumer\">41<\/span><\/a>En hann lyfti \u00feeim f\u00e1t\u00e6ku upp \u00far \u00feeirra eymd, og gj\u00f6r\u00f0i \u00e6ttirnar sem hjar\u00f0ir.<a name=\"42\"><span class=\"versanumer\">42<\/span><\/a>\u00deeir hreinskilnu sj\u00e1 \u00fea\u00f0 og gle\u00f0ja sig, en allir \u00feeir rangl\u00e1tu hlj\u00f3ta a\u00f0 loka s\u00ednum munni.<a name=\"43\"><span class=\"versanumer\">43<\/span><\/a>Hv\u00f6r hygginn er, hann s\u00e9r \u00feetta og tekur eftir Drottins miskunnsemdum.<\/p>\n<div class=\"footnoteVidey\"><\/div>\n","protected":false},"excerpt":{"rendered":"<p>\u00deakkl\u00e6ti fyrir \u00fatlaganna frelsi. 1\u00deakki\u00f0 \u00fe\u00e9r Drottni! \u00fev\u00ed hann er g\u00f3\u00f0ur, \u00fev\u00ed hans miskunnsemi er eil\u00edf.2\u00deetta segi \u00feeir sem af Drottni eru leystir \u00far \u00f3vina valdi (hendi).3Fr\u00e1 l\u00f6ndunum hefir hann samansafna\u00f0 \u00feeim; fr\u00e1 austri og vestri, fr\u00e1 nor\u00f0ri og fr\u00e1 hafinu.4\u00deeir f\u00f3ru villtir \u00e1 ey\u00f0im\u00f6rkinni, \u00e1 \u00f6r\u00e6fa veginum, sta\u00f0, sem \u00feeir g\u00e6tu b\u00fai\u00f0 \u00ed, fundu \u00feeir ekki.5\u00deeir voru hungra\u00f0ir og \u00feyrstir, \u00feeirra s\u00e1l vanmegna\u00f0ist \u00ed \u00feeim.6Og \u00feeir k\u00f6llu\u00f0u til Drottins \u00ed \u00feeirra angist, hann fr\u00eda\u00f0i \u00fe\u00e1 \u00far \u00feeirra ney\u00f0,7og hann leiddi \u00fe\u00e1 \u00e1 r\u00e9ttan veg, og \u00feeir komu til \u00feess sta\u00f0ar sem \u00feeir g\u00e1tu b\u00fai\u00f0 \u00ed.8\u00deakki \u00feeir Drottni fyrir hans <a href=\"https:\/\/biblian.is\/videy\/salmarnir-107-kafli\/\"> [&#8230;]<\/a><\/p>\n","protected":false},"author":1,"featured_media":0,"parent":0,"menu_order":0,"comment_status":"open","ping_status":"open","template":"bibliukaflar.php","meta":{"footnotes":""},"class_list":["post-21434","page","type-page","status-publish","hentry"],"_links":{"self":[{"href":"https:\/\/biblian.is\/videy\/wp-json\/wp\/v2\/pages\/21434","targetHints":{"allow":["GET"]}}],"collection":[{"href":"https:\/\/biblian.is\/videy\/wp-json\/wp\/v2\/pages"}],"about":[{"href":"https:\/\/biblian.is\/videy\/wp-json\/wp\/v2\/types\/page"}],"author":[{"embeddable":true,"href":"https:\/\/biblian.is\/videy\/wp-json\/wp\/v2\/users\/1"}],"replies":[{"embeddable":true,"href":"https:\/\/biblian.is\/videy\/wp-json\/wp\/v2\/comments?post=21434"}],"version-history":[{"count":0,"href":"https:\/\/biblian.is\/videy\/wp-json\/wp\/v2\/pages\/21434\/revisions"}],"wp:attachment":[{"href":"https:\/\/biblian.is\/videy\/wp-json\/wp\/v2\/media?parent=21434"}],"curies":[{"name":"wp","href":"https:\/\/api.w.org\/{rel}","templated":true}]}}