{"id":21431,"date":"2018-01-02T01:02:00","date_gmt":"2018-01-02T01:02:00","guid":{"rendered":"http:\/\/biblian.is\/videy\/salmarnir-104-kafli\/"},"modified":"2018-01-02T01:02:00","modified_gmt":"2018-01-02T01:02:00","slug":"salmarnir-104-kafli","status":"publish","type":"page","link":"https:\/\/biblian.is\/videy\/salmarnir-104-kafli\/","title":{"rendered":"S\u00e1lmarnir 104. kafli"},"content":{"rendered":"<div class=\"fyrirsognVidey\">Lofgj\u00f6r\u00f0 Skaparans.<\/div>\n<p><a name=\"1\"><span class=\"versanumer\">1<\/span><\/a>Lofa \u00fe\u00fa Drottin, s\u00e1la m\u00edn! Drottin, minn Gu\u00f0! \u00fe\u00fa ert mj\u00f6g mikill, \u00fe\u00fa hefir \u00edkl\u00e6tt \u00feig h\u00e1tign og d\u00fdr\u00f0.<a name=\"2\"><span class=\"versanumer\">2<\/span><\/a>Hann kl\u00e6\u00f0ir sig \u00ed lj\u00f3s eins og anna\u00f0 fat; hann \u00fat\u00feenur himininn eins og tjald.<a name=\"3\"><span class=\"versanumer\">3<\/span><\/a>Hann gj\u00f6rir hvelfingar af vatni \u00e1 s\u00ednum sal, hann br\u00fakar sk\u00fdin fyrir vagn, og fer \u00e1 vindsins v\u00e6ngjum.<a name=\"4\"><span class=\"versanumer\">4<\/span><\/a>Hann br\u00fakar vindana sem s\u00edna engla, eldslogana sem s\u00edna \u00fe\u00e9nara.<a name=\"5\"><span class=\"versanumer\">5<\/span><\/a>Hann festi j\u00f6r\u00f0ina \u00e1 hennar grundvelli, svo h\u00fan fer ei \u00far skor\u00f0um a\u00f0 eil\u00edfu.<a name=\"6\"><span class=\"versanumer\">6<\/span><\/a>Me\u00f0 hafinu haf\u00f0ir \u00fe\u00fa huli\u00f0 hana eins og me\u00f0 fati, vatni\u00f0 n\u00e1\u00f0i upp yfir fj\u00f6llin.<a name=\"7\"><span class=\"versanumer\">7<\/span><\/a>En \u00feegar \u00fe\u00fa hasta\u00f0ir \u00e1 \u00feau, svo fl\u00fa\u00f0u \u00feau fyrir \u00feinni \u00ferumuraust, hlupu \u00feau flj\u00f3tt \u00ed burt.<a name=\"8\"><span class=\"versanumer\">8<\/span><\/a>Fj\u00f6llin h\u00f3fust upp, dalirnir \u00ferykktust ni\u00f0ur, \u00feanga\u00f0 sem \u00fe\u00fa festir \u00fe\u00e1.<a name=\"9\"><span class=\"versanumer\">9<\/span><\/a>Takmark settir \u00fe\u00fa \u00feeim <span class='VideyAth'>(v\u00f6tnunum)<\/span> sem \u00feau ei m\u00e1ttu yfirfara, svo \u00feau ekki aftur skyldu byrgja j\u00f6r\u00f0ina.<a name=\"10\"><span class=\"versanumer\">10<\/span><\/a>\u00de\u00fa l\u00e6tur uppsprettur \u00fathella s\u00e9r \u00ed l\u00e6ki, \u00feeir renna milli fjallanna.<a name=\"11\"><span class=\"versanumer\">11<\/span><\/a>\u00deeir gefa drykk \u00f6llum villud\u00fdrum sk\u00f3garins, \u00fear svala s\u00e9r sk\u00f3garins asnar.<a name=\"12\"><span class=\"versanumer\">12<\/span><\/a>Hj\u00e1 \u00feeim b\u00faa himinsins fuglar og syngja \u00ed greinum trj\u00e1nna.<a name=\"13\"><span class=\"versanumer\">13<\/span><\/a>Hann v\u00f6kvar fj\u00f6llin ofan a\u00f0, landi\u00f0 mettast af \u00e1vexti hans verka.<a name=\"14\"><span class=\"versanumer\">14<\/span><\/a>Hann l\u00e6tur grasi\u00f0 spretta fyrir f\u00e9na\u00f0inn, og jurtir m\u00f6nnunum til nota, \u00ed \u00fev\u00ed hann \u00fatlei\u00f0ir brau\u00f0 af j\u00f6r\u00f0unni,<a name=\"15\"><span class=\"versanumer\">15<\/span><\/a>og v\u00edn sem gle\u00f0ur mannsins hjarta, svo hans andlit ver\u00f0ur \u00fear af h\u00fdrlegra en af vi\u00f0smj\u00f6ri, og brau\u00f0 sem endurn\u00e6rir mannsins hjarta.<a name=\"16\"><span class=\"versanumer\">16<\/span><\/a>Drottins tr\u00e9 mettast, L\u00edbanons sedrusvi\u00f0ur sem hann planta\u00f0i,<a name=\"17\"><span class=\"versanumer\">17<\/span><\/a>\u00fear sem fuglarnir hrei\u00f0ra sig; storkurinn, hv\u00f6rs b\u00fasta\u00f0ur furutr\u00e9n eru.<a name=\"18\"><span class=\"versanumer\">18<\/span><\/a>\u00deau h\u00e1u fj\u00f6llin eru athvarf steingeitanna og klettaskorurnar fjallm\u00fasanna.<a name=\"19\"><span class=\"versanumer\">19<\/span><\/a>Hann skapa\u00f0i tungli\u00f0 til merkis fyrir tilteknar t\u00ed\u00f0ir, s\u00f3lina, sem \u00feekkir s\u00edna ni\u00f0urg\u00f6ngu.<a name=\"20\"><span class=\"versanumer\">20<\/span><\/a>\u00de\u00fa \u00fatbrei\u00f0ir myrkri\u00f0 og \u00fear ver\u00f0ur n\u00f3tt, \u00fe\u00e1 fara \u00fat sk\u00f3garins villud\u00fdr.<a name=\"21\"><span class=\"versanumer\">21<\/span><\/a>Lj\u00f3nin sem \u00f6skra eftir br\u00e1\u00f0, og sem heimta s\u00edna f\u00e6\u00f0slu af Gu\u00f0i.<a name=\"22\"><span class=\"versanumer\">22<\/span><\/a>S\u00f3lin kemur upp, \u00feau fara heim aftur, og liggja kyrr \u00ed s\u00ednu b\u00e6li.<a name=\"23\"><span class=\"versanumer\">23<\/span><\/a>\u00de\u00e1 gengur ma\u00f0urinn \u00fat a\u00f0 s\u00ednu verki og til sinnar vinnu allt til kv\u00f6lds.<a name=\"24\"><span class=\"versanumer\">24<\/span><\/a>Hv\u00f6rsu mikil eru \u00fe\u00edn verk, Drottinn! \u00fe\u00fa gj\u00f6r\u00f0ir \u00feau \u00f6ll me\u00f0 v\u00edsd\u00f3mi, j\u00f6r\u00f0in er full af \u00fe\u00ednum g\u00e6\u00f0um.<a name=\"25\"><span class=\"versanumer\">25<\/span><\/a>\u00deetta\u00f0 haf, st\u00f3rt og v\u00edtt um sig, \u00fea\u00f0 er fullt af \u00f3tal skepnum, sm\u00e1um og st\u00f3rum.<a name=\"26\"><span class=\"versanumer\">26<\/span><\/a>\u00dear um fara skipin, hvalfiskarnir, sem \u00fe\u00fa tilbj\u00f3st til a\u00f0 leika s\u00e9r \u00fear \u00ed.<a name=\"27\"><span class=\"versanumer\">27<\/span><\/a>\u00de\u00e6r vona allar upp \u00e1 \u00feig, a\u00f0 \u00fe\u00fa munir gefa \u00feeim \u00feeirra f\u00e6\u00f0u \u00e1 s\u00ednum t\u00edma.<a name=\"28\"><span class=\"versanumer\">28<\/span><\/a>\u00deegar \u00fe\u00fa gefur \u00feeim, samansafna \u00fe\u00e6r; \u00feegar \u00fe\u00fa uppl\u00fdkur \u00feinni hendi, \u00fe\u00e1 mettast \u00fe\u00e6r af g\u00e6\u00f0um.<a name=\"29\"><span class=\"versanumer\">29<\/span><\/a>Ef \u00fe\u00fa byrgir \u00feitt auglit, \u00fe\u00e1 skelfast \u00fe\u00e6r, ef \u00fe\u00fa tekur \u00feinn anda fr\u00e1 \u00feeim, \u00fe\u00e1 deyja \u00fe\u00e6r, og hverfa til baka \u00ed dufti\u00f0 aftur.<a name=\"30\"><span class=\"versanumer\">30<\/span><\/a>\u00de\u00fa \u00fatsendir \u00feinn anda, \u00fe\u00e6r skapast og \u00fe\u00fa endurn\u00fdjar mynd jar\u00f0arinnar.<a name=\"31\"><span class=\"versanumer\">31<\/span><\/a>Drottins vegsemd vari eil\u00edflega! Drottinn gle\u00f0ji sig vi\u00f0 s\u00edn verk!<a name=\"32\"><span class=\"versanumer\">32<\/span><\/a>L\u00edti hann til jar\u00f0arinnar, \u00fe\u00e1 bifast h\u00fan, snerti hann fj\u00f6llin, \u00fe\u00e1 r\u00fdkur \u00far \u00feeim.<a name=\"33\"><span class=\"versanumer\">33<\/span><\/a>Eg vil syngja fyrir Drottni svo lengi sem eg lifi, eg vil leika fyrir m\u00ednum Gu\u00f0i me\u00f0an eg er til.<a name=\"34\"><span class=\"versanumer\">34<\/span><\/a>\u00d3! a\u00f0 mitt tal m\u00e6tti honum \u00fe\u00f3knast! eg vil gle\u00f0jast \u00ed Drottni.<a name=\"35\"><span class=\"versanumer\">35<\/span><\/a>\u00d3! a\u00f0 syndarar yr\u00f0u afm\u00e1\u00f0ir af j\u00f6r\u00f0unni, og \u00feeir \u00f3gu\u00f0legu ei v\u00e6ru til, m\u00edn s\u00e1la, lofa \u00fe\u00fa Drottin! <span class='VideyAth'>(Halel\u00faja!)<\/span>\u2014lofi\u00f0 Drottin.<\/p>\n<div class=\"footnoteVidey\"><\/div>\n","protected":false},"excerpt":{"rendered":"<p>Lofgj\u00f6r\u00f0 Skaparans. 1Lofa \u00fe\u00fa Drottin, s\u00e1la m\u00edn! Drottin, minn Gu\u00f0! \u00fe\u00fa ert mj\u00f6g mikill, \u00fe\u00fa hefir \u00edkl\u00e6tt \u00feig h\u00e1tign og d\u00fdr\u00f0.2Hann kl\u00e6\u00f0ir sig \u00ed lj\u00f3s eins og anna\u00f0 fat; hann \u00fat\u00feenur himininn eins og tjald.3Hann gj\u00f6rir hvelfingar af vatni \u00e1 s\u00ednum sal, hann br\u00fakar sk\u00fdin fyrir vagn, og fer \u00e1 vindsins v\u00e6ngjum.4Hann br\u00fakar vindana sem s\u00edna engla, eldslogana sem s\u00edna \u00fe\u00e9nara.5Hann festi j\u00f6r\u00f0ina \u00e1 hennar grundvelli, svo h\u00fan fer ei \u00far skor\u00f0um a\u00f0 eil\u00edfu.6Me\u00f0 hafinu haf\u00f0ir \u00fe\u00fa huli\u00f0 hana eins og me\u00f0 fati, vatni\u00f0 n\u00e1\u00f0i upp yfir fj\u00f6llin.7En \u00feegar \u00fe\u00fa hasta\u00f0ir \u00e1 \u00feau, svo fl\u00fa\u00f0u \u00feau fyrir \u00feinni \u00ferumuraust, hlupu <a href=\"https:\/\/biblian.is\/videy\/salmarnir-104-kafli\/\"> [&#8230;]<\/a><\/p>\n","protected":false},"author":1,"featured_media":0,"parent":0,"menu_order":0,"comment_status":"open","ping_status":"open","template":"bibliukaflar.php","meta":{"footnotes":""},"class_list":["post-21431","page","type-page","status-publish","hentry"],"_links":{"self":[{"href":"https:\/\/biblian.is\/videy\/wp-json\/wp\/v2\/pages\/21431","targetHints":{"allow":["GET"]}}],"collection":[{"href":"https:\/\/biblian.is\/videy\/wp-json\/wp\/v2\/pages"}],"about":[{"href":"https:\/\/biblian.is\/videy\/wp-json\/wp\/v2\/types\/page"}],"author":[{"embeddable":true,"href":"https:\/\/biblian.is\/videy\/wp-json\/wp\/v2\/users\/1"}],"replies":[{"embeddable":true,"href":"https:\/\/biblian.is\/videy\/wp-json\/wp\/v2\/comments?post=21431"}],"version-history":[{"count":0,"href":"https:\/\/biblian.is\/videy\/wp-json\/wp\/v2\/pages\/21431\/revisions"}],"wp:attachment":[{"href":"https:\/\/biblian.is\/videy\/wp-json\/wp\/v2\/media?parent=21431"}],"curies":[{"name":"wp","href":"https:\/\/api.w.org\/{rel}","templated":true}]}}