{"id":21429,"date":"2018-01-02T01:01:54","date_gmt":"2018-01-02T01:01:54","guid":{"rendered":"http:\/\/biblian.is\/videy\/salmarnir-102-kafli\/"},"modified":"2018-01-02T01:01:54","modified_gmt":"2018-01-02T01:01:54","slug":"salmarnir-102-kafli","status":"publish","type":"page","link":"https:\/\/biblian.is\/videy\/salmarnir-102-kafli\/","title":{"rendered":"S\u00e1lmarnir 102. kafli"},"content":{"rendered":"<div class=\"fyrirsognVidey\">B\u00e6n um Jer\u00fasalems endurbyggingu.<\/div>\n<p><a name=\"1\"><span class=\"versanumer\">1<\/span><\/a>B\u00e6n \u00feess \u00fej\u00e1\u00f0a manns, sem dj\u00fapt beyg\u00f0ur, \u00fateys s\u00ednu kveini fyrir Drottni.<a name=\"2\"><span class=\"versanumer\">2<\/span><\/a>Drottinn! heyr m\u00edna b\u00e6n, og l\u00e1t m\u00edna gr\u00e1tbei\u00f0ni koma fyrir \u00feig.<a name=\"3\"><span class=\"versanumer\">3<\/span><\/a>Byrg ekki \u00feitt auglit fyrir m\u00e9r \u00e1 ney\u00f0arinnar degi; hneig \u00feitt eyra til m\u00edn, \u00fe\u00e1 eg kalla! fl\u00fdttu \u00fe\u00e9r a\u00f0 b\u00e6nheyra mig!<a name=\"4\"><span class=\"versanumer\">4<\/span><\/a>\u00fev\u00ed m\u00ednir dagar eru horfnir sem reykur, og m\u00edn bein eru brunnin eins og kol.<a name=\"5\"><span class=\"versanumer\">5<\/span><\/a>Mitt hjarta er \u00fej\u00e1\u00f0 og \u00feorna\u00f0 sem gras; \u00fev\u00ed gleymi eg a\u00f0 eta mitt brau\u00f0.<a name=\"6\"><span class=\"versanumer\">6<\/span><\/a>Sakir m\u00edns kveins og andvarpa, lo\u00f0a beinin vi\u00f0 m\u00edna h\u00fa\u00f0.<a name=\"7\"><span class=\"versanumer\">7<\/span><\/a>Eg em l\u00edkur or\u00f0inn <span class='VideyAth'>(fuglinum)<\/span> pellikan \u00e1 ey\u00f0im\u00f6rku, eg er sem n\u00e1ttugla \u00ed au\u00f0ninni.<a name=\"8\"><span class=\"versanumer\">8<\/span><\/a>Eg vaki <span class='VideyAth'>(\u00e1 n\u00f3ttunni)<\/span>, og er sem einmana fugl \u00e1 h\u00fas\u00feekju.<a name=\"9\"><span class=\"versanumer\">9<\/span><\/a>Hv\u00f6rn dag n\u00ed\u00f0a mig m\u00ednir \u00f3vinir. Og \u00feeir sem \u00e6\u00f0a gegn m\u00e9r, sverja vi\u00f0 mig, <span class='VideyAth'>(eins og vi\u00f0 eitthva\u00f0 illt)<\/span>.<a name=\"10\"><span class=\"versanumer\">10<\/span><\/a>\u00dev\u00ed \u00f6skuna et eg sem brau\u00f0, og minn drykk blanda eg me\u00f0 t\u00e1rum,<a name=\"11\"><span class=\"versanumer\">11<\/span><\/a>vegna \u00feinnar stygg\u00f0ar og rei\u00f0i; \u00fev\u00ed \u00fe\u00fa upph\u00f3fst mig og \u00fe\u00fa ni\u00f0urfleyg\u00f0ir m\u00e9r.<a name=\"12\"><span class=\"versanumer\">12<\/span><\/a>M\u00ednir dagar eru sem \u00fat\u00feaninn skuggi, og eg visna sem gras.<a name=\"13\"><span class=\"versanumer\">13<\/span><\/a>En \u00fe\u00fa, \u00f3 Drottinn! varir eil\u00edflega og \u00feitt nafn fr\u00e1 kyni til kyns.<a name=\"14\"><span class=\"versanumer\">14<\/span><\/a>\u00de\u00fa munt uppr\u00edsa, \u00fe\u00fa munt miskunna \u00feig yfir S\u00edon; \u00fev\u00ed t\u00edmi er kominn a\u00f0 \u00fe\u00fa s\u00fdnir henni n\u00e1\u00f0; stundin er komin.<a name=\"15\"><span class=\"versanumer\">15<\/span><\/a>\u00dev\u00ed \u00fe\u00ednir \u00fe\u00e9narar elska S\u00edons steina, og \u00feeir aumkvast yfir hennar ryk.<a name=\"16\"><span class=\"versanumer\">16<\/span><\/a>\u00de\u00e1 munu \u00fej\u00f3\u00f0irnar \u00f3ttast Drottins nafn, og allir jar\u00f0arinnar k\u00f3ngar \u00fe\u00edna d\u00fdr\u00f0;<a name=\"17\"><span class=\"versanumer\">17<\/span><\/a>Drottinn uppbyggir S\u00edon og s\u00fdnir sig \u00ed sinni d\u00fdr\u00f0.<a name=\"18\"><span class=\"versanumer\">18<\/span><\/a>Hann sn\u00fdr s\u00ednu augliti til b\u00e6na hinna yfirgefnu, og forsm\u00e1ir ekki \u00feeirra b\u00e6n.<a name=\"19\"><span class=\"versanumer\">19<\/span><\/a>\u00dea\u00f0 ver\u00f0i skr\u00e1sett fyrir ni\u00f0jana, og \u00fea\u00f0 uppvaxandi f\u00f3lk, lofi Drottin!<a name=\"20\"><span class=\"versanumer\">20<\/span><\/a>\u00dev\u00ed hann l\u00edtur ni\u00f0ur fr\u00e1 h\u00e6\u00f0 s\u00edns helgid\u00f3ms, Drottinn l\u00edtur af himni til jar\u00f0ar,<a name=\"21\"><span class=\"versanumer\">21<\/span><\/a>til a\u00f0 heyra kvein fangans til a\u00f0 leysa b\u00f6rn dau\u00f0ans,<a name=\"22\"><span class=\"versanumer\">22<\/span><\/a>a\u00f0 \u00feau megi kunngj\u00f6ra \u00ed S\u00edon Drottins nafn, og hans lof \u00ed Jer\u00fasalem,<a name=\"23\"><span class=\"versanumer\">23<\/span><\/a>\u00feegar f\u00f3lki\u00f0 safnast saman og r\u00edkin, til a\u00f0 \u00fej\u00f3na Drottni.<a name=\"24\"><span class=\"versanumer\">24<\/span><\/a>Hann \u00f6r\u00fereytti \u00e1 lei\u00f0inni minn kraft, hann stytti m\u00edna daga.<a name=\"25\"><span class=\"versanumer\">25<\/span><\/a>Eg sag\u00f0i: minn Gu\u00f0! tak mig eigi burt mitt \u00e1 m\u00ednum d\u00f6gum. \u00de\u00edn \u00e1r vara eil\u00edflega.<a name=\"26\"><span class=\"versanumer\">26<\/span><\/a>J\u00f6r\u00f0ina festir \u00fe\u00fa for\u00f0um, og himnarnir eru \u00fe\u00edn handaverk,<a name=\"27\"><span class=\"versanumer\">27<\/span><\/a>\u00feeir munu forganga, en \u00fe\u00fa vi\u00f0varir, \u00feeir munu eldast sem fat; \u00fe\u00fa skiptir um \u00fe\u00e1 sem fat, og \u00feeir umskiptast.<a name=\"28\"><span class=\"versanumer\">28<\/span><\/a>En \u00fe\u00fa ver\u00f0ur hinn sami, og \u00fe\u00edn \u00e1r f\u00e1 engan enda.<a name=\"29\"><span class=\"versanumer\">29<\/span><\/a>\u00deinna \u00fe\u00e9nara b\u00f6rn munu b\u00faa <span class='VideyAth'>(\u00ed landinu)<\/span>, og \u00feeirra kyn mun sta\u00f0festast fyrir \u00fe\u00ednu augliti.<\/p>\n<div class=\"footnoteVidey\"><\/div>\n","protected":false},"excerpt":{"rendered":"<p>B\u00e6n um Jer\u00fasalems endurbyggingu. 1B\u00e6n \u00feess \u00fej\u00e1\u00f0a manns, sem dj\u00fapt beyg\u00f0ur, \u00fateys s\u00ednu kveini fyrir Drottni.2Drottinn! heyr m\u00edna b\u00e6n, og l\u00e1t m\u00edna gr\u00e1tbei\u00f0ni koma fyrir \u00feig.3Byrg ekki \u00feitt auglit fyrir m\u00e9r \u00e1 ney\u00f0arinnar degi; hneig \u00feitt eyra til m\u00edn, \u00fe\u00e1 eg kalla! fl\u00fdttu \u00fe\u00e9r a\u00f0 b\u00e6nheyra mig!4\u00fev\u00ed m\u00ednir dagar eru horfnir sem reykur, og m\u00edn bein eru brunnin eins og kol.5Mitt hjarta er \u00fej\u00e1\u00f0 og \u00feorna\u00f0 sem gras; \u00fev\u00ed gleymi eg a\u00f0 eta mitt brau\u00f0.6Sakir m\u00edns kveins og andvarpa, lo\u00f0a beinin vi\u00f0 m\u00edna h\u00fa\u00f0.7Eg em l\u00edkur or\u00f0inn (fuglinum) pellikan \u00e1 ey\u00f0im\u00f6rku, eg er sem n\u00e1ttugla \u00ed au\u00f0ninni.8Eg vaki (\u00e1 n\u00f3ttunni), <a href=\"https:\/\/biblian.is\/videy\/salmarnir-102-kafli\/\"> [&#8230;]<\/a><\/p>\n","protected":false},"author":1,"featured_media":0,"parent":0,"menu_order":0,"comment_status":"open","ping_status":"open","template":"bibliukaflar.php","meta":{"footnotes":""},"class_list":["post-21429","page","type-page","status-publish","hentry"],"_links":{"self":[{"href":"https:\/\/biblian.is\/videy\/wp-json\/wp\/v2\/pages\/21429","targetHints":{"allow":["GET"]}}],"collection":[{"href":"https:\/\/biblian.is\/videy\/wp-json\/wp\/v2\/pages"}],"about":[{"href":"https:\/\/biblian.is\/videy\/wp-json\/wp\/v2\/types\/page"}],"author":[{"embeddable":true,"href":"https:\/\/biblian.is\/videy\/wp-json\/wp\/v2\/users\/1"}],"replies":[{"embeddable":true,"href":"https:\/\/biblian.is\/videy\/wp-json\/wp\/v2\/comments?post=21429"}],"version-history":[{"count":0,"href":"https:\/\/biblian.is\/videy\/wp-json\/wp\/v2\/pages\/21429\/revisions"}],"wp:attachment":[{"href":"https:\/\/biblian.is\/videy\/wp-json\/wp\/v2\/media?parent=21429"}],"curies":[{"name":"wp","href":"https:\/\/api.w.org\/{rel}","templated":true}]}}