{"id":21424,"date":"2018-01-02T01:01:54","date_gmt":"2018-01-02T01:01:54","guid":{"rendered":"http:\/\/biblian.is\/videy\/salmarnir-97-kafli\/"},"modified":"2018-01-02T01:01:54","modified_gmt":"2018-01-02T01:01:54","slug":"salmarnir-97-kafli","status":"publish","type":"page","link":"https:\/\/biblian.is\/videy\/salmarnir-97-kafli\/","title":{"rendered":"S\u00e1lmarnir 97. kafli"},"content":{"rendered":"<div class=\"fyrirsognVidey\">Lofgj\u00f6r\u00f0 Drottins.<\/div>\n<p><a name=\"1\"><span class=\"versanumer\">1<\/span><\/a>Drottinn er konungur, j\u00f6r\u00f0in gle\u00f0ji sig; \u00fe\u00e6r m\u00f6rgu eyjarnar fagni.<a name=\"2\"><span class=\"versanumer\">2<\/span><\/a>Sk\u00fd og dimma eru allt \u00ed kringum hann; r\u00e9ttur og r\u00e9ttv\u00edsi er festa hans h\u00e1s\u00e6tis.<a name=\"3\"><span class=\"versanumer\">3<\/span><\/a>Eldur fer fyrir honum, og tort\u00ednir, allt um kring, hans \u00f3vinum.<a name=\"4\"><span class=\"versanumer\">4<\/span><\/a>Hans eldingar uppl\u00fdsa jar\u00f0r\u00edki\u00f0, j\u00f6r\u00f0in s\u00e9r \u00fea\u00f0 og bifast.<a name=\"5\"><span class=\"versanumer\">5<\/span><\/a>Fj\u00f6llin br\u00e1\u00f0na sem vax fyrir Drottins augs\u00fdn, fyrir augs\u00fdn hans sem drottnar yfir allri j\u00f6r\u00f0unni.<a name=\"6\"><span class=\"versanumer\">6<\/span><\/a>Himnarnir kunngj\u00f6ra hans r\u00e9ttl\u00e6ti og allar \u00fej\u00f3\u00f0ir sj\u00e1 hans d\u00fdr\u00f0.<a name=\"7\"><span class=\"versanumer\">7<\/span><\/a>Sneypast skulu allir \u00feeir sem d\u00fdrka l\u00edkneskjur, sem st\u00e6ra sig af skur\u00f0go\u00f0um.<a name=\"8\"><span class=\"versanumer\">8<\/span><\/a>Hann tilbi\u00f0ja allir gu\u00f0ir, S\u00edon heyrir \u00fea\u00f0 og gle\u00f0st, J\u00fadeud\u00e6tur <span class='VideyAth'>(borgir)<\/span> gle\u00f0jast vi\u00f0 \u00fe\u00edna d\u00f3ma, Drottinn!<a name=\"9\"><span class=\"versanumer\">9<\/span><\/a>\u00dev\u00ed \u00fe\u00fa, Drottinn! ert s\u00e1 \u00e6\u00f0sti yfir allri j\u00f6r\u00f0inni; \u00fe\u00fa ert mj\u00f6g upphafinn yfir alla Gu\u00f0i.<a name=\"10\"><span class=\"versanumer\">10<\/span><\/a>Hati\u00f0 hi\u00f0 illa, \u00fe\u00e9r sem elski\u00f0 Drottin! hann var\u00f0veitir s\u00e1lir sinna heil\u00f6gu, af hendi \u00f3gu\u00f0legra mun hann frelsa \u00fe\u00e1.<a name=\"11\"><span class=\"versanumer\">11<\/span><\/a>Lj\u00f3s tendrast \u00feeim r\u00e9ttl\u00e1ta og gle\u00f0i \u00feeim hreinskilnu af hjarta.<a name=\"12\"><span class=\"versanumer\">12<\/span><\/a>Gle\u00f0ji\u00f0 y\u00f0ur \u00ed Drottni, \u00fe\u00e9r r\u00e9ttl\u00e1tu! og vegsami\u00f0 hans heilaga nafn.<\/p>\n<div class=\"footnoteVidey\"><\/div>\n","protected":false},"excerpt":{"rendered":"<p>Lofgj\u00f6r\u00f0 Drottins. 1Drottinn er konungur, j\u00f6r\u00f0in gle\u00f0ji sig; \u00fe\u00e6r m\u00f6rgu eyjarnar fagni.2Sk\u00fd og dimma eru allt \u00ed kringum hann; r\u00e9ttur og r\u00e9ttv\u00edsi er festa hans h\u00e1s\u00e6tis.3Eldur fer fyrir honum, og tort\u00ednir, allt um kring, hans \u00f3vinum.4Hans eldingar uppl\u00fdsa jar\u00f0r\u00edki\u00f0, j\u00f6r\u00f0in s\u00e9r \u00fea\u00f0 og bifast.5Fj\u00f6llin br\u00e1\u00f0na sem vax fyrir Drottins augs\u00fdn, fyrir augs\u00fdn hans sem drottnar yfir allri j\u00f6r\u00f0unni.6Himnarnir kunngj\u00f6ra hans r\u00e9ttl\u00e6ti og allar \u00fej\u00f3\u00f0ir sj\u00e1 hans d\u00fdr\u00f0.7Sneypast skulu allir \u00feeir sem d\u00fdrka l\u00edkneskjur, sem st\u00e6ra sig af skur\u00f0go\u00f0um.8Hann tilbi\u00f0ja allir gu\u00f0ir, S\u00edon heyrir \u00fea\u00f0 og gle\u00f0st, J\u00fadeud\u00e6tur (borgir) gle\u00f0jast vi\u00f0 \u00fe\u00edna d\u00f3ma, Drottinn!9\u00dev\u00ed \u00fe\u00fa, Drottinn! ert s\u00e1 \u00e6\u00f0sti yfir allri <a href=\"https:\/\/biblian.is\/videy\/salmarnir-97-kafli\/\"> [&#8230;]<\/a><\/p>\n","protected":false},"author":1,"featured_media":0,"parent":0,"menu_order":0,"comment_status":"open","ping_status":"open","template":"bibliukaflar.php","meta":{"footnotes":""},"class_list":["post-21424","page","type-page","status-publish","hentry"],"_links":{"self":[{"href":"https:\/\/biblian.is\/videy\/wp-json\/wp\/v2\/pages\/21424","targetHints":{"allow":["GET"]}}],"collection":[{"href":"https:\/\/biblian.is\/videy\/wp-json\/wp\/v2\/pages"}],"about":[{"href":"https:\/\/biblian.is\/videy\/wp-json\/wp\/v2\/types\/page"}],"author":[{"embeddable":true,"href":"https:\/\/biblian.is\/videy\/wp-json\/wp\/v2\/users\/1"}],"replies":[{"embeddable":true,"href":"https:\/\/biblian.is\/videy\/wp-json\/wp\/v2\/comments?post=21424"}],"version-history":[{"count":0,"href":"https:\/\/biblian.is\/videy\/wp-json\/wp\/v2\/pages\/21424\/revisions"}],"wp:attachment":[{"href":"https:\/\/biblian.is\/videy\/wp-json\/wp\/v2\/media?parent=21424"}],"curies":[{"name":"wp","href":"https:\/\/api.w.org\/{rel}","templated":true}]}}