{"id":21422,"date":"2018-01-02T01:01:54","date_gmt":"2018-01-02T01:01:54","guid":{"rendered":"http:\/\/biblian.is\/videy\/salmarnir-95-kafli\/"},"modified":"2018-01-02T01:01:54","modified_gmt":"2018-01-02T01:01:54","slug":"salmarnir-95-kafli","status":"publish","type":"page","link":"https:\/\/biblian.is\/videy\/salmarnir-95-kafli\/","title":{"rendered":"S\u00e1lmarnir 95. kafli"},"content":{"rendered":"<div class=\"fyrirsognVidey\">Menn skulu lofa Gu\u00f0 og hl\u00fd\u00f0a honum.<\/div>\n<p><a name=\"1\"><span class=\"versanumer\">1<\/span><\/a>Hanan\u00fa! l\u00e1tum oss fagna fyrir Drottni, gle\u00f0jum oss frammi fyrir bjargi vors frelsis!<a name=\"2\"><span class=\"versanumer\">2<\/span><\/a>L\u00e1tum oss me\u00f0 \u00feakkargj\u00f6r\u00f0 koma fyrir hans auglit, me\u00f0 s\u00f6ng fagna frammi fyrir honum!<a name=\"3\"><span class=\"versanumer\">3<\/span><\/a>\u00dev\u00ed Drottinn er mikill Gu\u00f0 og voldugur konungur yfir \u00f6llum gu\u00f0um.<a name=\"4\"><span class=\"versanumer\">4<\/span><\/a>\u00cd hans hendi eru jar\u00f0arinnar fylgsni, og fjallanna au\u00f0ur er hans.<a name=\"5\"><span class=\"versanumer\">5<\/span><\/a>Hans er hafi\u00f0, \u00fev\u00ed hann gj\u00f6r\u00f0i \u00fea\u00f0 og hans hendur tilbjuggu \u00feurrlendi\u00f0.<a name=\"6\"><span class=\"versanumer\">6<\/span><\/a>Komi\u00f0! l\u00e1tum oss framfalla og tilbi\u00f0ja, l\u00e1tum oss beygja kn\u00e9 fyrir Drottni vorum skapara!<a name=\"7\"><span class=\"versanumer\">7<\/span><\/a>\u00fev\u00ed hann er vor Gu\u00f0 og v\u00e9r erum f\u00f3lk hans haglendis og hj\u00f6r\u00f0 sem hans handar.<a name=\"8\"><span class=\"versanumer\">8<\/span><\/a>\u00d3! a\u00f0 \u00fe\u00e9r \u00ed dag vildu\u00f0 heyra hans raust! forher\u00f0i\u00f0 ekki y\u00f0ar hj\u00f6rtu sem \u00ed Meriba, eins og \u00e1 freistingarinnar degi \u00ed ey\u00f0im\u00f6rkinni,<a name=\"9\"><span class=\"versanumer\">9<\/span><\/a>hvar y\u00f0ar fe\u00f0ur freistu\u00f0u m\u00edn, reyndu mig, \u00fe\u00f3 \u00feeir s\u00e6ju m\u00edn verk.<a name=\"10\"><span class=\"versanumer\">10<\/span><\/a>Fj\u00f6rut\u00edu \u00e1r str\u00edddi eg vi\u00f0 \u00feessa kynsl\u00f3\u00f0, og eg sag\u00f0i: \u00feeir eru \u00fea\u00f0 f\u00f3lk sem fer villt me\u00f0 s\u00ednu hjarta, og \u00feeir \u00feekkja ekki m\u00edna vegu.<a name=\"11\"><span class=\"versanumer\">11<\/span><\/a>\u00dev\u00ed s\u00f3r eg \u00ed minni rei\u00f0i: \u00feeir skulu aldrei innganga til minnar hv\u00edldar.<\/p>\n<div class=\"footnoteVidey\"><\/div>\n","protected":false},"excerpt":{"rendered":"<p>Menn skulu lofa Gu\u00f0 og hl\u00fd\u00f0a honum. 1Hanan\u00fa! l\u00e1tum oss fagna fyrir Drottni, gle\u00f0jum oss frammi fyrir bjargi vors frelsis!2L\u00e1tum oss me\u00f0 \u00feakkargj\u00f6r\u00f0 koma fyrir hans auglit, me\u00f0 s\u00f6ng fagna frammi fyrir honum!3\u00dev\u00ed Drottinn er mikill Gu\u00f0 og voldugur konungur yfir \u00f6llum gu\u00f0um.4\u00cd hans hendi eru jar\u00f0arinnar fylgsni, og fjallanna au\u00f0ur er hans.5Hans er hafi\u00f0, \u00fev\u00ed hann gj\u00f6r\u00f0i \u00fea\u00f0 og hans hendur tilbjuggu \u00feurrlendi\u00f0.6Komi\u00f0! l\u00e1tum oss framfalla og tilbi\u00f0ja, l\u00e1tum oss beygja kn\u00e9 fyrir Drottni vorum skapara!7\u00fev\u00ed hann er vor Gu\u00f0 og v\u00e9r erum f\u00f3lk hans haglendis og hj\u00f6r\u00f0 sem hans handar.8\u00d3! a\u00f0 \u00fe\u00e9r \u00ed dag vildu\u00f0 heyra hans raust! <a href=\"https:\/\/biblian.is\/videy\/salmarnir-95-kafli\/\"> [&#8230;]<\/a><\/p>\n","protected":false},"author":1,"featured_media":0,"parent":0,"menu_order":0,"comment_status":"open","ping_status":"open","template":"bibliukaflar.php","meta":{"footnotes":""},"class_list":["post-21422","page","type-page","status-publish","hentry"],"_links":{"self":[{"href":"https:\/\/biblian.is\/videy\/wp-json\/wp\/v2\/pages\/21422","targetHints":{"allow":["GET"]}}],"collection":[{"href":"https:\/\/biblian.is\/videy\/wp-json\/wp\/v2\/pages"}],"about":[{"href":"https:\/\/biblian.is\/videy\/wp-json\/wp\/v2\/types\/page"}],"author":[{"embeddable":true,"href":"https:\/\/biblian.is\/videy\/wp-json\/wp\/v2\/users\/1"}],"replies":[{"embeddable":true,"href":"https:\/\/biblian.is\/videy\/wp-json\/wp\/v2\/comments?post=21422"}],"version-history":[{"count":0,"href":"https:\/\/biblian.is\/videy\/wp-json\/wp\/v2\/pages\/21422\/revisions"}],"wp:attachment":[{"href":"https:\/\/biblian.is\/videy\/wp-json\/wp\/v2\/media?parent=21422"}],"curies":[{"name":"wp","href":"https:\/\/api.w.org\/{rel}","templated":true}]}}