{"id":21420,"date":"2018-01-02T01:01:54","date_gmt":"2018-01-02T01:01:54","guid":{"rendered":"http:\/\/biblian.is\/videy\/salmarnir-93-kafli\/"},"modified":"2018-01-02T01:01:54","modified_gmt":"2018-01-02T01:01:54","slug":"salmarnir-93-kafli","status":"publish","type":"page","link":"https:\/\/biblian.is\/videy\/salmarnir-93-kafli\/","title":{"rendered":"S\u00e1lmarnir 93. kafli"},"content":{"rendered":"<div class=\"fyrirsognVidey\">Lofgj\u00f6r\u00f0 Drottins.<\/div>\n<p><a name=\"1\"><span class=\"versanumer\">1<\/span><\/a>Drottinn er konungur, \u00edkl\u00e6ddur h\u00e1tign, Drottinn hefir \u00edkl\u00e6\u00f0st, hann hefir girt sig krafti. \u00dev\u00ed er j\u00f6r\u00f0in f\u00f6st, svo h\u00fan bifist ekki.<a name=\"2\"><span class=\"versanumer\">2<\/span><\/a>Fast stendur \u00feitt h\u00e1s\u00e6ti fr\u00e1 upphafi, fr\u00e1 eil\u00edf\u00f0 ertu til.<a name=\"3\"><span class=\"versanumer\">3<\/span><\/a>Vatnsf\u00f6ll upphefjast, Drottinn! vatnsf\u00f6llin upphefja s\u00edna raust. V\u00f6tnin hefja ni\u00f0 sinna bylgna.<a name=\"4\"><span class=\"versanumer\">4<\/span><\/a>Voldugri, heldur en \u00feeirra vatna raust, heldur en hafsins bylgjur, er Drottinn \u00ed h\u00e6\u00f0inni.<a name=\"5\"><span class=\"versanumer\">5<\/span><\/a>\u00deinn vitnisbur\u00f0ur <span class='VideyAth'>(l\u00f6g)<\/span> er sannur, \u00fe\u00ednu h\u00fasi tilheyrir heilagleikans pr\u00fd\u00f0i, Drottinn! til daganna enda.<\/p>\n<div class=\"footnoteVidey\"><\/div>\n","protected":false},"excerpt":{"rendered":"<p>Lofgj\u00f6r\u00f0 Drottins. 1Drottinn er konungur, \u00edkl\u00e6ddur h\u00e1tign, Drottinn hefir \u00edkl\u00e6\u00f0st, hann hefir girt sig krafti. \u00dev\u00ed er j\u00f6r\u00f0in f\u00f6st, svo h\u00fan bifist ekki.2Fast stendur \u00feitt h\u00e1s\u00e6ti fr\u00e1 upphafi, fr\u00e1 eil\u00edf\u00f0 ertu til.3Vatnsf\u00f6ll upphefjast, Drottinn! vatnsf\u00f6llin upphefja s\u00edna raust. V\u00f6tnin hefja ni\u00f0 sinna bylgna.4Voldugri, heldur en \u00feeirra vatna raust, heldur en hafsins bylgjur, er Drottinn \u00ed h\u00e6\u00f0inni.5\u00deinn vitnisbur\u00f0ur (l\u00f6g) er sannur, \u00fe\u00ednu h\u00fasi tilheyrir heilagleikans pr\u00fd\u00f0i, Drottinn! til daganna enda.<\/p>\n","protected":false},"author":1,"featured_media":0,"parent":0,"menu_order":0,"comment_status":"open","ping_status":"open","template":"bibliukaflar.php","meta":{"footnotes":""},"class_list":["post-21420","page","type-page","status-publish","hentry"],"_links":{"self":[{"href":"https:\/\/biblian.is\/videy\/wp-json\/wp\/v2\/pages\/21420","targetHints":{"allow":["GET"]}}],"collection":[{"href":"https:\/\/biblian.is\/videy\/wp-json\/wp\/v2\/pages"}],"about":[{"href":"https:\/\/biblian.is\/videy\/wp-json\/wp\/v2\/types\/page"}],"author":[{"embeddable":true,"href":"https:\/\/biblian.is\/videy\/wp-json\/wp\/v2\/users\/1"}],"replies":[{"embeddable":true,"href":"https:\/\/biblian.is\/videy\/wp-json\/wp\/v2\/comments?post=21420"}],"version-history":[{"count":0,"href":"https:\/\/biblian.is\/videy\/wp-json\/wp\/v2\/pages\/21420\/revisions"}],"wp:attachment":[{"href":"https:\/\/biblian.is\/videy\/wp-json\/wp\/v2\/media?parent=21420"}],"curies":[{"name":"wp","href":"https:\/\/api.w.org\/{rel}","templated":true}]}}