{"id":21399,"date":"2018-01-02T01:01:48","date_gmt":"2018-01-02T01:01:48","guid":{"rendered":"http:\/\/biblian.is\/videy\/salmarnir-72-kafli\/"},"modified":"2018-01-02T01:01:48","modified_gmt":"2018-01-02T01:01:48","slug":"salmarnir-72-kafli","status":"publish","type":"page","link":"https:\/\/biblian.is\/videy\/salmarnir-72-kafli\/","title":{"rendered":"S\u00e1lmarnir 72. kafli"},"content":{"rendered":"<div class=\"fyrirsognVidey\">Lukku\u00f3skir konunginum.<\/div>\n<p><a name=\"1\"><span class=\"versanumer\">1<\/span><\/a>Fyrir Sal\u00f3mon e\u00f0a: af Sal\u00f3mon.<a name=\"2\"><span class=\"versanumer\">2<\/span><\/a>Gu\u00f0! gef konunginum \u00fe\u00edna d\u00f3ma, og k\u00f3ngsins syni \u00feitt r\u00e9ttl\u00e6ti!<a name=\"3\"><span class=\"versanumer\">3<\/span><\/a>L\u00e1ttu fj\u00f6llin og h\u00e6\u00f0irnar f\u00e6ra fri\u00f0 f\u00f3lkinu fyrir r\u00e9ttl\u00e6ti\u00f0.<a name=\"4\"><span class=\"versanumer\">4<\/span><\/a>Hann mun \u00fatvega \u00feeim aumu r\u00e9tt, me\u00f0al f\u00f3lksins, hann mun frelsa b\u00f6rn hins f\u00e1t\u00e6ka og sundurmerja ofbeldismanninn;<a name=\"5\"><span class=\"versanumer\">5<\/span><\/a>Menn munu \u00f3ttast \u00feig svo lengi sem s\u00f3lin sk\u00edn, og tungli\u00f0 er til, fr\u00e1 kyni til kyns,<a name=\"6\"><span class=\"versanumer\">6<\/span><\/a>hann mun ni\u00f0urkoma sem d\u00f6gg yfir slegna velli, sem dropar, er v\u00e6ta j\u00f6r\u00f0ina.<a name=\"7\"><span class=\"versanumer\">7<\/span><\/a>\u00c1 hans d\u00f6gum mun s\u00e1 r\u00e9ttl\u00e1ti bl\u00f3mgast, og mikill fri\u00f0ur <span class='VideyAth'>(vera)<\/span> \u00feanga\u00f0 til tungli\u00f0 er ei meir.<a name=\"8\"><span class=\"versanumer\">8<\/span><\/a>Hann mun r\u00edkja fr\u00e1 hafi til hafs, og fr\u00e1 \u00e1nni til landsins enda.<a name=\"9\"><span class=\"versanumer\">9<\/span><\/a>Honum skulu \u00feeir l\u00fata sem b\u00faa \u00ed ey\u00f0im\u00f6rkinni, og hans \u00f3vinir munu dufti\u00f0 sleikja.<a name=\"10\"><span class=\"versanumer\">10<\/span><\/a>K\u00f3ngarnir \u00ed Tarsis og Syonum, munu koma me\u00f0 g\u00e1fur, k\u00f3ngarnir af Seba og Seb\u00f3a munu frambera skenki,<a name=\"11\"><span class=\"versanumer\">11<\/span><\/a>j\u00e1, allir k\u00f3ngar munu honum l\u00fata, allar \u00fej\u00f3\u00f0ir honum \u00fej\u00f3na.<a name=\"12\"><span class=\"versanumer\">12<\/span><\/a>\u00dev\u00ed hann frelsar hinn f\u00e1t\u00e6ka sem kallar eftir hj\u00e1lp, og \u00feann auma sem hefir engan hj\u00e1lpar mann.<a name=\"13\"><span class=\"versanumer\">13<\/span><\/a>Hann mun v\u00e6gja l\u00edtilmagnanum og \u00feeim vola\u00f0a, og bjarga l\u00edfi hinna snau\u00f0u,<a name=\"14\"><span class=\"versanumer\">14<\/span><\/a>fr\u00e1 v\u00e9lum og ofr\u00edki mun hann frelsa \u00feeirra s\u00e1lir, og honum mun vera d\u00fdrm\u00e6tt \u00feeirra bl\u00f3\u00f0.<a name=\"15\"><span class=\"versanumer\">15<\/span><\/a>Og hann skal lifa, og menn skulu gefa honum gull fr\u00e1 Sabea, og bi\u00f0ja \u00e6t\u00ed\u00f0 fyrir honum, vegsama hann daglega.<a name=\"16\"><span class=\"versanumer\">16<\/span><\/a>Korni\u00f0 mun standa \u00fe\u00e9tt \u00ed landinu, \u00e1 fjallatindum, \u00ed \u00e1v\u00f6xtunum mun hv\u00edna sem \u00ed L\u00edbanonsk\u00f3gi, og menn \u00ed st\u00f6\u00f0unum uppvaxa sem gras sprettur upp af j\u00f6r\u00f0u.<a name=\"17\"><span class=\"versanumer\">17<\/span><\/a>Hans nafn skal ver\u00f0a eil\u00edft, svo lengi sem s\u00f3lin sk\u00edn mun hans nafn n\u00e1 til eftirkomendanna, fyrir hann munu allar \u00fej\u00f3\u00f0ir blessast og pr\u00edsa hann s\u00e6lan. <br \/><a name=\"18\"><span class=\"versanumer\">18<\/span><\/a>Lofa\u00f0ur veri Gu\u00f0, Drottinn \u00cdsraels Gu\u00f0! hann sem einn gj\u00f6rir d\u00e1semdarverkin,<a name=\"19\"><span class=\"versanumer\">19<\/span><\/a>og lofa\u00f0 s\u00e9 nafn hans d\u00fdr\u00f0ar a\u00f0 eil\u00edfu. \u00d6ll j\u00f6r\u00f0in fyllist af hans d\u00fdr\u00f0, Amen, j\u00e1, amen. <br \/><a name=\"20\"><span class=\"versanumer\">20<\/span><\/a>Endir Dav\u00ed\u00f0s, Isa\u00edsonar, b\u00e6na.<\/p>\n<div class=\"footnoteVidey\"><\/div>\n","protected":false},"excerpt":{"rendered":"<p>Lukku\u00f3skir konunginum. 1Fyrir Sal\u00f3mon e\u00f0a: af Sal\u00f3mon.2Gu\u00f0! gef konunginum \u00fe\u00edna d\u00f3ma, og k\u00f3ngsins syni \u00feitt r\u00e9ttl\u00e6ti!3L\u00e1ttu fj\u00f6llin og h\u00e6\u00f0irnar f\u00e6ra fri\u00f0 f\u00f3lkinu fyrir r\u00e9ttl\u00e6ti\u00f0.4Hann mun \u00fatvega \u00feeim aumu r\u00e9tt, me\u00f0al f\u00f3lksins, hann mun frelsa b\u00f6rn hins f\u00e1t\u00e6ka og sundurmerja ofbeldismanninn;5Menn munu \u00f3ttast \u00feig svo lengi sem s\u00f3lin sk\u00edn, og tungli\u00f0 er til, fr\u00e1 kyni til kyns,6hann mun ni\u00f0urkoma sem d\u00f6gg yfir slegna velli, sem dropar, er v\u00e6ta j\u00f6r\u00f0ina.7\u00c1 hans d\u00f6gum mun s\u00e1 r\u00e9ttl\u00e1ti bl\u00f3mgast, og mikill fri\u00f0ur (vera) \u00feanga\u00f0 til tungli\u00f0 er ei meir.8Hann mun r\u00edkja fr\u00e1 hafi til hafs, og fr\u00e1 \u00e1nni til landsins enda.9Honum skulu \u00feeir l\u00fata sem <a href=\"https:\/\/biblian.is\/videy\/salmarnir-72-kafli\/\"> [&#8230;]<\/a><\/p>\n","protected":false},"author":1,"featured_media":0,"parent":0,"menu_order":0,"comment_status":"open","ping_status":"open","template":"bibliukaflar.php","meta":{"footnotes":""},"class_list":["post-21399","page","type-page","status-publish","hentry"],"_links":{"self":[{"href":"https:\/\/biblian.is\/videy\/wp-json\/wp\/v2\/pages\/21399","targetHints":{"allow":["GET"]}}],"collection":[{"href":"https:\/\/biblian.is\/videy\/wp-json\/wp\/v2\/pages"}],"about":[{"href":"https:\/\/biblian.is\/videy\/wp-json\/wp\/v2\/types\/page"}],"author":[{"embeddable":true,"href":"https:\/\/biblian.is\/videy\/wp-json\/wp\/v2\/users\/1"}],"replies":[{"embeddable":true,"href":"https:\/\/biblian.is\/videy\/wp-json\/wp\/v2\/comments?post=21399"}],"version-history":[{"count":0,"href":"https:\/\/biblian.is\/videy\/wp-json\/wp\/v2\/pages\/21399\/revisions"}],"wp:attachment":[{"href":"https:\/\/biblian.is\/videy\/wp-json\/wp\/v2\/media?parent=21399"}],"curies":[{"name":"wp","href":"https:\/\/api.w.org\/{rel}","templated":true}]}}