{"id":21374,"date":"2018-01-02T01:01:42","date_gmt":"2018-01-02T01:01:42","guid":{"rendered":"http:\/\/biblian.is\/videy\/salmarnir-47-kafli\/"},"modified":"2018-01-02T01:01:42","modified_gmt":"2018-01-02T01:01:42","slug":"salmarnir-47-kafli","status":"publish","type":"page","link":"https:\/\/biblian.is\/videy\/salmarnir-47-kafli\/","title":{"rendered":"S\u00e1lmarnir 47. kafli"},"content":{"rendered":"<div class=\"fyrirsognVidey\">Lofgj\u00f6r\u00f0 eftir fenginn sigur.<\/div>\n<p><a name=\"1\"><span class=\"versanumer\">1<\/span><\/a>Til hlj\u00f3\u00f0f\u00e6rameistarans af Koras b\u00f6rnum, lj\u00f3\u00f0m\u00e6li.<a name=\"2\"><span class=\"versanumer\">2<\/span><\/a>Klappi\u00f0 l\u00f3fum saman allar \u00fej\u00f3\u00f0ir! fagni\u00f0 fyrir Drottni me\u00f0 gle\u00f0i hlj\u00f3m!<a name=\"3\"><span class=\"versanumer\">3<\/span><\/a>\u00dev\u00ed Drottinn s\u00e1 \u00e6\u00f0sti er voldugur, mikill k\u00f3ngur \u00e1 allri j\u00f6r\u00f0inni.<a name=\"4\"><span class=\"versanumer\">4<\/span><\/a>Hann lag\u00f0i f\u00f3lki\u00f0 undir oss, og \u00fej\u00f3\u00f0irnar undir vorar f\u00e6tur.<a name=\"5\"><span class=\"versanumer\">5<\/span><\/a>Hann valdi oss vorn arf, d\u00fdr\u00f0 Jakobs, sem hann elska\u00f0i, <span class='VideyAth'>(m\u00e1lhv\u00edld)<\/span>.<a name=\"6\"><span class=\"versanumer\">6<\/span><\/a>Gu\u00f0 st\u00e9 upp me\u00f0 fagna\u00f0arraust, Drottinn me\u00f0 b\u00e1s\u00fanuhlj\u00f3mi.<a name=\"7\"><span class=\"versanumer\">7<\/span><\/a>Syngi\u00f0 fyrir Gu\u00f0i, \u00f3 syngi\u00f0! syngi\u00f0 fyrir vorum konungi, \u00f3 syngi\u00f0!<a name=\"8\"><span class=\"versanumer\">8<\/span><\/a>\u00dev\u00ed Gu\u00f0 er konungur allrar jar\u00f0arinnar. Syngi\u00f0 honum s\u00e1lma, Gu\u00f0 r\u00edkir yfir \u00fej\u00f3\u00f0unum.<a name=\"9\"><span class=\"versanumer\">9<\/span><\/a>Gu\u00f0 situr \u00ed s\u00ednu heilaga h\u00e1s\u00e6ti.<a name=\"10\"><span class=\"versanumer\">10<\/span><\/a>\u00dej\u00f3\u00f0anna furstar safnast sem f\u00f3lk Gu\u00f0s Abrahams, \u00fev\u00ed Gu\u00f0i tilheyra h\u00f6f\u00f0ingjar jar\u00f0arinnar; hann er mj\u00f6g upphafinn.<\/p>\n<div class=\"footnoteVidey\"><\/div>\n","protected":false},"excerpt":{"rendered":"<p>Lofgj\u00f6r\u00f0 eftir fenginn sigur. 1Til hlj\u00f3\u00f0f\u00e6rameistarans af Koras b\u00f6rnum, lj\u00f3\u00f0m\u00e6li.2Klappi\u00f0 l\u00f3fum saman allar \u00fej\u00f3\u00f0ir! fagni\u00f0 fyrir Drottni me\u00f0 gle\u00f0i hlj\u00f3m!3\u00dev\u00ed Drottinn s\u00e1 \u00e6\u00f0sti er voldugur, mikill k\u00f3ngur \u00e1 allri j\u00f6r\u00f0inni.4Hann lag\u00f0i f\u00f3lki\u00f0 undir oss, og \u00fej\u00f3\u00f0irnar undir vorar f\u00e6tur.5Hann valdi oss vorn arf, d\u00fdr\u00f0 Jakobs, sem hann elska\u00f0i, (m\u00e1lhv\u00edld).6Gu\u00f0 st\u00e9 upp me\u00f0 fagna\u00f0arraust, Drottinn me\u00f0 b\u00e1s\u00fanuhlj\u00f3mi.7Syngi\u00f0 fyrir Gu\u00f0i, \u00f3 syngi\u00f0! syngi\u00f0 fyrir vorum konungi, \u00f3 syngi\u00f0!8\u00dev\u00ed Gu\u00f0 er konungur allrar jar\u00f0arinnar. Syngi\u00f0 honum s\u00e1lma, Gu\u00f0 r\u00edkir yfir \u00fej\u00f3\u00f0unum.9Gu\u00f0 situr \u00ed s\u00ednu heilaga h\u00e1s\u00e6ti.10\u00dej\u00f3\u00f0anna furstar safnast sem f\u00f3lk Gu\u00f0s Abrahams, \u00fev\u00ed Gu\u00f0i tilheyra h\u00f6f\u00f0ingjar jar\u00f0arinnar; hann er mj\u00f6g upphafinn.<\/p>\n","protected":false},"author":1,"featured_media":0,"parent":0,"menu_order":0,"comment_status":"open","ping_status":"open","template":"bibliukaflar.php","meta":{"footnotes":""},"class_list":["post-21374","page","type-page","status-publish","hentry"],"_links":{"self":[{"href":"https:\/\/biblian.is\/videy\/wp-json\/wp\/v2\/pages\/21374","targetHints":{"allow":["GET"]}}],"collection":[{"href":"https:\/\/biblian.is\/videy\/wp-json\/wp\/v2\/pages"}],"about":[{"href":"https:\/\/biblian.is\/videy\/wp-json\/wp\/v2\/types\/page"}],"author":[{"embeddable":true,"href":"https:\/\/biblian.is\/videy\/wp-json\/wp\/v2\/users\/1"}],"replies":[{"embeddable":true,"href":"https:\/\/biblian.is\/videy\/wp-json\/wp\/v2\/comments?post=21374"}],"version-history":[{"count":0,"href":"https:\/\/biblian.is\/videy\/wp-json\/wp\/v2\/pages\/21374\/revisions"}],"wp:attachment":[{"href":"https:\/\/biblian.is\/videy\/wp-json\/wp\/v2\/media?parent=21374"}],"curies":[{"name":"wp","href":"https:\/\/api.w.org\/{rel}","templated":true}]}}