{"id":21373,"date":"2018-01-02T01:01:42","date_gmt":"2018-01-02T01:01:42","guid":{"rendered":"http:\/\/biblian.is\/videy\/salmarnir-46-kafli\/"},"modified":"2018-01-02T01:01:42","modified_gmt":"2018-01-02T01:01:42","slug":"salmarnir-46-kafli","status":"publish","type":"page","link":"https:\/\/biblian.is\/videy\/salmarnir-46-kafli\/","title":{"rendered":"S\u00e1lmarnir 46. kafli"},"content":{"rendered":"<div class=\"fyrirsognVidey\">\u00deakkl\u00e6ti eftir afsta\u00f0inn h\u00e1ska.<\/div>\n<p><a name=\"1\"><span class=\"versanumer\">1<\/span><\/a>Til hlj\u00f3\u00f0f\u00e6rameistarans af Koras b\u00f6rnum, kv\u00e6\u00f0i \u00e1 <span class='VideyAth'>(hlj\u00f3\u00f0f\u00e6ri\u00f0)<\/span> Almurh.<a name=\"2\"><span class=\"versanumer\">2<\/span><\/a>Gu\u00f0 er vort athvarf og styrkur, hj\u00e1lp \u00ed \u00ferengingum margreynd;<a name=\"3\"><span class=\"versanumer\">3<\/span><\/a>\u00fev\u00ed hr\u00e6\u00f0umst v\u00e9r ekkert \u00fe\u00f3 a\u00f0 j\u00f6r\u00f0in fari \u00far lagi, og fj\u00f6llin flytjist mitt \u00ed hafi\u00f0,<a name=\"4\"><span class=\"versanumer\">4<\/span><\/a>\u00fe\u00f3 a\u00f0 sj\u00f3rinn \u00f3lgi og \u00e6sist, svo a\u00f0 fj\u00f6llin hristist af hans ofsa <span class='VideyAth'>(m\u00e1lhv\u00edld)<\/span>,<a name=\"5\"><span class=\"versanumer\">5<\/span><\/a>\u00e1in mun samt og hennar rennur gle\u00f0ja Gu\u00f0s sta\u00f0, heilagan b\u00fasta\u00f0 ens h\u00e6sta.<a name=\"6\"><span class=\"versanumer\">6<\/span><\/a>Gu\u00f0 er mitt \u00ed honum, hann skal ekki bifast. Gu\u00f0 verndar hann <span class='VideyAth'>(\u00feegar morguninn frambr\u00fdst)<\/span> \u00ed t\u00edma.<a name=\"7\"><span class=\"versanumer\">7<\/span><\/a>\u00dej\u00f3\u00f0irnar geisa, r\u00edkin bifast, hann \u00fatsendir s\u00edna raust, j\u00f6r\u00f0in br\u00e1\u00f0nar.<a name=\"8\"><span class=\"versanumer\">8<\/span><\/a>Drottinn herskaranna er me\u00f0 oss. Jakobs Gu\u00f0 er vort v\u00edgi, <span class='VideyAth'>(m\u00e1lhv\u00edld)<\/span>.<a name=\"9\"><span class=\"versanumer\">9<\/span><\/a>Komi\u00f0 og sj\u00e1i\u00f0 Drottins verk, hv\u00f6rsu hann gj\u00f6rir ey\u00f0ileggingu \u00e1 j\u00f6r\u00f0unni.<a name=\"10\"><span class=\"versanumer\">10<\/span><\/a>Hann l\u00e6tur str\u00ed\u00f0um linna til jar\u00f0arinnar enda, sundurbr\u00fdtur bogann, og h\u00f6ggur sundur spj\u00f3tin, uppbrennir vagnana me\u00f0 eldi.<a name=\"11\"><span class=\"versanumer\">11<\/span><\/a>H\u00e6tti\u00f0 og vi\u00f0urkenni\u00f0: a\u00f0 eg er Gu\u00f0 upphafinn me\u00f0al \u00fej\u00f3\u00f0anna, upphafinn \u00e1 j\u00f6r\u00f0inni.<a name=\"12\"><span class=\"versanumer\">12<\/span><\/a>Drottinn herskaranna er me\u00f0 oss. Jakobs Gu\u00f0 er vort v\u00edgi, <span class='VideyAth'>(m\u00e1lhv\u00edld)<\/span>.<\/p>\n<div class=\"footnoteVidey\"><\/div>\n","protected":false},"excerpt":{"rendered":"<p>\u00deakkl\u00e6ti eftir afsta\u00f0inn h\u00e1ska. 1Til hlj\u00f3\u00f0f\u00e6rameistarans af Koras b\u00f6rnum, kv\u00e6\u00f0i \u00e1 (hlj\u00f3\u00f0f\u00e6ri\u00f0) Almurh.2Gu\u00f0 er vort athvarf og styrkur, hj\u00e1lp \u00ed \u00ferengingum margreynd;3\u00fev\u00ed hr\u00e6\u00f0umst v\u00e9r ekkert \u00fe\u00f3 a\u00f0 j\u00f6r\u00f0in fari \u00far lagi, og fj\u00f6llin flytjist mitt \u00ed hafi\u00f0,4\u00fe\u00f3 a\u00f0 sj\u00f3rinn \u00f3lgi og \u00e6sist, svo a\u00f0 fj\u00f6llin hristist af hans ofsa (m\u00e1lhv\u00edld),5\u00e1in mun samt og hennar rennur gle\u00f0ja Gu\u00f0s sta\u00f0, heilagan b\u00fasta\u00f0 ens h\u00e6sta.6Gu\u00f0 er mitt \u00ed honum, hann skal ekki bifast. Gu\u00f0 verndar hann (\u00feegar morguninn frambr\u00fdst) \u00ed t\u00edma.7\u00dej\u00f3\u00f0irnar geisa, r\u00edkin bifast, hann \u00fatsendir s\u00edna raust, j\u00f6r\u00f0in br\u00e1\u00f0nar.8Drottinn herskaranna er me\u00f0 oss. Jakobs Gu\u00f0 er vort v\u00edgi, (m\u00e1lhv\u00edld).9Komi\u00f0 og sj\u00e1i\u00f0 Drottins <a href=\"https:\/\/biblian.is\/videy\/salmarnir-46-kafli\/\"> [&#8230;]<\/a><\/p>\n","protected":false},"author":1,"featured_media":0,"parent":0,"menu_order":0,"comment_status":"open","ping_status":"open","template":"bibliukaflar.php","meta":{"footnotes":""},"class_list":["post-21373","page","type-page","status-publish","hentry"],"_links":{"self":[{"href":"https:\/\/biblian.is\/videy\/wp-json\/wp\/v2\/pages\/21373","targetHints":{"allow":["GET"]}}],"collection":[{"href":"https:\/\/biblian.is\/videy\/wp-json\/wp\/v2\/pages"}],"about":[{"href":"https:\/\/biblian.is\/videy\/wp-json\/wp\/v2\/types\/page"}],"author":[{"embeddable":true,"href":"https:\/\/biblian.is\/videy\/wp-json\/wp\/v2\/users\/1"}],"replies":[{"embeddable":true,"href":"https:\/\/biblian.is\/videy\/wp-json\/wp\/v2\/comments?post=21373"}],"version-history":[{"count":0,"href":"https:\/\/biblian.is\/videy\/wp-json\/wp\/v2\/pages\/21373\/revisions"}],"wp:attachment":[{"href":"https:\/\/biblian.is\/videy\/wp-json\/wp\/v2\/media?parent=21373"}],"curies":[{"name":"wp","href":"https:\/\/api.w.org\/{rel}","templated":true}]}}