{"id":21366,"date":"2018-01-02T01:01:35","date_gmt":"2018-01-02T01:01:35","guid":{"rendered":"http:\/\/biblian.is\/videy\/salmarnir-39-kafli\/"},"modified":"2018-01-02T01:01:35","modified_gmt":"2018-01-02T01:01:35","slug":"salmarnir-39-kafli","status":"publish","type":"page","link":"https:\/\/biblian.is\/videy\/salmarnir-39-kafli\/","title":{"rendered":"S\u00e1lmarnir 39. kafli"},"content":{"rendered":"<div class=\"fyrirsognVidey\">Kvein og b\u00e6n og dau\u00f0akv\u00ed\u00f0i.<\/div>\n<p><a name=\"1\"><span class=\"versanumer\">1<\/span><\/a>Til S\u00f6ngmeistarans Jed\u00fat\u00fan\u00edta, lj\u00f3\u00f0 Dav\u00ed\u00f0s.<a name=\"2\"><span class=\"versanumer\">2<\/span><\/a>Eg sag\u00f0i: \u201eg\u00e1i eg a\u00f0 m\u00ednum vegi a\u00f0 eg ekki syndgi me\u00f0 minni tungu? geymi eg minn munn me\u00f0 m\u00fal, svo lengi sem s\u00e1 \u00f3gu\u00f0legi er fyrir m\u00ednum augum?\u201c<a name=\"3\"><span class=\"versanumer\">3<\/span><\/a>eg var sem m\u00e1llaus og \u00feag\u00f0i, eg \u00feag\u00f0i jafnvel um hi\u00f0 g\u00f3\u00f0a, en m\u00edn pl\u00e1ga sefa\u00f0ist ekki;<a name=\"4\"><span class=\"versanumer\">4<\/span><\/a>mitt hjarta brann \u00ed m\u00e9r, \u00ed m\u00ednu skapi tendra\u00f0ist eldur. \u00de\u00e1 tala\u00f0i eg me\u00f0 minni tungu.<a name=\"5\"><span class=\"versanumer\">5<\/span><\/a>Drottinn! l\u00e1ttu mig \u00feekkja m\u00edna endalykt og minna daga m\u00e6lir, a\u00f0 eg \u00feekki, hve skj\u00f3tt eg skal \u00e6vina enda;<a name=\"6\"><span class=\"versanumer\">6<\/span><\/a>sj\u00e1! sem \u00feverh\u00f6nd hefir \u00fe\u00fa gj\u00f6rt m\u00edna daga, og m\u00edn l\u00edfst\u00ed\u00f0 er hj\u00e1 \u00fe\u00e9r sem ekkert; sannarlega er s\u00e9rhv\u00f6r ma\u00f0ur h\u00e9g\u00f3mi, hv\u00f6rsu fast sem hann stendur, <span class='VideyAth'>(m\u00e1lhv\u00edld)<\/span>.<a name=\"7\"><span class=\"versanumer\">7<\/span><\/a>J\u00e1, eins og skuggi l\u00ed\u00f0ur ma\u00f0urinn \u00e1fram, forgefins gj\u00f6ra \u00feeir s\u00e9r mikla arm\u00e6\u00f0u, \u00feeir samanhr\u00faga, og vita ei hv\u00f6r \u00fea\u00f0 f\u00e6r.<a name=\"8\"><span class=\"versanumer\">8<\/span><\/a>Og n\u00fa Drottinn! hv\u00f6rs skal eg vona? m\u00edn von er \u00e1 \u00fe\u00e9r!<a name=\"9\"><span class=\"versanumer\">9<\/span><\/a>Frelsa \u00fe\u00fa mig fr\u00e1 \u00f6llum yfirtro\u00f0slum! L\u00e1ttu mig ekki ver\u00f0a \u00feeim gu\u00f0lausu a\u00f0 gysi!<a name=\"10\"><span class=\"versanumer\">10<\/span><\/a>\u00de\u00f3\u2014eg \u00feegi og l\u00fdk ekki upp m\u00ednum munni, \u00fev\u00ed \u00fe\u00fa, \u00fe\u00fa gj\u00f6r\u00f0ir \u00fea\u00f0.<a name=\"11\"><span class=\"versanumer\">11<\/span><\/a>Taktu \u00fe\u00edna pl\u00e1gu fr\u00e1 m\u00e9r, \u00fev\u00ed eg stenst ekki h\u00f6gg \u00feinnar handar.<a name=\"12\"><span class=\"versanumer\">12<\/span><\/a>\u00deegar \u00fe\u00fa agar einhv\u00f6rn me\u00f0 syndastraffi, \u00fe\u00e1 spillir \u00fe\u00fa hans fegur\u00f0, eins og m\u00f6lur <span class='VideyAth'>(fati)<\/span>, vissulega er hv\u00f6r ma\u00f0ur h\u00e9g\u00f3mi <span class='VideyAth'>(m\u00e1lhv\u00edld)<\/span>.<a name=\"13\"><span class=\"versanumer\">13<\/span><\/a>Heyr \u00fe\u00fa Drottinn m\u00edna b\u00e6n, og sn\u00fa \u00fe\u00ednum eyrum a\u00f0 m\u00ednu hr\u00f3pi! \u00feegi \u00fe\u00fa ekki vi\u00f0 m\u00ednum t\u00e1rum, \u00fev\u00ed eg er framandi hj\u00e1 \u00fe\u00e9r, gestur, eins og allir m\u00ednir fe\u00f0ur.<a name=\"14\"><span class=\"versanumer\">14<\/span><\/a>L\u00edttu fr\u00e1 m\u00e9r, a\u00f0 eg megi endurn\u00e6rast, \u00e1\u00f0ur en eg fer h\u00e9\u00f0an, og er ekki meir.<\/p>\n<div class=\"footnoteVidey\"><\/div>\n","protected":false},"excerpt":{"rendered":"<p>Kvein og b\u00e6n og dau\u00f0akv\u00ed\u00f0i. 1Til S\u00f6ngmeistarans Jed\u00fat\u00fan\u00edta, lj\u00f3\u00f0 Dav\u00ed\u00f0s.2Eg sag\u00f0i: \u201eg\u00e1i eg a\u00f0 m\u00ednum vegi a\u00f0 eg ekki syndgi me\u00f0 minni tungu? geymi eg minn munn me\u00f0 m\u00fal, svo lengi sem s\u00e1 \u00f3gu\u00f0legi er fyrir m\u00ednum augum?\u201c3eg var sem m\u00e1llaus og \u00feag\u00f0i, eg \u00feag\u00f0i jafnvel um hi\u00f0 g\u00f3\u00f0a, en m\u00edn pl\u00e1ga sefa\u00f0ist ekki;4mitt hjarta brann \u00ed m\u00e9r, \u00ed m\u00ednu skapi tendra\u00f0ist eldur. \u00de\u00e1 tala\u00f0i eg me\u00f0 minni tungu.5Drottinn! l\u00e1ttu mig \u00feekkja m\u00edna endalykt og minna daga m\u00e6lir, a\u00f0 eg \u00feekki, hve skj\u00f3tt eg skal \u00e6vina enda;6sj\u00e1! sem \u00feverh\u00f6nd hefir \u00fe\u00fa gj\u00f6rt m\u00edna daga, og m\u00edn l\u00edfst\u00ed\u00f0 er hj\u00e1 \u00fe\u00e9r <a href=\"https:\/\/biblian.is\/videy\/salmarnir-39-kafli\/\"> [&#8230;]<\/a><\/p>\n","protected":false},"author":1,"featured_media":0,"parent":0,"menu_order":0,"comment_status":"open","ping_status":"open","template":"bibliukaflar.php","meta":{"footnotes":""},"class_list":["post-21366","page","type-page","status-publish","hentry"],"_links":{"self":[{"href":"https:\/\/biblian.is\/videy\/wp-json\/wp\/v2\/pages\/21366","targetHints":{"allow":["GET"]}}],"collection":[{"href":"https:\/\/biblian.is\/videy\/wp-json\/wp\/v2\/pages"}],"about":[{"href":"https:\/\/biblian.is\/videy\/wp-json\/wp\/v2\/types\/page"}],"author":[{"embeddable":true,"href":"https:\/\/biblian.is\/videy\/wp-json\/wp\/v2\/users\/1"}],"replies":[{"embeddable":true,"href":"https:\/\/biblian.is\/videy\/wp-json\/wp\/v2\/comments?post=21366"}],"version-history":[{"count":0,"href":"https:\/\/biblian.is\/videy\/wp-json\/wp\/v2\/pages\/21366\/revisions"}],"wp:attachment":[{"href":"https:\/\/biblian.is\/videy\/wp-json\/wp\/v2\/media?parent=21366"}],"curies":[{"name":"wp","href":"https:\/\/api.w.org\/{rel}","templated":true}]}}