{"id":21365,"date":"2018-01-02T01:01:35","date_gmt":"2018-01-02T01:01:35","guid":{"rendered":"http:\/\/biblian.is\/videy\/salmarnir-38-kafli\/"},"modified":"2018-01-02T01:01:35","modified_gmt":"2018-01-02T01:01:35","slug":"salmarnir-38-kafli","status":"publish","type":"page","link":"https:\/\/biblian.is\/videy\/salmarnir-38-kafli\/","title":{"rendered":"S\u00e1lmarnir 38. kafli"},"content":{"rendered":"<div class=\"fyrirsognVidey\">Harmakl\u00f6gun og b\u00e6n um hj\u00e1lp.<\/div>\n<p><a name=\"1\"><span class=\"versanumer\">1<\/span><\/a>Lj\u00f3\u00f0 Dav\u00ed\u00f0s til endurminningar.<a name=\"2\"><span class=\"versanumer\">2<\/span><\/a>Drottinn! straffa mig ekki \u00ed \u00feinni rei\u00f0i, og aga mig ekki \u00ed \u00feinni br\u00e6\u00f0i.<a name=\"3\"><span class=\"versanumer\">3<\/span><\/a>\u00fev\u00ed \u00fe\u00edn skeyti hafa hitt mig, og \u00fe\u00edn h\u00f6nd ni\u00f0ur\u00ferykkir m\u00e9r.<a name=\"4\"><span class=\"versanumer\">4<\/span><\/a>\u00dear er ekkert heilt \u00e1 m\u00ednum l\u00edkama, vegna \u00feinnar rei\u00f0i, \u00fear er engin r\u00f3 \u00ed m\u00ednum beinum, vegna minna synda,<a name=\"5\"><span class=\"versanumer\">5<\/span><\/a>\u00fev\u00ed a\u00f0 m\u00ednar misgj\u00f6r\u00f0ir ganga m\u00e9r yfir h\u00f6fu\u00f0 og sem \u00feung byr\u00f0i draga mig ni\u00f0ur.<a name=\"6\"><span class=\"versanumer\">6<\/span><\/a>M\u00edn k\u00fdli lukta illa og \u00ed \u00feeim grefur sakir minnar heimsku.<a name=\"7\"><span class=\"versanumer\">7<\/span><\/a>Eg geng lotinn og ni\u00f0url\u00fatur, hv\u00f6rn dag \u00ed sorgarb\u00faningi.<a name=\"8\"><span class=\"versanumer\">8<\/span><\/a>M\u00ednar lendar eru alverkja, og ekkert er heilbrigt \u00e1 m\u00ednum l\u00edkama.<a name=\"9\"><span class=\"versanumer\">9<\/span><\/a>Eg er m\u00e1ttlaus og mj\u00f6g sundurmarinn; eg \u00e6pi h\u00e1tt \u00ed minni hjartans angist.<a name=\"10\"><span class=\"versanumer\">10<\/span><\/a>Drottinn! \u00fe\u00e9r er kunnug \u00f6ll m\u00edn girnd og mitt andvarp er \u00fe\u00e9r ekki huli\u00f0.<a name=\"11\"><span class=\"versanumer\">11<\/span><\/a>Mitt hjarta sl\u00e6r \u00e1kaflega, minn kraftur yfirgefur mig; jafnvel lj\u00f3s minna augna v\u00edkur fr\u00e1 m\u00e9r.<a name=\"12\"><span class=\"versanumer\">12<\/span><\/a>M\u00ednir vinir og stallbr\u00e6\u00f0ur standa gagnvart og horfa \u00e1 m\u00edna pl\u00e1gu, og m\u00ednir n\u00e1ungar standa langt fr\u00e1.<a name=\"13\"><span class=\"versanumer\">13<\/span><\/a>\u00deeir sem sitja um mitt l\u00edf, leggja sn\u00f6rur, og \u00feeir sem leita m\u00edns \u00f3happs, tala tj\u00f3n og brugga svik allan daginn.<a name=\"14\"><span class=\"versanumer\">14<\/span><\/a>Eg em sem heyrnarlaus, og heyri ekki, sem m\u00e1llaus, er ekki opnar sinn munn.<a name=\"15\"><span class=\"versanumer\">15<\/span><\/a>Eg em sem ma\u00f0ur er ekki heyrir, og \u00ed hv\u00f6rs munni ekki er svar.<a name=\"16\"><span class=\"versanumer\">16<\/span><\/a>\u00dev\u00ed \u00fe\u00edn b\u00ed\u00f0 eg Drottinn, \u00fe\u00fa munt b\u00e6nheyra mig Drottinn minn Gu\u00f0!<a name=\"17\"><span class=\"versanumer\">17<\/span><\/a>\u00fev\u00ed eg bi\u00f0: l\u00e1t \u00fe\u00e1 ei hlakka yfir m\u00e9r, \u00fe\u00e1 minn f\u00f3tur skeikar, l\u00e1t \u00fe\u00e1 ei h\u00e6last um vi\u00f0 mig.<a name=\"18\"><span class=\"versanumer\">18<\/span><\/a>Eg em a\u00f0 falli kominn og m\u00e9r sv\u00edar ekki.<a name=\"19\"><span class=\"versanumer\">19<\/span><\/a>Eg j\u00e1ta minn misgj\u00f6rning, og gr\u00e6t m\u00edna synd.<a name=\"20\"><span class=\"versanumer\">20<\/span><\/a>En m\u00ednir \u00f3vinir lifa og eru sterkir, og \u00feeir eru margir sem hata mig \u00e1n saka,<a name=\"21\"><span class=\"versanumer\">21<\/span><\/a>og \u00feeir launa gott me\u00f0 illu, sem hatast vi\u00f0 mig, af \u00fev\u00ed eg leita eftir \u00fev\u00ed g\u00f3\u00f0a. <br \/><a name=\"22\"><span class=\"versanumer\">22<\/span><\/a>Yfirgef mig ekki Drottinn minn Gu\u00f0!<a name=\"23\"><span class=\"versanumer\">23<\/span><\/a>vertu ekki langt fr\u00e1 m\u00e9r! hra\u00f0a \u00fe\u00fa \u00fe\u00e9r, m\u00e9r til bjargar, Drottinn mitt hj\u00e1lpr\u00e6\u00f0i!<\/p>\n<div class=\"footnoteVidey\"><\/div>\n","protected":false},"excerpt":{"rendered":"<p>Harmakl\u00f6gun og b\u00e6n um hj\u00e1lp. 1Lj\u00f3\u00f0 Dav\u00ed\u00f0s til endurminningar.2Drottinn! straffa mig ekki \u00ed \u00feinni rei\u00f0i, og aga mig ekki \u00ed \u00feinni br\u00e6\u00f0i.3\u00fev\u00ed \u00fe\u00edn skeyti hafa hitt mig, og \u00fe\u00edn h\u00f6nd ni\u00f0ur\u00ferykkir m\u00e9r.4\u00dear er ekkert heilt \u00e1 m\u00ednum l\u00edkama, vegna \u00feinnar rei\u00f0i, \u00fear er engin r\u00f3 \u00ed m\u00ednum beinum, vegna minna synda,5\u00fev\u00ed a\u00f0 m\u00ednar misgj\u00f6r\u00f0ir ganga m\u00e9r yfir h\u00f6fu\u00f0 og sem \u00feung byr\u00f0i draga mig ni\u00f0ur.6M\u00edn k\u00fdli lukta illa og \u00ed \u00feeim grefur sakir minnar heimsku.7Eg geng lotinn og ni\u00f0url\u00fatur, hv\u00f6rn dag \u00ed sorgarb\u00faningi.8M\u00ednar lendar eru alverkja, og ekkert er heilbrigt \u00e1 m\u00ednum l\u00edkama.9Eg er m\u00e1ttlaus og mj\u00f6g sundurmarinn; eg \u00e6pi <a href=\"https:\/\/biblian.is\/videy\/salmarnir-38-kafli\/\"> [&#8230;]<\/a><\/p>\n","protected":false},"author":1,"featured_media":0,"parent":0,"menu_order":0,"comment_status":"open","ping_status":"open","template":"bibliukaflar.php","meta":{"footnotes":""},"class_list":["post-21365","page","type-page","status-publish","hentry"],"_links":{"self":[{"href":"https:\/\/biblian.is\/videy\/wp-json\/wp\/v2\/pages\/21365","targetHints":{"allow":["GET"]}}],"collection":[{"href":"https:\/\/biblian.is\/videy\/wp-json\/wp\/v2\/pages"}],"about":[{"href":"https:\/\/biblian.is\/videy\/wp-json\/wp\/v2\/types\/page"}],"author":[{"embeddable":true,"href":"https:\/\/biblian.is\/videy\/wp-json\/wp\/v2\/users\/1"}],"replies":[{"embeddable":true,"href":"https:\/\/biblian.is\/videy\/wp-json\/wp\/v2\/comments?post=21365"}],"version-history":[{"count":0,"href":"https:\/\/biblian.is\/videy\/wp-json\/wp\/v2\/pages\/21365\/revisions"}],"wp:attachment":[{"href":"https:\/\/biblian.is\/videy\/wp-json\/wp\/v2\/media?parent=21365"}],"curies":[{"name":"wp","href":"https:\/\/api.w.org\/{rel}","templated":true}]}}