{"id":21361,"date":"2018-01-02T01:01:35","date_gmt":"2018-01-02T01:01:35","guid":{"rendered":"http:\/\/biblian.is\/videy\/salmarnir-34-kafli\/"},"modified":"2018-01-02T01:01:35","modified_gmt":"2018-01-02T01:01:35","slug":"salmarnir-34-kafli","status":"publish","type":"page","link":"https:\/\/biblian.is\/videy\/salmarnir-34-kafli\/","title":{"rendered":"S\u00e1lmarnir 34. kafli"},"content":{"rendered":"<div class=\"fyrirsognVidey\">Gu\u00f0 hj\u00e1lpar r\u00e1\u00f0v\u00f6ndum.<\/div>\n<p><a name=\"1\"><span class=\"versanumer\">1<\/span><\/a>S\u00e1lmur Dav\u00ed\u00f0s \u00fe\u00e1 hann l\u00e9st vera vitfirringur hj\u00e1 Abimelek! og \u00feessi rak hann burt, svo hann f\u00f3r \u00fea\u00f0an.<a name=\"2\"><span class=\"versanumer\">2<\/span><\/a>Alla t\u00edma vil eg vegsama Drottin, hans lofgj\u00f6r\u00f0 skal s\u00edfellt vera \u00ed m\u00ednum munni.<a name=\"3\"><span class=\"versanumer\">3<\/span><\/a>M\u00edn s\u00e1la skal hr\u00f3sa s\u00e9r \u00ed Drottni, \u00feeir h\u00f3gv\u00e6ru skulu heyra \u00fea\u00f0 og gle\u00f0ja sig.<a name=\"4\"><span class=\"versanumer\">4<\/span><\/a>Vegsami\u00f0 Drottin me\u00f0 m\u00e9r innilega, og l\u00e1tum oss sameiginlega v\u00ed\u00f0fr\u00e6gja hans nafn.<a name=\"5\"><span class=\"versanumer\">5<\/span><\/a>Eg leita\u00f0i Drottins og hann b\u00e6nheyr\u00f0i mig, og frelsa\u00f0i mig af allri minni hr\u00e6\u00f0slu.<a name=\"6\"><span class=\"versanumer\">6<\/span><\/a>\u00deeir m\u00e6na til hans og ver\u00f0a gla\u00f0ir, og \u00feeirra \u00e1s\u00fdnd sneypist ekki.<a name=\"7\"><span class=\"versanumer\">7<\/span><\/a>\u00deessi \u00f3lukkulegi kalla\u00f0i, og Drottinn heyr\u00f0i, og frelsa\u00f0i hann fr\u00e1 allri hans angist.<a name=\"8\"><span class=\"versanumer\">8<\/span><\/a>Drottins englar setja herb\u00fa\u00f0ir kringum \u00fe\u00e1 sem hann \u00f3ttast og vernda \u00fe\u00e1.<a name=\"9\"><span class=\"versanumer\">9<\/span><\/a>Taki\u00f0 eftir og sj\u00e1i\u00f0 hva\u00f0 Drottinn er g\u00f3\u00f0ur, s\u00e6ll er s\u00e1 ma\u00f0ur sem rei\u00f0ir sig \u00e1 hann.<a name=\"10\"><span class=\"versanumer\">10<\/span><\/a>\u00d3ttist Drottin, \u00fe\u00e9r hans heil\u00f6gu, \u00fev\u00ed \u00feeir sem hann \u00f3ttast, l\u00ed\u00f0a engan skort.<a name=\"11\"><span class=\"versanumer\">11<\/span><\/a>\u00deau ungu lj\u00f3n l\u00ed\u00f0a skort og hungur, en \u00fe\u00e1 skal ei gott vanta sem leita Drottins.<a name=\"12\"><span class=\"versanumer\">12<\/span><\/a>Komi\u00f0 til m\u00edn b\u00f6rn! heyri\u00f0 mig! \u00f3tta Drottins vil eg kenna y\u00f0ur.<a name=\"13\"><span class=\"versanumer\">13<\/span><\/a>Hv\u00f6r er s\u00e1 ma\u00f0ur sem hefir lyst til l\u00edfsins? sem \u00f3skar s\u00e9r margra daga til a\u00f0 sj\u00e1 hi\u00f0 g\u00f3\u00f0a?<a name=\"14\"><span class=\"versanumer\">14<\/span><\/a>Var\u00f0veit \u00fe\u00fa \u00fe\u00edna tungu fr\u00e1 hinu illa, og \u00fe\u00ednar varir a\u00f0 \u00fe\u00e6r ekki tali fl\u00e6r\u00f0.<a name=\"15\"><span class=\"versanumer\">15<\/span><\/a>V\u00edk fr\u00e1 hinu illa, og gj\u00f6r\u00f0u gott, leita \u00fe\u00fa fri\u00f0arins og eltu hann.<a name=\"16\"><span class=\"versanumer\">16<\/span><\/a>Drottins augu sn\u00faa s\u00e9r a\u00f0 \u00feeim r\u00e9ttl\u00e1tu, og hans eyru a\u00f0 \u00feeirra tali.<a name=\"17\"><span class=\"versanumer\">17<\/span><\/a>En Drottins andlit er \u00feeim \u00e1 m\u00f3ti sem illt a\u00f0hafast, svo hann afm\u00e1i \u00feeirra minningu af j\u00f6r\u00f0unni.<a name=\"18\"><span class=\"versanumer\">18<\/span><\/a>\u00deeir <span class='VideyAth'>(r\u00e9ttl\u00e1tu)<\/span> hr\u00f3pa, og Drottinn heyrir, og hann frelsar \u00fe\u00e1 af allri \u00feeirra angist.<a name=\"19\"><span class=\"versanumer\">19<\/span><\/a>Drottinn er \u00feeim n\u00e1l\u00e6gur sem hafa sundurknosa\u00f0 hjarta, og frelsar \u00fe\u00e1 sem hafa ni\u00f0urbeyg\u00f0an anda.<a name=\"20\"><span class=\"versanumer\">20<\/span><\/a>S\u00e1 r\u00e9ttl\u00e1ti ratar \u00ed margar raunir, en Drottinn frelsar hann \u00far \u00feeim \u00f6llum.<a name=\"21\"><span class=\"versanumer\">21<\/span><\/a>Hann var\u00f0veitir \u00f6ll hans bein, svo a\u00f0 ekkert af \u00feeim brotni.<a name=\"22\"><span class=\"versanumer\">22<\/span><\/a>Slysin drepa \u00feann \u00f3gu\u00f0lega, og \u00feeir sem hata hinn r\u00e9ttl\u00e1ta, skulu d\u00f3m \u00feola.<a name=\"23\"><span class=\"versanumer\">23<\/span><\/a>Drottinn frelsar s\u00e1lir sinna \u00fe\u00e9nara; allir sem rei\u00f0a sig \u00e1 hann, skulu ekki d\u00f3m \u00feola. <\/p>\n<div class=\"footnoteVidey\"><\/div>\n","protected":false},"excerpt":{"rendered":"<p>Gu\u00f0 hj\u00e1lpar r\u00e1\u00f0v\u00f6ndum. 1S\u00e1lmur Dav\u00ed\u00f0s \u00fe\u00e1 hann l\u00e9st vera vitfirringur hj\u00e1 Abimelek! og \u00feessi rak hann burt, svo hann f\u00f3r \u00fea\u00f0an.2Alla t\u00edma vil eg vegsama Drottin, hans lofgj\u00f6r\u00f0 skal s\u00edfellt vera \u00ed m\u00ednum munni.3M\u00edn s\u00e1la skal hr\u00f3sa s\u00e9r \u00ed Drottni, \u00feeir h\u00f3gv\u00e6ru skulu heyra \u00fea\u00f0 og gle\u00f0ja sig.4Vegsami\u00f0 Drottin me\u00f0 m\u00e9r innilega, og l\u00e1tum oss sameiginlega v\u00ed\u00f0fr\u00e6gja hans nafn.5Eg leita\u00f0i Drottins og hann b\u00e6nheyr\u00f0i mig, og frelsa\u00f0i mig af allri minni hr\u00e6\u00f0slu.6\u00deeir m\u00e6na til hans og ver\u00f0a gla\u00f0ir, og \u00feeirra \u00e1s\u00fdnd sneypist ekki.7\u00deessi \u00f3lukkulegi kalla\u00f0i, og Drottinn heyr\u00f0i, og frelsa\u00f0i hann fr\u00e1 allri hans angist.8Drottins englar setja herb\u00fa\u00f0ir kringum \u00fe\u00e1 <a href=\"https:\/\/biblian.is\/videy\/salmarnir-34-kafli\/\"> [&#8230;]<\/a><\/p>\n","protected":false},"author":1,"featured_media":0,"parent":0,"menu_order":0,"comment_status":"open","ping_status":"open","template":"bibliukaflar.php","meta":{"footnotes":""},"class_list":["post-21361","page","type-page","status-publish","hentry"],"_links":{"self":[{"href":"https:\/\/biblian.is\/videy\/wp-json\/wp\/v2\/pages\/21361","targetHints":{"allow":["GET"]}}],"collection":[{"href":"https:\/\/biblian.is\/videy\/wp-json\/wp\/v2\/pages"}],"about":[{"href":"https:\/\/biblian.is\/videy\/wp-json\/wp\/v2\/types\/page"}],"author":[{"embeddable":true,"href":"https:\/\/biblian.is\/videy\/wp-json\/wp\/v2\/users\/1"}],"replies":[{"embeddable":true,"href":"https:\/\/biblian.is\/videy\/wp-json\/wp\/v2\/comments?post=21361"}],"version-history":[{"count":0,"href":"https:\/\/biblian.is\/videy\/wp-json\/wp\/v2\/pages\/21361\/revisions"}],"wp:attachment":[{"href":"https:\/\/biblian.is\/videy\/wp-json\/wp\/v2\/media?parent=21361"}],"curies":[{"name":"wp","href":"https:\/\/api.w.org\/{rel}","templated":true}]}}