{"id":21355,"date":"2018-01-02T01:01:35","date_gmt":"2018-01-02T01:01:35","guid":{"rendered":"http:\/\/biblian.is\/videy\/salmarnir-28-kafli\/"},"modified":"2018-01-02T01:01:35","modified_gmt":"2018-01-02T01:01:35","slug":"salmarnir-28-kafli","status":"publish","type":"page","link":"https:\/\/biblian.is\/videy\/salmarnir-28-kafli\/","title":{"rendered":"S\u00e1lmarnir 28. kafli"},"content":{"rendered":"<div class=\"fyrirsognVidey\">B\u00e6n um hj\u00e1lp, og a\u00f0 straff komi yfir \u00f3gu\u00f0lega.<\/div>\n<p><a name=\"1\"><span class=\"versanumer\">1<\/span><\/a>S\u00e1lmur Dav\u00ed\u00f0s. Drottinn mitt bjarg! til \u00fe\u00edn kalla eg, \u00feeg \u00fe\u00fa ekki vi\u00f0 m\u00e9r, svo eg ekki ver\u00f0i, ef \u00fe\u00fa \u00feegir, l\u00edkur \u00feeim sem ni\u00f0ur fara \u00ed gr\u00f6fina;<a name=\"2\"><span class=\"versanumer\">2<\/span><\/a>Heyr \u00fe\u00fa m\u00edna gr\u00e1tbei\u00f0ni, \u00feegar eg \u00e1kalla \u00feig, \u00feegar eg upplyfti m\u00ednum h\u00f6ndum til \u00fe\u00edns heilaga k\u00f3rs!<a name=\"3\"><span class=\"versanumer\">3<\/span><\/a>Drag mig ekki burt me\u00f0 \u00feeim \u00f3gu\u00f0legu, me\u00f0 \u00feeim illvirkjum sem tala fri\u00f0samlega vi\u00f0 sinn n\u00e1unga, en hafa illt \u00ed sinni.<a name=\"4\"><span class=\"versanumer\">4<\/span><\/a>Gj\u00f6r vi\u00f0 \u00fe\u00e1 eftir \u00feeirra tilverkna\u00f0i og eftir vonsku \u00feeirrar \u00ed\u00fer\u00f3ttar, gjald \u00feeim eftir verki \u00feeirra handa, betala \u00feeim eins og \u00feeir hafa tilunni\u00f0.<a name=\"5\"><span class=\"versanumer\">5<\/span><\/a>\u00dev\u00ed \u00feeir vilja ei gefa gaum Drottins verkum, verkunum hans handa, \u00fev\u00ed mun hann ni\u00f0urr\u00edfa \u00fe\u00e1, og uppbyggja ei aftur.<a name=\"6\"><span class=\"versanumer\">6<\/span><\/a>Lofa\u00f0ur veri Drottinn, \u00fev\u00ed hann heyrir m\u00edna innilega gr\u00e1tbei\u00f0ni.<a name=\"7\"><span class=\"versanumer\">7<\/span><\/a>Drottinn er minn styrkleiki og skj\u00f6ldur, mitt hjarta rei\u00f0ir sig \u00e1 hann, og eg em h\u00f3lpinn, og mitt hjarta gle\u00f0st, og me\u00f0 m\u00ednum s\u00f6ng vil eg vegsama hann.<a name=\"8\"><span class=\"versanumer\">8<\/span><\/a>Drottinn er styrkleikur s\u00edns l\u00fd\u00f0s, og hj\u00e1lpr\u00e6\u00f0i og v\u00f6rn s\u00edns smur\u00f0a.<a name=\"9\"><span class=\"versanumer\">9<\/span><\/a>Frelsa \u00feitt f\u00f3lk, blessa \u00fe\u00edna arfleif\u00f0, gef \u00fev\u00ed f\u00e6\u00f0slu, og annastu \u00fea\u00f0 eil\u00edflega.<\/p>\n<div class=\"footnoteVidey\"><\/div>\n","protected":false},"excerpt":{"rendered":"<p>B\u00e6n um hj\u00e1lp, og a\u00f0 straff komi yfir \u00f3gu\u00f0lega. 1S\u00e1lmur Dav\u00ed\u00f0s. Drottinn mitt bjarg! til \u00fe\u00edn kalla eg, \u00feeg \u00fe\u00fa ekki vi\u00f0 m\u00e9r, svo eg ekki ver\u00f0i, ef \u00fe\u00fa \u00feegir, l\u00edkur \u00feeim sem ni\u00f0ur fara \u00ed gr\u00f6fina;2Heyr \u00fe\u00fa m\u00edna gr\u00e1tbei\u00f0ni, \u00feegar eg \u00e1kalla \u00feig, \u00feegar eg upplyfti m\u00ednum h\u00f6ndum til \u00fe\u00edns heilaga k\u00f3rs!3Drag mig ekki burt me\u00f0 \u00feeim \u00f3gu\u00f0legu, me\u00f0 \u00feeim illvirkjum sem tala fri\u00f0samlega vi\u00f0 sinn n\u00e1unga, en hafa illt \u00ed sinni.4Gj\u00f6r vi\u00f0 \u00fe\u00e1 eftir \u00feeirra tilverkna\u00f0i og eftir vonsku \u00feeirrar \u00ed\u00fer\u00f3ttar, gjald \u00feeim eftir verki \u00feeirra handa, betala \u00feeim eins og \u00feeir hafa tilunni\u00f0.5\u00dev\u00ed \u00feeir vilja ei gefa <a href=\"https:\/\/biblian.is\/videy\/salmarnir-28-kafli\/\"> [&#8230;]<\/a><\/p>\n","protected":false},"author":1,"featured_media":0,"parent":0,"menu_order":0,"comment_status":"open","ping_status":"open","template":"bibliukaflar.php","meta":{"footnotes":""},"class_list":["post-21355","page","type-page","status-publish","hentry"],"_links":{"self":[{"href":"https:\/\/biblian.is\/videy\/wp-json\/wp\/v2\/pages\/21355","targetHints":{"allow":["GET"]}}],"collection":[{"href":"https:\/\/biblian.is\/videy\/wp-json\/wp\/v2\/pages"}],"about":[{"href":"https:\/\/biblian.is\/videy\/wp-json\/wp\/v2\/types\/page"}],"author":[{"embeddable":true,"href":"https:\/\/biblian.is\/videy\/wp-json\/wp\/v2\/users\/1"}],"replies":[{"embeddable":true,"href":"https:\/\/biblian.is\/videy\/wp-json\/wp\/v2\/comments?post=21355"}],"version-history":[{"count":0,"href":"https:\/\/biblian.is\/videy\/wp-json\/wp\/v2\/pages\/21355\/revisions"}],"wp:attachment":[{"href":"https:\/\/biblian.is\/videy\/wp-json\/wp\/v2\/media?parent=21355"}],"curies":[{"name":"wp","href":"https:\/\/api.w.org\/{rel}","templated":true}]}}