{"id":21354,"date":"2018-01-02T01:01:35","date_gmt":"2018-01-02T01:01:35","guid":{"rendered":"http:\/\/biblian.is\/videy\/salmarnir-27-kafli\/"},"modified":"2018-01-02T01:01:35","modified_gmt":"2018-01-02T01:01:35","slug":"salmarnir-27-kafli","status":"publish","type":"page","link":"https:\/\/biblian.is\/videy\/salmarnir-27-kafli\/","title":{"rendered":"S\u00e1lmarnir 27. kafli"},"content":{"rendered":"<div class=\"fyrirsognVidey\">Traust, l\u00f6ngun og b\u00e6n.<\/div>\n<p><a name=\"1\"><span class=\"versanumer\">1<\/span><\/a>S\u00e1lmur Dav\u00ed\u00f0s. Drottinn er mitt lj\u00f3s og mitt frelsi, hv\u00f6rn skal eg hr\u00e6\u00f0ast? Drottinn, hann er v\u00f6rn m\u00edns l\u00edfs, fyrir hv\u00f6rju skal eg skelfast?<a name=\"2\"><span class=\"versanumer\">2<\/span><\/a>\u00deegar illvirkjarnir koma \u00e1 m\u00f3ti m\u00e9r til a\u00f0 afm\u00e1 mig, \u00feegar m\u00ednir m\u00f3tst\u00f6\u00f0umenn og \u00f3vinir heitast vi\u00f0 mig, \u00fe\u00e1 reka \u00feeir sig \u00e1 og falla.<a name=\"3\"><span class=\"versanumer\">3<\/span><\/a>\u00de\u00f3 a\u00f0 her setji herb\u00fa\u00f0ir s\u00ednar m\u00f3ti m\u00e9r, bl\u00f6skrar m\u00ednu hjarta ekki, \u00fe\u00f3 str\u00ed\u00f0 \u00e6sist m\u00f3ti m\u00e9r, er eg samt r\u00f3legur.<a name=\"4\"><span class=\"versanumer\">4<\/span><\/a>Eins bei\u00f0ist eg af Drottni, \u00fear eftir s\u00e6kist eg, a\u00f0 eg megi b\u00faa \u00ed h\u00fasi Drottins alla daga m\u00edns l\u00edfs, a\u00f0 horfa \u00e1 Drottins vi\u00f0h\u00f6fn, og vir\u00f0a fyrir m\u00e9r hans musteri.<a name=\"5\"><span class=\"versanumer\">5<\/span><\/a>\u00dev\u00ed hann geymir mig \u00ed s\u00ednu h\u00fasi \u00e1 \u00feeim vonda degi, hann felur mig \u00ed sinni tjaldb\u00fa\u00f0, og hefur mig upp \u00e1 bjarg.<a name=\"6\"><span class=\"versanumer\">6<\/span><\/a>J\u00e1, n\u00fa \u00feegar lyftist mitt h\u00f6fu\u00f0 upp yfir m\u00edna \u00f3vini allt \u00ed kringum mig, og eg offra me\u00f0 fagna\u00f0arhlj\u00f3m f\u00f3rn \u00ed hans tjaldb\u00fa\u00f0, eg vil syngja lof og vegsama Drottin.<a name=\"7\"><span class=\"versanumer\">7<\/span><\/a>Drottinn! heyr m\u00edna raust, n\u00e6r eg kalla, miskunna \u00fe\u00fa m\u00e9r og b\u00e6nheyr mig.<a name=\"8\"><span class=\"versanumer\">8<\/span><\/a>Mitt hjarta hugsar til \u00fe\u00edn, sem sagt hefir: \u201eleiti\u00f0 m\u00edns andlitis\u201c. Drottinn! eg leita \u00fe\u00edns andlitis;<a name=\"9\"><span class=\"versanumer\">9<\/span><\/a>fel ekki \u00feitt andlit fyrir m\u00e9r! v\u00edsa\u00f0u ekki burt \u00fe\u00ednum \u00fe\u00e9nara \u00ed rei\u00f0i! \u00fe\u00fa ert m\u00edn a\u00f0sto\u00f0, slepptu ekki af m\u00e9r hendinni! yfirgef\u00f0u mig ekki, Gu\u00f0 m\u00edns hj\u00e1lpr\u00e6\u00f0is!<a name=\"10\"><span class=\"versanumer\">10<\/span><\/a>\u00fev\u00ed fa\u00f0ir minn og m\u00f3\u00f0ir m\u00edn yfirg\u00e1fu mig, en Drottinn mun annast mig.<a name=\"11\"><span class=\"versanumer\">11<\/span><\/a>Drottinn! kenn m\u00e9r \u00feinn veg, og lei\u00f0 mig \u00e1 r\u00e9tta g\u00f6tu, sakir minna \u00f3vina;<a name=\"12\"><span class=\"versanumer\">12<\/span><\/a>ofurgef mig ekki \u00e1 vald minna fjandmanna, \u00fev\u00ed m\u00f3ti m\u00e9r ganga fram falsvottar, og \u00feeir sem bl\u00e1sa af heift.<a name=\"13\"><span class=\"versanumer\">13<\/span><\/a><span class='VideyAth'>(Illa v\u00e6ri eg farinn)<\/span>, ef eg ekki vona\u00f0i a\u00f0 eg s\u00e6i Gu\u00f0s blessun \u00e1 landi enna lifandi. <br \/><a name=\"14\"><span class=\"versanumer\">14<\/span><\/a>B\u00ed\u00f0 \u00fe\u00fa Drottins, vertu \u00f6ruggur, og hann mun styrkja \u00feitt hjarta. Vona \u00fe\u00fa \u00e1 Drottin!<\/p>\n<div class=\"footnoteVidey\"><\/div>\n","protected":false},"excerpt":{"rendered":"<p>Traust, l\u00f6ngun og b\u00e6n. 1S\u00e1lmur Dav\u00ed\u00f0s. Drottinn er mitt lj\u00f3s og mitt frelsi, hv\u00f6rn skal eg hr\u00e6\u00f0ast? Drottinn, hann er v\u00f6rn m\u00edns l\u00edfs, fyrir hv\u00f6rju skal eg skelfast?2\u00deegar illvirkjarnir koma \u00e1 m\u00f3ti m\u00e9r til a\u00f0 afm\u00e1 mig, \u00feegar m\u00ednir m\u00f3tst\u00f6\u00f0umenn og \u00f3vinir heitast vi\u00f0 mig, \u00fe\u00e1 reka \u00feeir sig \u00e1 og falla.3\u00de\u00f3 a\u00f0 her setji herb\u00fa\u00f0ir s\u00ednar m\u00f3ti m\u00e9r, bl\u00f6skrar m\u00ednu hjarta ekki, \u00fe\u00f3 str\u00ed\u00f0 \u00e6sist m\u00f3ti m\u00e9r, er eg samt r\u00f3legur.4Eins bei\u00f0ist eg af Drottni, \u00fear eftir s\u00e6kist eg, a\u00f0 eg megi b\u00faa \u00ed h\u00fasi Drottins alla daga m\u00edns l\u00edfs, a\u00f0 horfa \u00e1 Drottins vi\u00f0h\u00f6fn, og vir\u00f0a fyrir m\u00e9r <a href=\"https:\/\/biblian.is\/videy\/salmarnir-27-kafli\/\"> [&#8230;]<\/a><\/p>\n","protected":false},"author":1,"featured_media":0,"parent":0,"menu_order":0,"comment_status":"open","ping_status":"open","template":"bibliukaflar.php","meta":{"footnotes":""},"class_list":["post-21354","page","type-page","status-publish","hentry"],"_links":{"self":[{"href":"https:\/\/biblian.is\/videy\/wp-json\/wp\/v2\/pages\/21354","targetHints":{"allow":["GET"]}}],"collection":[{"href":"https:\/\/biblian.is\/videy\/wp-json\/wp\/v2\/pages"}],"about":[{"href":"https:\/\/biblian.is\/videy\/wp-json\/wp\/v2\/types\/page"}],"author":[{"embeddable":true,"href":"https:\/\/biblian.is\/videy\/wp-json\/wp\/v2\/users\/1"}],"replies":[{"embeddable":true,"href":"https:\/\/biblian.is\/videy\/wp-json\/wp\/v2\/comments?post=21354"}],"version-history":[{"count":0,"href":"https:\/\/biblian.is\/videy\/wp-json\/wp\/v2\/pages\/21354\/revisions"}],"wp:attachment":[{"href":"https:\/\/biblian.is\/videy\/wp-json\/wp\/v2\/media?parent=21354"}],"curies":[{"name":"wp","href":"https:\/\/api.w.org\/{rel}","templated":true}]}}