{"id":21353,"date":"2018-01-02T01:01:35","date_gmt":"2018-01-02T01:01:35","guid":{"rendered":"http:\/\/biblian.is\/videy\/salmarnir-26-kafli\/"},"modified":"2018-01-02T01:01:35","modified_gmt":"2018-01-02T01:01:35","slug":"salmarnir-26-kafli","status":"publish","type":"page","link":"https:\/\/biblian.is\/videy\/salmarnir-26-kafli\/","title":{"rendered":"S\u00e1lmarnir 26. kafli"},"content":{"rendered":"<div class=\"fyrirsognVidey\">Um g\u00f3\u00f0a samvisku.<\/div>\n<p><a name=\"1\"><span class=\"versanumer\">1<\/span><\/a>S\u00e1lmur Dav\u00ed\u00f0s. D\u00e6m \u00fe\u00fa mig, Drottinn! \u00fev\u00ed eg em saklaus, og eg treysti Drottni \u00f3bifanlega.<a name=\"2\"><span class=\"versanumer\">2<\/span><\/a>Pr\u00f3fa mig, Drottinn! og reyn mig! <span class='VideyAth'>(hreinsa)<\/span> m\u00edn n\u00fdru og mitt hjarta,<a name=\"3\"><span class=\"versanumer\">3<\/span><\/a>\u00fev\u00ed \u00fe\u00edn miskunn er fyrir m\u00ednum augum og eg geng \u00ed \u00fe\u00ednum sannleika.<a name=\"4\"><span class=\"versanumer\">4<\/span><\/a>Eg sit ekki hj\u00e1 \u00f3heilum m\u00f6nnum og til fl\u00e1r\u00e1\u00f0ra kem eg ekki.<a name=\"5\"><span class=\"versanumer\">5<\/span><\/a>Eg hata samkomur hinna vondu, og sit ekki hj\u00e1 \u00feeim \u00f3gu\u00f0legu.<a name=\"6\"><span class=\"versanumer\">6<\/span><\/a>Eg \u00fev\u00e6 m\u00ednar hendur \u00ed sakleysinu, og held mig til \u00fe\u00edns altaris, Drottinn!<a name=\"7\"><span class=\"versanumer\">7<\/span><\/a>til a\u00f0 taka undir lofs\u00f6nginn, og til a\u00f0 segja fr\u00e1 \u00f6llum \u00fe\u00ednum d\u00e1semdum.<a name=\"8\"><span class=\"versanumer\">8<\/span><\/a>Drottinn! eg elska \u00fe\u00edns h\u00fass b\u00fasta\u00f0, og \u00feinnar d\u00fdr\u00f0ar a\u00f0seturssta\u00f0.<a name=\"9\"><span class=\"versanumer\">9<\/span><\/a>Taktu ekki m\u00edna s\u00e1l burtu me\u00f0 syndurum, n\u00e9 mitt l\u00edf me\u00f0 \u00feeim bl\u00f3\u00f0g\u00edrugu.<a name=\"10\"><span class=\"versanumer\">10<\/span><\/a>\u00cd hv\u00f6rra h\u00f6ndum a\u00f0 er misgj\u00f6r\u00f0, og hv\u00f6rra h\u00e6gri hendur eru fullar af m\u00fatum;<a name=\"11\"><span class=\"versanumer\">11<\/span><\/a>En eg geng \u00ed r\u00e1\u00f0vendninni; frelsa mig og vert m\u00e9r n\u00e1\u00f0ugur.<a name=\"12\"><span class=\"versanumer\">12<\/span><\/a>Minn f\u00f3tur gengur \u00e1 r\u00e9ttri g\u00f6tu. \u00cd s\u00f6fnu\u00f0inum vil eg lofa Drottin.<\/p>\n<div class=\"footnoteVidey\"><\/div>\n","protected":false},"excerpt":{"rendered":"<p>Um g\u00f3\u00f0a samvisku. 1S\u00e1lmur Dav\u00ed\u00f0s. D\u00e6m \u00fe\u00fa mig, Drottinn! \u00fev\u00ed eg em saklaus, og eg treysti Drottni \u00f3bifanlega.2Pr\u00f3fa mig, Drottinn! og reyn mig! (hreinsa) m\u00edn n\u00fdru og mitt hjarta,3\u00fev\u00ed \u00fe\u00edn miskunn er fyrir m\u00ednum augum og eg geng \u00ed \u00fe\u00ednum sannleika.4Eg sit ekki hj\u00e1 \u00f3heilum m\u00f6nnum og til fl\u00e1r\u00e1\u00f0ra kem eg ekki.5Eg hata samkomur hinna vondu, og sit ekki hj\u00e1 \u00feeim \u00f3gu\u00f0legu.6Eg \u00fev\u00e6 m\u00ednar hendur \u00ed sakleysinu, og held mig til \u00fe\u00edns altaris, Drottinn!7til a\u00f0 taka undir lofs\u00f6nginn, og til a\u00f0 segja fr\u00e1 \u00f6llum \u00fe\u00ednum d\u00e1semdum.8Drottinn! eg elska \u00fe\u00edns h\u00fass b\u00fasta\u00f0, og \u00feinnar d\u00fdr\u00f0ar a\u00f0seturssta\u00f0.9Taktu ekki m\u00edna s\u00e1l burtu me\u00f0 <a href=\"https:\/\/biblian.is\/videy\/salmarnir-26-kafli\/\"> [&#8230;]<\/a><\/p>\n","protected":false},"author":1,"featured_media":0,"parent":0,"menu_order":0,"comment_status":"open","ping_status":"open","template":"bibliukaflar.php","meta":{"footnotes":""},"class_list":["post-21353","page","type-page","status-publish","hentry"],"_links":{"self":[{"href":"https:\/\/biblian.is\/videy\/wp-json\/wp\/v2\/pages\/21353","targetHints":{"allow":["GET"]}}],"collection":[{"href":"https:\/\/biblian.is\/videy\/wp-json\/wp\/v2\/pages"}],"about":[{"href":"https:\/\/biblian.is\/videy\/wp-json\/wp\/v2\/types\/page"}],"author":[{"embeddable":true,"href":"https:\/\/biblian.is\/videy\/wp-json\/wp\/v2\/users\/1"}],"replies":[{"embeddable":true,"href":"https:\/\/biblian.is\/videy\/wp-json\/wp\/v2\/comments?post=21353"}],"version-history":[{"count":0,"href":"https:\/\/biblian.is\/videy\/wp-json\/wp\/v2\/pages\/21353\/revisions"}],"wp:attachment":[{"href":"https:\/\/biblian.is\/videy\/wp-json\/wp\/v2\/media?parent=21353"}],"curies":[{"name":"wp","href":"https:\/\/api.w.org\/{rel}","templated":true}]}}