{"id":21350,"date":"2018-01-02T01:01:35","date_gmt":"2018-01-02T01:01:35","guid":{"rendered":"http:\/\/biblian.is\/videy\/salmarnir-23-kafli\/"},"modified":"2018-01-02T01:01:35","modified_gmt":"2018-01-02T01:01:35","slug":"salmarnir-23-kafli","status":"publish","type":"page","link":"https:\/\/biblian.is\/videy\/salmarnir-23-kafli\/","title":{"rendered":"S\u00e1lmarnir 23. kafli"},"content":{"rendered":"<div class=\"fyrirsognVidey\">Traust \u00e1 Drottins vernd og handlei\u00f0slu.<\/div>\n<p><a name=\"1\"><span class=\"versanumer\">1<\/span><\/a>S\u00e1lmur Dav\u00ed\u00f0s. Drottinn er minn hir\u00f0ir, mig skal ekkert bresta.<a name=\"2\"><span class=\"versanumer\">2<\/span><\/a>\u00cd gr\u00e6nu haglendi l\u00e6tur hann mig hv\u00edlast, a\u00f0 h\u00e6gt rennandi vatni lei\u00f0ir hann mig.<a name=\"3\"><span class=\"versanumer\">3<\/span><\/a>Hann hressir m\u00edna s\u00e1l, hann lei\u00f0ir mig \u00e1 r\u00e9ttan veg fyrir s\u00edns nafns sakir.<a name=\"4\"><span class=\"versanumer\">4<\/span><\/a>\u00de\u00f3 eg \u00e6tti a\u00f0 ganga um dau\u00f0ans skuggadal, skyldi eg samt enga \u00f3lukku hr\u00e6\u00f0ast, \u00fev\u00ed \u00fe\u00fa ert me\u00f0 m\u00e9r, \u00fe\u00edn hr\u00edsla og stafur hugga mig.<a name=\"5\"><span class=\"versanumer\">5<\/span><\/a>\u00de\u00fa tilrei\u00f0ir m\u00e9r matbor\u00f0 fyrir minna \u00f3vina augs\u00fdn, \u00fe\u00fa smyr\u00f0 mitt h\u00f6fu\u00f0 me\u00f0 vi\u00f0smj\u00f6ri, \u00fat af m\u00ednum bikar rennur.<a name=\"6\"><span class=\"versanumer\">6<\/span><\/a>Sannarlega fylgja m\u00e9r \u00fe\u00edn g\u00f3\u00f0girni og miskunn alla daga m\u00edns l\u00edfs, og \u00e6vinlega mun eg b\u00faa \u00ed Drottins h\u00fasi.<\/p>\n<div class=\"footnoteVidey\"><\/div>\n","protected":false},"excerpt":{"rendered":"<p>Traust \u00e1 Drottins vernd og handlei\u00f0slu. 1S\u00e1lmur Dav\u00ed\u00f0s. Drottinn er minn hir\u00f0ir, mig skal ekkert bresta.2\u00cd gr\u00e6nu haglendi l\u00e6tur hann mig hv\u00edlast, a\u00f0 h\u00e6gt rennandi vatni lei\u00f0ir hann mig.3Hann hressir m\u00edna s\u00e1l, hann lei\u00f0ir mig \u00e1 r\u00e9ttan veg fyrir s\u00edns nafns sakir.4\u00de\u00f3 eg \u00e6tti a\u00f0 ganga um dau\u00f0ans skuggadal, skyldi eg samt enga \u00f3lukku hr\u00e6\u00f0ast, \u00fev\u00ed \u00fe\u00fa ert me\u00f0 m\u00e9r, \u00fe\u00edn hr\u00edsla og stafur hugga mig.5\u00de\u00fa tilrei\u00f0ir m\u00e9r matbor\u00f0 fyrir minna \u00f3vina augs\u00fdn, \u00fe\u00fa smyr\u00f0 mitt h\u00f6fu\u00f0 me\u00f0 vi\u00f0smj\u00f6ri, \u00fat af m\u00ednum bikar rennur.6Sannarlega fylgja m\u00e9r \u00fe\u00edn g\u00f3\u00f0girni og miskunn alla daga m\u00edns l\u00edfs, og \u00e6vinlega mun eg b\u00faa \u00ed <a href=\"https:\/\/biblian.is\/videy\/salmarnir-23-kafli\/\"> [&#8230;]<\/a><\/p>\n","protected":false},"author":1,"featured_media":0,"parent":0,"menu_order":0,"comment_status":"open","ping_status":"open","template":"bibliukaflar.php","meta":{"footnotes":""},"class_list":["post-21350","page","type-page","status-publish","hentry"],"_links":{"self":[{"href":"https:\/\/biblian.is\/videy\/wp-json\/wp\/v2\/pages\/21350","targetHints":{"allow":["GET"]}}],"collection":[{"href":"https:\/\/biblian.is\/videy\/wp-json\/wp\/v2\/pages"}],"about":[{"href":"https:\/\/biblian.is\/videy\/wp-json\/wp\/v2\/types\/page"}],"author":[{"embeddable":true,"href":"https:\/\/biblian.is\/videy\/wp-json\/wp\/v2\/users\/1"}],"replies":[{"embeddable":true,"href":"https:\/\/biblian.is\/videy\/wp-json\/wp\/v2\/comments?post=21350"}],"version-history":[{"count":0,"href":"https:\/\/biblian.is\/videy\/wp-json\/wp\/v2\/pages\/21350\/revisions"}],"wp:attachment":[{"href":"https:\/\/biblian.is\/videy\/wp-json\/wp\/v2\/media?parent=21350"}],"curies":[{"name":"wp","href":"https:\/\/api.w.org\/{rel}","templated":true}]}}