{"id":21344,"date":"2018-01-02T01:01:29","date_gmt":"2018-01-02T01:01:29","guid":{"rendered":"http:\/\/biblian.is\/videy\/salmarnir-17-kafli\/"},"modified":"2018-01-02T01:01:29","modified_gmt":"2018-01-02T01:01:29","slug":"salmarnir-17-kafli","status":"publish","type":"page","link":"https:\/\/biblian.is\/videy\/salmarnir-17-kafli\/","title":{"rendered":"S\u00e1lmarnir 17. kafli"},"content":{"rendered":"<div class=\"fyrirsognVidey\">B\u00e6n Dav\u00ed\u00f0s gegn vonskufullum m\u00f6nnum.<\/div>\n<p><a name=\"1\"><span class=\"versanumer\">1<\/span><\/a>Heyr, Drottinn! \u00fea\u00f0 r\u00e9ttv\u00edsa m\u00e1lefni, gef \u00fe\u00fa gaum a\u00f0 m\u00ednu kalli, hygg a\u00f0 minni b\u00e6n, b\u00e6n af falslausum v\u00f6rum.<a name=\"2\"><span class=\"versanumer\">2<\/span><\/a>Fr\u00e1 \u00fe\u00e9r <span class='VideyAth'>(\u00feinni augs\u00fdn)<\/span> komi minn d\u00f3mur, \u00fe\u00edn augu sko\u00f0a hreinskilnina <span class='VideyAth'>b)<\/span>,<a name=\"3\"><span class=\"versanumer\">3<\/span><\/a>reyn mitt hjarta, vitja \u00feess \u00e1 n\u00e1ttar\u00feeli, br\u00e6ddu mig <span class='VideyAth'>(eins og m\u00e1lm)<\/span> \u00fe\u00fa munt engan <span class='VideyAth'>(sora)<\/span> finna, m\u00ednar hugsanir og or\u00f0 eru samhlj\u00f3\u00f0a.<a name=\"4\"><span class=\"versanumer\">4<\/span><\/a>Me\u00f0 tilliti til mannanna verka, hefi eg, fyrir or\u00f0i\u00f0 \u00fe\u00edns munns, varast veg ofbeldismannsins.<a name=\"5\"><span class=\"versanumer\">5<\/span><\/a>Haltu minni g\u00f6ngu vi\u00f0 \u00fe\u00edn spor, svo m\u00e9r skri\u00f0ni ekki f\u00f3tur.<a name=\"6\"><span class=\"versanumer\">6<\/span><\/a>Eg \u00e1kalla \u00feig, Gu\u00f0! \u00fev\u00ed \u00fe\u00fa b\u00e6nheyrir mig, hneig \u00feitt eyra til m\u00edn og heyr mitt tal.<a name=\"7\"><span class=\"versanumer\">7<\/span><\/a>Au\u00f0s\u00fdn \u00fe\u00edna miskunnsemi d\u00fdr\u00f0lega, \u00fe\u00fa frelsar \u00fe\u00e1 sem leita h\u00e6lis hj\u00e1 \u00fe\u00e9r, af \u00feeirra hendi sem r\u00edsa gegn \u00feinni h\u00e6gri hendi.<a name=\"8\"><span class=\"versanumer\">8<\/span><\/a>Var\u00f0veittu mig sem sj\u00e1aldur augans, fel mig undir skugga \u00feinna v\u00e6ngja,<a name=\"9\"><span class=\"versanumer\">9<\/span><\/a>fyrir \u00feeim \u00f3gu\u00f0legu, sem vilja tort\u00edna m\u00e9r, fyrir \u00f3vinum m\u00edns l\u00edfs, sem me\u00f0 \u00e6\u00f0i umkringja mig.<\/p>\n<div class=\"footnoteVidey\"><\/div>\n","protected":false},"excerpt":{"rendered":"<p>B\u00e6n Dav\u00ed\u00f0s gegn vonskufullum m\u00f6nnum. 1Heyr, Drottinn! \u00fea\u00f0 r\u00e9ttv\u00edsa m\u00e1lefni, gef \u00fe\u00fa gaum a\u00f0 m\u00ednu kalli, hygg a\u00f0 minni b\u00e6n, b\u00e6n af falslausum v\u00f6rum.2Fr\u00e1 \u00fe\u00e9r (\u00feinni augs\u00fdn) komi minn d\u00f3mur, \u00fe\u00edn augu sko\u00f0a hreinskilnina b),3reyn mitt hjarta, vitja \u00feess \u00e1 n\u00e1ttar\u00feeli, br\u00e6ddu mig (eins og m\u00e1lm) \u00fe\u00fa munt engan (sora) finna, m\u00ednar hugsanir og or\u00f0 eru samhlj\u00f3\u00f0a.4Me\u00f0 tilliti til mannanna verka, hefi eg, fyrir or\u00f0i\u00f0 \u00fe\u00edns munns, varast veg ofbeldismannsins.5Haltu minni g\u00f6ngu vi\u00f0 \u00fe\u00edn spor, svo m\u00e9r skri\u00f0ni ekki f\u00f3tur.6Eg \u00e1kalla \u00feig, Gu\u00f0! \u00fev\u00ed \u00fe\u00fa b\u00e6nheyrir mig, hneig \u00feitt eyra til m\u00edn og heyr mitt tal.7Au\u00f0s\u00fdn \u00fe\u00edna miskunnsemi d\u00fdr\u00f0lega, \u00fe\u00fa <a href=\"https:\/\/biblian.is\/videy\/salmarnir-17-kafli\/\"> [&#8230;]<\/a><\/p>\n","protected":false},"author":1,"featured_media":0,"parent":0,"menu_order":0,"comment_status":"open","ping_status":"open","template":"bibliukaflar.php","meta":{"footnotes":""},"class_list":["post-21344","page","type-page","status-publish","hentry"],"_links":{"self":[{"href":"https:\/\/biblian.is\/videy\/wp-json\/wp\/v2\/pages\/21344","targetHints":{"allow":["GET"]}}],"collection":[{"href":"https:\/\/biblian.is\/videy\/wp-json\/wp\/v2\/pages"}],"about":[{"href":"https:\/\/biblian.is\/videy\/wp-json\/wp\/v2\/types\/page"}],"author":[{"embeddable":true,"href":"https:\/\/biblian.is\/videy\/wp-json\/wp\/v2\/users\/1"}],"replies":[{"embeddable":true,"href":"https:\/\/biblian.is\/videy\/wp-json\/wp\/v2\/comments?post=21344"}],"version-history":[{"count":0,"href":"https:\/\/biblian.is\/videy\/wp-json\/wp\/v2\/pages\/21344\/revisions"}],"wp:attachment":[{"href":"https:\/\/biblian.is\/videy\/wp-json\/wp\/v2\/media?parent=21344"}],"curies":[{"name":"wp","href":"https:\/\/api.w.org\/{rel}","templated":true}]}}