{"id":21343,"date":"2018-01-02T01:01:29","date_gmt":"2018-01-02T01:01:29","guid":{"rendered":"http:\/\/biblian.is\/videy\/salmarnir-16-kafli\/"},"modified":"2018-01-02T01:01:29","modified_gmt":"2018-01-02T01:01:29","slug":"salmarnir-16-kafli","status":"publish","type":"page","link":"https:\/\/biblian.is\/videy\/salmarnir-16-kafli\/","title":{"rendered":"S\u00e1lmarnir 16. kafli"},"content":{"rendered":"<div class=\"fyrirsognVidey\">Um tr\u00fana\u00f0artraust.<\/div>\n<p><a name=\"1\"><span class=\"versanumer\">1<\/span><\/a>Dav\u00ed\u00f0s gyllini klenodie <span class='VideyAth'>a)<\/span>. Var\u00f0veit mig, Gu\u00f0! \u00fev\u00ed eg fl\u00fd til \u00fe\u00edn.<a name=\"2\"><span class=\"versanumer\">2<\/span><\/a>M\u00edn s\u00e1l segir til Drottins: \u00fe\u00fa ert minn herra, eg hefi ekki g\u00e6\u00f0i nema \u00feig,<a name=\"3\"><span class=\"versanumer\">3<\/span><\/a>til \u00feeirra heil\u00f6gu sem eru \u00ed landinu, til \u00feeirra d\u00fdr\u00f0legu, sn\u00fdst \u00f6ll m\u00edn girnd.<a name=\"4\"><span class=\"versanumer\">4<\/span><\/a>Margar munu \u00feeirra \u00fej\u00e1ningar ver\u00f0a, sem anna\u00f0 leita, til afgu\u00f0anna, eg vil ekki smakka \u00feeirra bl\u00f3\u00f0ugu drykkjaroffur og ekki taka m\u00e9r \u00feeirra nafn \u00ed munn.<a name=\"5\"><span class=\"versanumer\">5<\/span><\/a>Drottinn er m\u00edn arfleif\u00f0 og hlutskipti, \u00fe\u00fa geymir m\u00edna hlutdeild.<a name=\"6\"><span class=\"versanumer\">6<\/span><\/a>Hlutur f\u00e9ll m\u00e9r \u00e1 yndislegum sta\u00f0, j\u00e1 m\u00edn hlutdeild er m\u00e9r d\u00fdrm\u00e6t.<a name=\"7\"><span class=\"versanumer\">7<\/span><\/a>Eg vil vegsama Drottin sem anna\u00f0ist mig, jafnvel \u00e1 n\u00e1ttar\u00feeli minna m\u00edn n\u00fdru mig \u00e1 \u00fea\u00f0,<a name=\"8\"><span class=\"versanumer\">8<\/span><\/a>\u00e6t\u00ed\u00f0 hefi eg Drottin m\u00e9r fyrir augum, \u00fev\u00ed hann er m\u00e9r til h\u00e6gri handar, eg skal ekki bifast.<a name=\"9\"><span class=\"versanumer\">9<\/span><\/a>\u00dev\u00ed gle\u00f0st mitt hjarta, og minn andi fagnar, j\u00e1, minn l\u00edkami hv\u00edlist \u00f3hult.<a name=\"10\"><span class=\"versanumer\">10<\/span><\/a>\u00de\u00fa munt ekki ofurgefa s\u00e1l m\u00edna til helju; \u00fe\u00fa munt ei l\u00e1ta \u00feinn heilaga sj\u00e1 rotnun.<a name=\"11\"><span class=\"versanumer\">11<\/span><\/a>\u00de\u00fa gj\u00f6rir m\u00e9r kunnan l\u00edfsins veg, gn\u00f3tt fagna\u00f0ar er fyrir \u00fe\u00ednu augliti, og s\u00e6la vi\u00f0 \u00fe\u00edna h\u00e6gri h\u00f6nd eil\u00edflega.<\/p>\n<div class=\"footnoteVidey\">V. 1. a. (upp\u00e1hald), a\u00f0r: lesa rit.<\/div>\n","protected":false},"excerpt":{"rendered":"<p>Um tr\u00fana\u00f0artraust. 1Dav\u00ed\u00f0s gyllini klenodie a). Var\u00f0veit mig, Gu\u00f0! \u00fev\u00ed eg fl\u00fd til \u00fe\u00edn.2M\u00edn s\u00e1l segir til Drottins: \u00fe\u00fa ert minn herra, eg hefi ekki g\u00e6\u00f0i nema \u00feig,3til \u00feeirra heil\u00f6gu sem eru \u00ed landinu, til \u00feeirra d\u00fdr\u00f0legu, sn\u00fdst \u00f6ll m\u00edn girnd.4Margar munu \u00feeirra \u00fej\u00e1ningar ver\u00f0a, sem anna\u00f0 leita, til afgu\u00f0anna, eg vil ekki smakka \u00feeirra bl\u00f3\u00f0ugu drykkjaroffur og ekki taka m\u00e9r \u00feeirra nafn \u00ed munn.5Drottinn er m\u00edn arfleif\u00f0 og hlutskipti, \u00fe\u00fa geymir m\u00edna hlutdeild.6Hlutur f\u00e9ll m\u00e9r \u00e1 yndislegum sta\u00f0, j\u00e1 m\u00edn hlutdeild er m\u00e9r d\u00fdrm\u00e6t.7Eg vil vegsama Drottin sem anna\u00f0ist mig, jafnvel \u00e1 n\u00e1ttar\u00feeli minna m\u00edn n\u00fdru mig \u00e1 \u00fea\u00f0,8\u00e6t\u00ed\u00f0 <a href=\"https:\/\/biblian.is\/videy\/salmarnir-16-kafli\/\"> [&#8230;]<\/a><\/p>\n","protected":false},"author":1,"featured_media":0,"parent":0,"menu_order":0,"comment_status":"open","ping_status":"open","template":"bibliukaflar.php","meta":{"footnotes":""},"class_list":["post-21343","page","type-page","status-publish","hentry"],"_links":{"self":[{"href":"https:\/\/biblian.is\/videy\/wp-json\/wp\/v2\/pages\/21343","targetHints":{"allow":["GET"]}}],"collection":[{"href":"https:\/\/biblian.is\/videy\/wp-json\/wp\/v2\/pages"}],"about":[{"href":"https:\/\/biblian.is\/videy\/wp-json\/wp\/v2\/types\/page"}],"author":[{"embeddable":true,"href":"https:\/\/biblian.is\/videy\/wp-json\/wp\/v2\/users\/1"}],"replies":[{"embeddable":true,"href":"https:\/\/biblian.is\/videy\/wp-json\/wp\/v2\/comments?post=21343"}],"version-history":[{"count":0,"href":"https:\/\/biblian.is\/videy\/wp-json\/wp\/v2\/pages\/21343\/revisions"}],"wp:attachment":[{"href":"https:\/\/biblian.is\/videy\/wp-json\/wp\/v2\/media?parent=21343"}],"curies":[{"name":"wp","href":"https:\/\/api.w.org\/{rel}","templated":true}]}}