{"id":21336,"date":"2018-01-02T01:01:29","date_gmt":"2018-01-02T01:01:29","guid":{"rendered":"http:\/\/biblian.is\/videy\/salmarnir-9-kafli\/"},"modified":"2018-01-02T01:01:29","modified_gmt":"2018-01-02T01:01:29","slug":"salmarnir-9-kafli","status":"publish","type":"page","link":"https:\/\/biblian.is\/videy\/salmarnir-9-kafli\/","title":{"rendered":"S\u00e1lmarnir 9. kafli"},"content":{"rendered":"<div class=\"fyrirsognVidey\">Von og b\u00e6n \u00feess a\u00f0\u00ferengda.<\/div>\n<p><a name=\"1\"><span class=\"versanumer\">1<\/span><\/a>Til hlj\u00f3\u00f0f\u00e6rameistarans \u00e1 Almuth labben <span class='VideyAth'>*)<\/span> <span class='VideyAth'>(hlj\u00f3\u00f0f\u00e6ri)<\/span>. S\u00e1lmur Dav\u00ed\u00f0s.<a name=\"2\"><span class=\"versanumer\">2<\/span><\/a>Eg vil vegsama Drottin af \u00f6llu hjarta, eg vil segja fr\u00e1 \u00f6llum \u00fe\u00ednum d\u00e1semdarverkum,<a name=\"3\"><span class=\"versanumer\">3<\/span><\/a>eg vil fagna og gle\u00f0jast \u00ed \u00fe\u00e9r, eg vil syngja lofgj\u00f6r\u00f0 \u00fe\u00ednu nafni, \u00fe\u00fa \u00e6\u00f0sti.<a name=\"4\"><span class=\"versanumer\">4<\/span><\/a>\u00deegar \u00fe\u00fa l\u00e6tur m\u00edna \u00f3vini fl\u00fdja, hn\u00edga og tort\u00ednast fyrir \u00fe\u00ednum svip.<a name=\"5\"><span class=\"versanumer\">5<\/span><\/a>\u00dev\u00ed \u00fe\u00fa d\u00e6mir mig og tekur a\u00f0 \u00fe\u00e9r mitt m\u00e1lefni, \u00fe\u00fa situr \u00e1 \u00fe\u00ednum d\u00f3mst\u00f3l, \u00fe\u00fa sem d\u00e6mir me\u00f0 r\u00e9ttv\u00edsi.<a name=\"6\"><span class=\"versanumer\">6<\/span><\/a>\u00de\u00fa \u00f3gnar \u00fej\u00f3\u00f0unum, og leggur a\u00f0 velli \u00fe\u00e1 \u00f3gu\u00f0legu, \u00fe\u00fa afm\u00e1ir \u00feeirra nafn \u00e6 og a\u00f0 eil\u00edfu.<a name=\"7\"><span class=\"versanumer\">7<\/span><\/a>\u00d3vinarins ey\u00f0ilegging er a\u00f0 eil\u00edfu endu\u00f0, hans sta\u00f0i hefir \u00fe\u00fa afm\u00e1\u00f0, \u00feeirra endurminning er afm\u00e1\u00f0.<a name=\"8\"><span class=\"versanumer\">8<\/span><\/a>J\u00e1, Drottinn situr st\u00f6\u00f0ugt a\u00f0 eil\u00edfu, hann reisir sitt h\u00e1s\u00e6ti til d\u00f3ms.<a name=\"9\"><span class=\"versanumer\">9<\/span><\/a>Hann d\u00e6mir ver\u00f6ldina me\u00f0 r\u00e9ttv\u00edsi, hann segir upp d\u00f3mum yfir f\u00f3lkinu me\u00f0 sanns\u00fdni.<a name=\"10\"><span class=\"versanumer\">10<\/span><\/a>Drottinn er athvarf l\u00edtilmagnans, og h\u00e6li \u00e1 ney\u00f0arinnar t\u00edma.<a name=\"11\"><span class=\"versanumer\">11<\/span><\/a>\u00deeir rei\u00f0a sig \u00e1 \u00feig, sem \u00feekkja \u00feitt nafn, \u00fev\u00ed \u00fe\u00fa yfirgefur \u00fe\u00e1 ekki sem leita \u00fe\u00edn, Drottinn!<br \/><a name=\"12\"><span class=\"versanumer\">12<\/span><\/a>Syngi\u00f0 lof Drottni, sem b\u00fdr \u00e1 S\u00edon, kunngj\u00f6ri\u00f0 hans verk me\u00f0al f\u00f3lksins,<a name=\"13\"><span class=\"versanumer\">13<\/span><\/a>\u00fev\u00ed hegnarinn man til \u00feeirra aumu og gleymir ekki hr\u00f3pi hinna undir\u00ferykktu.<a name=\"14\"><span class=\"versanumer\">14<\/span><\/a>Miskunna m\u00e9r, Drottinn! sj\u00e1\u00f0u hva\u00f0 eg ver\u00f0 a\u00f0 l\u00ed\u00f0a af \u00feeim sem hata mig, lyft \u00fe\u00fa m\u00e9r upp \u00far dau\u00f0ans dyrum,<a name=\"15\"><span class=\"versanumer\">15<\/span><\/a>svo eg megi kunngj\u00f6ra \u00feitt lof \u00ed S\u00edonsd\u00f3ttur hli\u00f0um, a\u00f0 eg megi fagna vi\u00f0 \u00feitt frelsi.<a name=\"16\"><span class=\"versanumer\">16<\/span><\/a>\u00dej\u00f3\u00f0irnar s\u00f6kkva \u00ed \u00fe\u00e1 gr\u00f6f sem \u00fe\u00e6r gj\u00f6r\u00f0u, \u00feeirra eigin f\u00f3tur fl\u00e6kist \u00ed \u00fev\u00ed neti sem \u00fe\u00e6r leynilega \u00fat\u00fe\u00f6ndu.<a name=\"17\"><span class=\"versanumer\">17<\/span><\/a>Drottinn er kunnur sem s\u00e1, er l\u00e6tur r\u00e9tt ske; \u00ed verkum sinna handa er s\u00e1 \u00f3gu\u00f0legi fl\u00e6ktur. <span class='VideyAth'>(H\u00f6rpuspils)<\/span> m\u00e1lhv\u00edld.<a name=\"18\"><span class=\"versanumer\">18<\/span><\/a>L\u00e1ttu \u00fe\u00e1 \u00f3gu\u00f0legu fara til helju, allt f\u00f3lk sem Gu\u00f0i gleymir.<a name=\"19\"><span class=\"versanumer\">19<\/span><\/a>S\u00e1 f\u00e1t\u00e6ki m\u00e1 ei gleymast eil\u00edflega, von hins ves\u00e6la m\u00e1 ei \u00e6t\u00ed\u00f0 breg\u00f0ast.<a name=\"20\"><span class=\"versanumer\">20<\/span><\/a>Stattu upp, Drottinn! l\u00e1ttu manninn ekki metnast, l\u00e1ttu f\u00f3lki\u00f0 d\u00e6mast fyrir \u00fe\u00ednu augliti.<a name=\"21\"><span class=\"versanumer\">21<\/span><\/a>L\u00e1ttu, Drottinn! \u00f3tta a\u00f0 \u00feeim koma; l\u00e1ttu f\u00f3lki\u00f0 vita a\u00f0 \u00feeir eru menn. M\u00e1lhv\u00edld.<\/p>\n<div class=\"footnoteVidey\">V. 1. *) E\u00f0a: vi\u00f0 dau\u00f0a sonarins.<\/div>\n","protected":false},"excerpt":{"rendered":"<p>Von og b\u00e6n \u00feess a\u00f0\u00ferengda. 1Til hlj\u00f3\u00f0f\u00e6rameistarans \u00e1 Almuth labben *) (hlj\u00f3\u00f0f\u00e6ri). S\u00e1lmur Dav\u00ed\u00f0s.2Eg vil vegsama Drottin af \u00f6llu hjarta, eg vil segja fr\u00e1 \u00f6llum \u00fe\u00ednum d\u00e1semdarverkum,3eg vil fagna og gle\u00f0jast \u00ed \u00fe\u00e9r, eg vil syngja lofgj\u00f6r\u00f0 \u00fe\u00ednu nafni, \u00fe\u00fa \u00e6\u00f0sti.4\u00deegar \u00fe\u00fa l\u00e6tur m\u00edna \u00f3vini fl\u00fdja, hn\u00edga og tort\u00ednast fyrir \u00fe\u00ednum svip.5\u00dev\u00ed \u00fe\u00fa d\u00e6mir mig og tekur a\u00f0 \u00fe\u00e9r mitt m\u00e1lefni, \u00fe\u00fa situr \u00e1 \u00fe\u00ednum d\u00f3mst\u00f3l, \u00fe\u00fa sem d\u00e6mir me\u00f0 r\u00e9ttv\u00edsi.6\u00de\u00fa \u00f3gnar \u00fej\u00f3\u00f0unum, og leggur a\u00f0 velli \u00fe\u00e1 \u00f3gu\u00f0legu, \u00fe\u00fa afm\u00e1ir \u00feeirra nafn \u00e6 og a\u00f0 eil\u00edfu.7\u00d3vinarins ey\u00f0ilegging er a\u00f0 eil\u00edfu endu\u00f0, hans sta\u00f0i hefir \u00fe\u00fa afm\u00e1\u00f0, \u00feeirra endurminning er <a href=\"https:\/\/biblian.is\/videy\/salmarnir-9-kafli\/\"> [&#8230;]<\/a><\/p>\n","protected":false},"author":1,"featured_media":0,"parent":0,"menu_order":0,"comment_status":"open","ping_status":"open","template":"bibliukaflar.php","meta":{"footnotes":""},"class_list":["post-21336","page","type-page","status-publish","hentry"],"_links":{"self":[{"href":"https:\/\/biblian.is\/videy\/wp-json\/wp\/v2\/pages\/21336","targetHints":{"allow":["GET"]}}],"collection":[{"href":"https:\/\/biblian.is\/videy\/wp-json\/wp\/v2\/pages"}],"about":[{"href":"https:\/\/biblian.is\/videy\/wp-json\/wp\/v2\/types\/page"}],"author":[{"embeddable":true,"href":"https:\/\/biblian.is\/videy\/wp-json\/wp\/v2\/users\/1"}],"replies":[{"embeddable":true,"href":"https:\/\/biblian.is\/videy\/wp-json\/wp\/v2\/comments?post=21336"}],"version-history":[{"count":0,"href":"https:\/\/biblian.is\/videy\/wp-json\/wp\/v2\/pages\/21336\/revisions"}],"wp:attachment":[{"href":"https:\/\/biblian.is\/videy\/wp-json\/wp\/v2\/media?parent=21336"}],"curies":[{"name":"wp","href":"https:\/\/api.w.org\/{rel}","templated":true}]}}