{"id":21332,"date":"2018-01-02T01:01:29","date_gmt":"2018-01-02T01:01:29","guid":{"rendered":"http:\/\/biblian.is\/videy\/salmarnir-5-kafli\/"},"modified":"2018-01-02T01:01:29","modified_gmt":"2018-01-02T01:01:29","slug":"salmarnir-5-kafli","status":"publish","type":"page","link":"https:\/\/biblian.is\/videy\/salmarnir-5-kafli\/","title":{"rendered":"S\u00e1lmarnir 5. kafli"},"content":{"rendered":"<div class=\"fyrirsognVidey\">Afbei\u00f0ni og b\u00e6n.<\/div>\n<p><a name=\"1\"><span class=\"versanumer\">1<\/span><\/a><span class='VideyAth'>(A\u00f0 syngja)<\/span> \u00e1 flautu til hlj\u00f3\u00f0f\u00e6rameistarans. S\u00e1lmur Dav\u00ed\u00f0s.<a name=\"2\"><span class=\"versanumer\">2<\/span><\/a>Drottinn! hneig \u00fe\u00edn eyru til minna or\u00f0a! taktu eftir minni andvarpan!<a name=\"3\"><span class=\"versanumer\">3<\/span><\/a>Gef\u00f0u gaum a\u00f0 m\u00ednum kveinstaf, minn k\u00f3ngur og minn Gu\u00f0! \u00fe\u00e9r sendi eg m\u00edna b\u00e6n.<a name=\"4\"><span class=\"versanumer\">4<\/span><\/a>\u00c1rla, Drottinn! heyrir \u00fe\u00fa m\u00edna raust, \u00e1rla kem eg fram fyrir \u00feig og b\u00ed\u00f0 \u00fe\u00edn.<a name=\"5\"><span class=\"versanumer\">5<\/span><\/a>\u00de\u00fa ert ekki s\u00e1 Gu\u00f0, sem \u00f3gu\u00f0legt ath\u00e6fi l\u00edki. S\u00e1 vondi mun ekki b\u00faa hj\u00e1 \u00fe\u00e9r.<a name=\"6\"><span class=\"versanumer\">6<\/span><\/a>\u00deeir drambl\u00e1tu munu ekki standast fyrir \u00feinni augs\u00fdn. \u00de\u00fa hatar alla rangl\u00e1ta, \u00fe\u00fa tort\u00ednir \u00feeim sem tala lygi.<a name=\"7\"><span class=\"versanumer\">7<\/span><\/a>\u00deeir bl\u00f3\u00f0g\u00edrugu og f\u00f6lsku eru Drottni andstygg\u00f0.<a name=\"8\"><span class=\"versanumer\">8<\/span><\/a>En \u00ed trausti \u00feinnar miklu miskunnar vil eg innganga \u00ed \u00feitt h\u00fas, og bi\u00f0jast fyrir \u00ed \u00fe\u00ednu heilaga musteri \u00ed \u00fe\u00ednum \u00f3tta.<a name=\"9\"><span class=\"versanumer\">9<\/span><\/a>V\u00edsa \u00fe\u00fa m\u00e9r veg \u00feinna r\u00e9ttinda, sakir minna \u00f3vina, gj\u00f6r m\u00e9r grei\u00f0an \u00feinn veg.<a name=\"10\"><span class=\"versanumer\">10<\/span><\/a>\u00dev\u00ed \u00ed \u00feeirra munni er enginn sannleiki, innra b\u00fdr me\u00f0 \u00feeim mikil vonska, \u00feeirra barki er opin gr\u00f6f, tungumj\u00fakir eru \u00feeir.<a name=\"11\"><span class=\"versanumer\">11<\/span><\/a>L\u00e1ttu \u00fe\u00e1, \u00f3 Gu\u00f0! f\u00e1 d\u00f3ms\u00e1felli, l\u00e1t \u00fe\u00e1 falla \u00e1 s\u00ednum \u00e1setningi, burtsk\u00fafa \u00feeim sakir \u00feeirra m\u00f6rgu misgj\u00f6rninga, \u00fev\u00ed \u00feeir eru \u00fe\u00e9r \u00feverbrotnir. <br \/><a name=\"12\"><span class=\"versanumer\">12<\/span><\/a>\u00de\u00e1 munu allir \u00feeir gle\u00f0jast sem rei\u00f0a sig \u00e1 \u00feig, \u00feeir munu gle\u00f0jast a\u00f0 eil\u00edfu, \u00fev\u00ed \u00fe\u00fa heldur yfir \u00feeim \u00feinni hendi; og \u00feeir sem elska \u00feitt nafn, munu \u00ed \u00fe\u00e9r gla\u00f0ir vera.<a name=\"13\"><span class=\"versanumer\">13<\/span><\/a>\u00dev\u00ed \u00fe\u00fa, Drottinn! blessar \u00feann r\u00e9ttl\u00e1ta og verndar hann me\u00f0 \u00feinni n\u00e1\u00f0, eins og me\u00f0 skildi.<\/p>\n<div class=\"footnoteVidey\"><\/div>\n","protected":false},"excerpt":{"rendered":"<p>Afbei\u00f0ni og b\u00e6n. 1(A\u00f0 syngja) \u00e1 flautu til hlj\u00f3\u00f0f\u00e6rameistarans. S\u00e1lmur Dav\u00ed\u00f0s.2Drottinn! hneig \u00fe\u00edn eyru til minna or\u00f0a! taktu eftir minni andvarpan!3Gef\u00f0u gaum a\u00f0 m\u00ednum kveinstaf, minn k\u00f3ngur og minn Gu\u00f0! \u00fe\u00e9r sendi eg m\u00edna b\u00e6n.4\u00c1rla, Drottinn! heyrir \u00fe\u00fa m\u00edna raust, \u00e1rla kem eg fram fyrir \u00feig og b\u00ed\u00f0 \u00fe\u00edn.5\u00de\u00fa ert ekki s\u00e1 Gu\u00f0, sem \u00f3gu\u00f0legt ath\u00e6fi l\u00edki. S\u00e1 vondi mun ekki b\u00faa hj\u00e1 \u00fe\u00e9r.6\u00deeir drambl\u00e1tu munu ekki standast fyrir \u00feinni augs\u00fdn. \u00de\u00fa hatar alla rangl\u00e1ta, \u00fe\u00fa tort\u00ednir \u00feeim sem tala lygi.7\u00deeir bl\u00f3\u00f0g\u00edrugu og f\u00f6lsku eru Drottni andstygg\u00f0.8En \u00ed trausti \u00feinnar miklu miskunnar vil eg innganga \u00ed \u00feitt h\u00fas, og bi\u00f0jast <a href=\"https:\/\/biblian.is\/videy\/salmarnir-5-kafli\/\"> [&#8230;]<\/a><\/p>\n","protected":false},"author":1,"featured_media":0,"parent":0,"menu_order":0,"comment_status":"open","ping_status":"open","template":"bibliukaflar.php","meta":{"footnotes":""},"class_list":["post-21332","page","type-page","status-publish","hentry"],"_links":{"self":[{"href":"https:\/\/biblian.is\/videy\/wp-json\/wp\/v2\/pages\/21332","targetHints":{"allow":["GET"]}}],"collection":[{"href":"https:\/\/biblian.is\/videy\/wp-json\/wp\/v2\/pages"}],"about":[{"href":"https:\/\/biblian.is\/videy\/wp-json\/wp\/v2\/types\/page"}],"author":[{"embeddable":true,"href":"https:\/\/biblian.is\/videy\/wp-json\/wp\/v2\/users\/1"}],"replies":[{"embeddable":true,"href":"https:\/\/biblian.is\/videy\/wp-json\/wp\/v2\/comments?post=21332"}],"version-history":[{"count":0,"href":"https:\/\/biblian.is\/videy\/wp-json\/wp\/v2\/pages\/21332\/revisions"}],"wp:attachment":[{"href":"https:\/\/biblian.is\/videy\/wp-json\/wp\/v2\/media?parent=21332"}],"curies":[{"name":"wp","href":"https:\/\/api.w.org\/{rel}","templated":true}]}}