{"id":21330,"date":"2018-01-02T01:01:29","date_gmt":"2018-01-02T01:01:29","guid":{"rendered":"http:\/\/biblian.is\/videy\/salmarnir-3-kafli\/"},"modified":"2018-01-02T01:01:29","modified_gmt":"2018-01-02T01:01:29","slug":"salmarnir-3-kafli","status":"publish","type":"page","link":"https:\/\/biblian.is\/videy\/salmarnir-3-kafli\/","title":{"rendered":"S\u00e1lmarnir 3. kafli"},"content":{"rendered":"<div class=\"fyrirsognVidey\">Kvein Dav\u00ed\u00f0s, huggun og b\u00e6n.<\/div>\n<p><a name=\"1\"><span class=\"versanumer\">1<\/span><\/a>S\u00e1lmur Dav\u00ed\u00f0s \u00feegar hann fl\u00fa\u00f0i fyrir Absalon syni s\u00ednum.<a name=\"2\"><span class=\"versanumer\">2<\/span><\/a>Drottinn! hv\u00f6rsu margir eru m\u00ednir \u00f3vinir! margir \u00feeir sem r\u00edsa m\u00f3ti m\u00e9r.<a name=\"3\"><span class=\"versanumer\">3<\/span><\/a>Margir sem segja um mig: hann hefir ekkert athvarf hj\u00e1 Gu\u00f0i, Sela! <span class='VideyAth'>(m\u00e1lhv\u00edld)<\/span>.<a name=\"4\"><span class=\"versanumer\">4<\/span><\/a>En \u00fe\u00fa Drottinn! ert minn skj\u00f6ldur, minn hei\u00f0ur og s\u00e1 sem upplyftir m\u00ednu h\u00f6f\u00f0i.<a name=\"5\"><span class=\"versanumer\">5<\/span><\/a>Mitt b\u00e6nakvak sendi eg Drottni, og hann sendir m\u00e9r b\u00e6nheyrslu fr\u00e1 s\u00ednu heilaga fjalli. M\u00e1lhv\u00edld.<a name=\"6\"><span class=\"versanumer\">6<\/span><\/a>Eg legg mig fyrir og sef, og eg vakna, \u00fev\u00ed Drottinn var\u00f0veitir mig.<a name=\"7\"><span class=\"versanumer\">7<\/span><\/a>Eg \u00f3ttast ekki \u00fe\u00f3 a\u00f0 t\u00edu \u00fe\u00fasundir manns umkringi mig, og a\u00f0 m\u00e9r \u00ferengi.<a name=\"8\"><span class=\"versanumer\">8<\/span><\/a>R\u00edstu upp, Drottinn! frelsa mig, minn Gu\u00f0! \u00fev\u00ed \u00fe\u00fa sundurbr\u00fdtur kj\u00e1lka allra minna \u00f3vina, sundurmolar tennur allra \u00f3gu\u00f0legra.<a name=\"9\"><span class=\"versanumer\">9<\/span><\/a>Hj\u00e1 Drottni er frelsun. \u00de\u00edn blessan veri yfir \u00fe\u00ednu f\u00f3lki. M\u00e1lhv\u00edld.<\/p>\n<div class=\"footnoteVidey\"><\/div>\n","protected":false},"excerpt":{"rendered":"<p>Kvein Dav\u00ed\u00f0s, huggun og b\u00e6n. 1S\u00e1lmur Dav\u00ed\u00f0s \u00feegar hann fl\u00fa\u00f0i fyrir Absalon syni s\u00ednum.2Drottinn! hv\u00f6rsu margir eru m\u00ednir \u00f3vinir! margir \u00feeir sem r\u00edsa m\u00f3ti m\u00e9r.3Margir sem segja um mig: hann hefir ekkert athvarf hj\u00e1 Gu\u00f0i, Sela! (m\u00e1lhv\u00edld).4En \u00fe\u00fa Drottinn! ert minn skj\u00f6ldur, minn hei\u00f0ur og s\u00e1 sem upplyftir m\u00ednu h\u00f6f\u00f0i.5Mitt b\u00e6nakvak sendi eg Drottni, og hann sendir m\u00e9r b\u00e6nheyrslu fr\u00e1 s\u00ednu heilaga fjalli. M\u00e1lhv\u00edld.6Eg legg mig fyrir og sef, og eg vakna, \u00fev\u00ed Drottinn var\u00f0veitir mig.7Eg \u00f3ttast ekki \u00fe\u00f3 a\u00f0 t\u00edu \u00fe\u00fasundir manns umkringi mig, og a\u00f0 m\u00e9r \u00ferengi.8R\u00edstu upp, Drottinn! frelsa mig, minn Gu\u00f0! \u00fev\u00ed \u00fe\u00fa sundurbr\u00fdtur kj\u00e1lka allra <a href=\"https:\/\/biblian.is\/videy\/salmarnir-3-kafli\/\"> [&#8230;]<\/a><\/p>\n","protected":false},"author":1,"featured_media":0,"parent":0,"menu_order":0,"comment_status":"open","ping_status":"open","template":"bibliukaflar.php","meta":{"footnotes":""},"class_list":["post-21330","page","type-page","status-publish","hentry"],"_links":{"self":[{"href":"https:\/\/biblian.is\/videy\/wp-json\/wp\/v2\/pages\/21330","targetHints":{"allow":["GET"]}}],"collection":[{"href":"https:\/\/biblian.is\/videy\/wp-json\/wp\/v2\/pages"}],"about":[{"href":"https:\/\/biblian.is\/videy\/wp-json\/wp\/v2\/types\/page"}],"author":[{"embeddable":true,"href":"https:\/\/biblian.is\/videy\/wp-json\/wp\/v2\/users\/1"}],"replies":[{"embeddable":true,"href":"https:\/\/biblian.is\/videy\/wp-json\/wp\/v2\/comments?post=21330"}],"version-history":[{"count":0,"href":"https:\/\/biblian.is\/videy\/wp-json\/wp\/v2\/pages\/21330\/revisions"}],"wp:attachment":[{"href":"https:\/\/biblian.is\/videy\/wp-json\/wp\/v2\/media?parent=21330"}],"curies":[{"name":"wp","href":"https:\/\/api.w.org\/{rel}","templated":true}]}}