{"id":21317,"date":"2018-01-02T01:01:23","date_gmt":"2018-01-02T01:01:23","guid":{"rendered":"http:\/\/biblian.is\/videy\/jobsbok-32-kafli\/"},"modified":"2018-01-02T01:01:23","modified_gmt":"2018-01-02T01:01:23","slug":"jobsbok-32-kafli","status":"publish","type":"page","link":"https:\/\/biblian.is\/videy\/jobsbok-32-kafli\/","title":{"rendered":"Jobsb\u00f3k 32. kafli"},"content":{"rendered":"<div class=\"fyrirsognVidey\">R\u00e6\u00f0a El\u00edh\u00fas.<\/div>\n<p><a name=\"1\"><span class=\"versanumer\">1<\/span><\/a>\u00de\u00e1 h\u00e6ttu \u00feeir \u00fer\u00edr menn a\u00f0 svara Job, \u00fev\u00ed hann \u00fe\u00f3ttist vera r\u00e9ttl\u00e1tur.<a name=\"2\"><span class=\"versanumer\">2<\/span><\/a>En El\u00edh\u00fas Barakeelsson af B\u00fas, af Ramas \u00e6tt, upptendra\u00f0ist af rei\u00f0i; gegn Job \u00e6stist hans rei\u00f0i, af \u00fev\u00ed hann h\u00e9lt s\u00edna s\u00e1lu r\u00e9ttl\u00e1ta \u00ed Gu\u00f0s augs\u00fdn;<a name=\"3\"><span class=\"versanumer\">3<\/span><\/a>og gegn hans \u00feremur vinum upptendra\u00f0ist hans rei\u00f0i, af \u00fev\u00ed \u00feeir fundu ekkert svar, og d\u00e6mdu \u00fe\u00f3 a\u00f0 Job v\u00e6ri \u00f3gu\u00f0legur.<a name=\"4\"><span class=\"versanumer\">4<\/span><\/a>En El\u00edh\u00fa haf\u00f0i be\u00f0i\u00f0 \u00feess a\u00f0 Job h\u00e6tti a\u00f0 tala, \u00fev\u00ed \u00feeir v\u00f3ru eldri en hann;<a name=\"5\"><span class=\"versanumer\">5<\/span><\/a>\u00feegar El\u00edh\u00fa s\u00e1 n\u00fa a\u00f0 \u00fear var ekkert svar \u00ed \u00feeirra \u00feriggja manna munni, \u00fe\u00e1 upptendra\u00f0ist hans rei\u00f0i.<a name=\"6\"><span class=\"versanumer\">6<\/span><\/a>\u00dear fyrir svara\u00f0i El\u00edh\u00fa Barakeelsson af B\u00fas, og sag\u00f0i: eg em ungur a\u00f0 aldri, en \u00fe\u00e9r eru\u00f0 \u00f6ldungar, \u00fear fyrir hr\u00e6ddist eg og \u00f3tta\u00f0ist a\u00f0 kunngj\u00f6ra y\u00f0ur m\u00edna meiningu.<a name=\"7\"><span class=\"versanumer\">7<\/span><\/a>Eg hugsa\u00f0i: dagarnir skulu tala, og \u00e1ranna fj\u00f6ldi kunngj\u00f6ra v\u00edsd\u00f3m.<a name=\"8\"><span class=\"versanumer\">8<\/span><\/a>Vissulega er andi \u00ed m\u00f6nnunum, en andi hins alm\u00e1ttuga gj\u00f6rir \u00fe\u00e1 hyggna.<a name=\"9\"><span class=\"versanumer\">9<\/span><\/a>\u00deeir voldugu eru ei \u00e6t\u00ed\u00f0 hyggnir, ei heldur skynja \u00feeir g\u00f6mlu \u00e6t\u00ed\u00f0 hva\u00f0 r\u00e9tt er.<a name=\"10\"><span class=\"versanumer\">10<\/span><\/a>\u00dear fyrir segi eg: heyri\u00f0 mig! eg vil l\u00edka segja m\u00edna meiningu.<a name=\"11\"><span class=\"versanumer\">11<\/span><\/a>Sj\u00e1! eg bei\u00f0 eftir y\u00f0ar or\u00f0um, eg hlusta\u00f0i \u00e1 y\u00f0ar r\u00f6ksemdir, \u00feanga\u00f0 til \u00fe\u00e9r hef\u00f0u\u00f0 rannsaka\u00f0 m\u00e1lefni\u00f0.<a name=\"12\"><span class=\"versanumer\">12<\/span><\/a>Y\u00f0ur gaf eg gaum. En sj\u00e1! \u00fear er enginn sem sannf\u00e6ri Job, enginn af y\u00f0ur sem reki hans tal til baka.<a name=\"13\"><span class=\"versanumer\">13<\/span><\/a>Segi\u00f0 \u00fe\u00f3 ekki: \u201ev\u00e9r h\u00f6fum fundi\u00f0 v\u00edsd\u00f3minn. Gu\u00f0 ver\u00f0ur a\u00f0 fella hann, manni er \u00fea\u00f0 ei unnt\u201c.<a name=\"14\"><span class=\"versanumer\">14<\/span><\/a>Ekki hefir hann st\u00edla\u00f0 sitt tal \u00e1 m\u00f3ti m\u00e9r, og me\u00f0 y\u00f0ar or\u00f0um vil eg ei svara honum.<a name=\"15\"><span class=\"versanumer\">15<\/span><\/a>\u00deeir eru skelka\u00f0ir og svara ei framar; \u00feeir eru sviptir m\u00e1linu.<a name=\"16\"><span class=\"versanumer\">16<\/span><\/a>Og skyldi eg bi\u00f0leika; \u00feegar \u00feeir tala ekki, stansa og svara ekki framar?<a name=\"17\"><span class=\"versanumer\">17<\/span><\/a>Eg vil svara fyrir minn part, l\u00edka vil eg segja m\u00edna meiningu,<a name=\"18\"><span class=\"versanumer\">18<\/span><\/a>\u00fev\u00ed eg er fullur af tali; andinn \u00ed m\u00ednu brj\u00f3sti \u00fevingar mig.<a name=\"19\"><span class=\"versanumer\">19<\/span><\/a>Sj\u00e1! mitt brj\u00f3st er sem v\u00edn, er ekki f\u00e6r \u00fatr\u00e1s, sem n\u00fdir skinnbelgir er hlj\u00f3ta a\u00f0 rifna.<a name=\"20\"><span class=\"versanumer\">20<\/span><\/a>Eg ver\u00f0 a\u00f0 tala svo eg n\u00e1i andanum. Eg ver\u00f0 a\u00f0 opna m\u00ednar varir og svara:<a name=\"21\"><span class=\"versanumer\">21<\/span><\/a>k\u00e6ri! eg fer ekki \u00ed manngreinar\u00e1lit; fyrir engum manni smja\u00f0ra eg.<a name=\"22\"><span class=\"versanumer\">22<\/span><\/a>Eg kann ekki a\u00f0 smja\u00f0ra, annar skyldi s\u00e1 sem mig sk\u00f3p, skyndilega taka mig burt.<\/p>\n<div class=\"footnoteVidey\"><\/div>\n","protected":false},"excerpt":{"rendered":"<p>R\u00e6\u00f0a El\u00edh\u00fas. 1\u00de\u00e1 h\u00e6ttu \u00feeir \u00fer\u00edr menn a\u00f0 svara Job, \u00fev\u00ed hann \u00fe\u00f3ttist vera r\u00e9ttl\u00e1tur.2En El\u00edh\u00fas Barakeelsson af B\u00fas, af Ramas \u00e6tt, upptendra\u00f0ist af rei\u00f0i; gegn Job \u00e6stist hans rei\u00f0i, af \u00fev\u00ed hann h\u00e9lt s\u00edna s\u00e1lu r\u00e9ttl\u00e1ta \u00ed Gu\u00f0s augs\u00fdn;3og gegn hans \u00feremur vinum upptendra\u00f0ist hans rei\u00f0i, af \u00fev\u00ed \u00feeir fundu ekkert svar, og d\u00e6mdu \u00fe\u00f3 a\u00f0 Job v\u00e6ri \u00f3gu\u00f0legur.4En El\u00edh\u00fa haf\u00f0i be\u00f0i\u00f0 \u00feess a\u00f0 Job h\u00e6tti a\u00f0 tala, \u00fev\u00ed \u00feeir v\u00f3ru eldri en hann;5\u00feegar El\u00edh\u00fa s\u00e1 n\u00fa a\u00f0 \u00fear var ekkert svar \u00ed \u00feeirra \u00feriggja manna munni, \u00fe\u00e1 upptendra\u00f0ist hans rei\u00f0i.6\u00dear fyrir svara\u00f0i El\u00edh\u00fa Barakeelsson af B\u00fas, og sag\u00f0i: <a href=\"https:\/\/biblian.is\/videy\/jobsbok-32-kafli\/\"> [&#8230;]<\/a><\/p>\n","protected":false},"author":1,"featured_media":0,"parent":0,"menu_order":0,"comment_status":"open","ping_status":"open","template":"bibliukaflar.php","meta":{"footnotes":""},"class_list":["post-21317","page","type-page","status-publish","hentry"],"_links":{"self":[{"href":"https:\/\/biblian.is\/videy\/wp-json\/wp\/v2\/pages\/21317","targetHints":{"allow":["GET"]}}],"collection":[{"href":"https:\/\/biblian.is\/videy\/wp-json\/wp\/v2\/pages"}],"about":[{"href":"https:\/\/biblian.is\/videy\/wp-json\/wp\/v2\/types\/page"}],"author":[{"embeddable":true,"href":"https:\/\/biblian.is\/videy\/wp-json\/wp\/v2\/users\/1"}],"replies":[{"embeddable":true,"href":"https:\/\/biblian.is\/videy\/wp-json\/wp\/v2\/comments?post=21317"}],"version-history":[{"count":0,"href":"https:\/\/biblian.is\/videy\/wp-json\/wp\/v2\/pages\/21317\/revisions"}],"wp:attachment":[{"href":"https:\/\/biblian.is\/videy\/wp-json\/wp\/v2\/media?parent=21317"}],"curies":[{"name":"wp","href":"https:\/\/api.w.org\/{rel}","templated":true}]}}