{"id":21312,"date":"2018-01-02T01:01:23","date_gmt":"2018-01-02T01:01:23","guid":{"rendered":"http:\/\/biblian.is\/videy\/jobsbok-27-kafli\/"},"modified":"2018-01-02T01:01:23","modified_gmt":"2018-01-02T01:01:23","slug":"jobsbok-27-kafli","status":"publish","type":"page","link":"https:\/\/biblian.is\/videy\/jobsbok-27-kafli\/","title":{"rendered":"Jobsb\u00f3k 27. kafli"},"content":{"rendered":"<div class=\"fyrirsognVidey\">Job vill ei vera hr\u00e6snari.<\/div>\n<p><a name=\"1\"><span class=\"versanumer\">1<\/span><\/a>Og Job h\u00e9lt \u00e1fram a\u00f0 tala og sag\u00f0i:<a name=\"2\"><span class=\"versanumer\">2<\/span><\/a>vi\u00f0 \u00feann lifandi Gu\u00f0 sem hefir burtteki\u00f0 minn r\u00e9tt, og vi\u00f0 \u00feann alm\u00e1ttuga sem hefir hryggt m\u00edna s\u00e1l:<a name=\"3\"><span class=\"versanumer\">3<\/span><\/a>Svo lengi sem eg dreg andann, og Gu\u00f0s andi hr\u00e6rir sig \u00ed m\u00ednum n\u00f6sum,<a name=\"4\"><span class=\"versanumer\">4<\/span><\/a>skulu m\u00ednar varir ekki tala rangindi og m\u00edn tunga ekki svikr\u00e6\u00f0i m\u00e6la!<a name=\"5\"><span class=\"versanumer\">5<\/span><\/a>\u00fea\u00f0 s\u00e9 langt fr\u00e1 m\u00e9r, a\u00f0 eg j\u00e1ti \u00fe\u00e9r hafi\u00f0 r\u00e9tt a\u00f0 m\u00e6la; \u00feanga\u00f0 til eg uppgef andann, skal eg ekki l\u00e1ta taka fr\u00e1 m\u00e9r mitt sakleysi.<a name=\"6\"><span class=\"versanumer\">6<\/span><\/a>Eg vil halda fast vi\u00f0 mitt r\u00e9ttl\u00e6ti og \u00fev\u00ed ekki sleppa, mitt hjarta skal ekki skammast s\u00edn fyrir m\u00edna daga.<a name=\"7\"><span class=\"versanumer\">7<\/span><\/a>Minn \u00f3vinur skal ver\u00f0a sem s\u00e1 \u00f3gu\u00f0legi; og s\u00e1 sem setur sig upp \u00e1 m\u00f3ti m\u00e9r, sem s\u00e1 rangl\u00e1ti.<a name=\"8\"><span class=\"versanumer\">8<\/span><\/a>\u00dev\u00ed hv\u00f6r er von hr\u00e6snarans, hva\u00f0 miki\u00f0 sem hann gr\u00e6\u00f0ir, \u00feegar Gu\u00f0 burtrykkir hans s\u00e1lu?<a name=\"9\"><span class=\"versanumer\">9<\/span><\/a>\u00c6tla Gu\u00f0 heyri hans hlj\u00f3\u00f0 \u00feegar angistin kemur yfir hann?<a name=\"10\"><span class=\"versanumer\">10<\/span><\/a>Getur hann haft f\u00f6gnu\u00f0 af \u00feeim alm\u00e1ttuga? getur hann \u00e6t\u00ed\u00f0 \u00e1kalla\u00f0 Gu\u00f0?<a name=\"11\"><span class=\"versanumer\">11<\/span><\/a>Eg vil uppfr\u00e6\u00f0a y\u00f0ur um h\u00f6nd <span class='VideyAth'>(verk)<\/span> Gu\u00f0s, eg vil ei dylja \u00fea\u00f0 sem \u00feeim alm\u00e1ttuga er \u00ed hug.<a name=\"12\"><span class=\"versanumer\">12<\/span><\/a>Sj\u00e1! \u00fe\u00e9r allir hafi\u00f0 s\u00e9\u00f0 \u00fea\u00f0, \u00fev\u00ed tali\u00f0 \u00fe\u00e9r \u00fe\u00e1 svo h\u00e9g\u00f3mlega?<a name=\"13\"><span class=\"versanumer\">13<\/span><\/a>\u00deetta er hlutfall hins \u00f3gu\u00f0lega hj\u00e1 Gu\u00f0i og t\u00fdrannanna erf\u00f0, sem \u00feeir skulu f\u00e1 af hendi hins alm\u00e1ttuga.<a name=\"14\"><span class=\"versanumer\">14<\/span><\/a>\u00de\u00f3 hann hafi m\u00f6rg b\u00f6rn, skulu \u00feau falla fyrir sver\u00f0i, og hans ni\u00f0jar skulu ei hafa n\u00f3ga f\u00e6\u00f0slu?<a name=\"15\"><span class=\"versanumer\">15<\/span><\/a>\u00deeir, sem hann eftirskilur, skulu deyja en ekki jar\u00f0ast, og \u00feeirra ekkjur munu ekki gr\u00e1ta.<a name=\"16\"><span class=\"versanumer\">16<\/span><\/a>\u00deegar hann safnar silfri sem ryki, og dregur a\u00f0 s\u00e9r kl\u00e6\u00f0i sem leir,<a name=\"17\"><span class=\"versanumer\">17<\/span><\/a>\u00fe\u00e1 dregur hann vel a\u00f0, en s\u00e1 r\u00e9ttl\u00e1ti f\u00e6rir sig \u00ed \u00feau, og silfri\u00f0 skal ver\u00f0a hlutdeild hins saklausa.<a name=\"18\"><span class=\"versanumer\">18<\/span><\/a>Hann bygg\u00f0i s\u00e9r h\u00fas eins og m\u00f6lurinn, l\u00edkt kofa sem vaktarinn gj\u00f6rir s\u00e9r;<a name=\"19\"><span class=\"versanumer\">19<\/span><\/a>s\u00e1 r\u00edki leggur sig, og ver\u00f0ur ekki grafinn, hann l\u00fdkur upp augunum, svo er hann ekki meir.<a name=\"20\"><span class=\"versanumer\">20<\/span><\/a>Skelfingar munu gr\u00edpa hann eins og vatnsfl\u00f3\u00f0; hvirfilvindur mun um n\u00f3ttina burtsvipta honum.<a name=\"21\"><span class=\"versanumer\">21<\/span><\/a>Austanvindurinn mun uppkippa honum, svo a\u00f0 hann ferst, og me\u00f0 hra\u00f0a rekst hann fr\u00e1 s\u00ednum sta\u00f0.<a name=\"22\"><span class=\"versanumer\">22<\/span><\/a>Gu\u00f0 mun a\u00f0 honum r\u00e1\u00f0ast og ekki v\u00e6gja honum, hann mun reyna a\u00f0 sleppa undan hans hendi.<a name=\"23\"><span class=\"versanumer\">23<\/span><\/a>Menn munu klappa saman h\u00f6ndum yfir honum, og bl\u00edstra hann burt fr\u00e1 s\u00ednum sta\u00f0.<\/p>\n<div class=\"footnoteVidey\"><\/div>\n","protected":false},"excerpt":{"rendered":"<p>Job vill ei vera hr\u00e6snari. 1Og Job h\u00e9lt \u00e1fram a\u00f0 tala og sag\u00f0i:2vi\u00f0 \u00feann lifandi Gu\u00f0 sem hefir burtteki\u00f0 minn r\u00e9tt, og vi\u00f0 \u00feann alm\u00e1ttuga sem hefir hryggt m\u00edna s\u00e1l:3Svo lengi sem eg dreg andann, og Gu\u00f0s andi hr\u00e6rir sig \u00ed m\u00ednum n\u00f6sum,4skulu m\u00ednar varir ekki tala rangindi og m\u00edn tunga ekki svikr\u00e6\u00f0i m\u00e6la!5\u00fea\u00f0 s\u00e9 langt fr\u00e1 m\u00e9r, a\u00f0 eg j\u00e1ti \u00fe\u00e9r hafi\u00f0 r\u00e9tt a\u00f0 m\u00e6la; \u00feanga\u00f0 til eg uppgef andann, skal eg ekki l\u00e1ta taka fr\u00e1 m\u00e9r mitt sakleysi.6Eg vil halda fast vi\u00f0 mitt r\u00e9ttl\u00e6ti og \u00fev\u00ed ekki sleppa, mitt hjarta skal ekki skammast s\u00edn fyrir m\u00edna daga.7Minn \u00f3vinur <a href=\"https:\/\/biblian.is\/videy\/jobsbok-27-kafli\/\"> [&#8230;]<\/a><\/p>\n","protected":false},"author":1,"featured_media":0,"parent":0,"menu_order":0,"comment_status":"open","ping_status":"open","template":"bibliukaflar.php","meta":{"footnotes":""},"class_list":["post-21312","page","type-page","status-publish","hentry"],"_links":{"self":[{"href":"https:\/\/biblian.is\/videy\/wp-json\/wp\/v2\/pages\/21312","targetHints":{"allow":["GET"]}}],"collection":[{"href":"https:\/\/biblian.is\/videy\/wp-json\/wp\/v2\/pages"}],"about":[{"href":"https:\/\/biblian.is\/videy\/wp-json\/wp\/v2\/types\/page"}],"author":[{"embeddable":true,"href":"https:\/\/biblian.is\/videy\/wp-json\/wp\/v2\/users\/1"}],"replies":[{"embeddable":true,"href":"https:\/\/biblian.is\/videy\/wp-json\/wp\/v2\/comments?post=21312"}],"version-history":[{"count":0,"href":"https:\/\/biblian.is\/videy\/wp-json\/wp\/v2\/pages\/21312\/revisions"}],"wp:attachment":[{"href":"https:\/\/biblian.is\/videy\/wp-json\/wp\/v2\/media?parent=21312"}],"curies":[{"name":"wp","href":"https:\/\/api.w.org\/{rel}","templated":true}]}}