{"id":21297,"date":"2018-01-02T01:01:17","date_gmt":"2018-01-02T01:01:17","guid":{"rendered":"http:\/\/biblian.is\/videy\/jobsbok-12-kafli\/"},"modified":"2018-01-02T01:01:17","modified_gmt":"2018-01-02T01:01:17","slug":"jobsbok-12-kafli","status":"publish","type":"page","link":"https:\/\/biblian.is\/videy\/jobsbok-12-kafli\/","title":{"rendered":"Jobsb\u00f3k 12. kafli"},"content":{"rendered":"<div class=\"fyrirsognVidey\">Job svarar.<\/div>\n<p><a name=\"1\"><span class=\"versanumer\">1<\/span><\/a>Job svara\u00f0i \u00fe\u00e1 og sag\u00f0i:<a name=\"2\"><span class=\"versanumer\">2<\/span><\/a>\u00ed sannleika\u2014\u00fe\u00e9r hugsi\u00f0 l\u00edklega a\u00f0 \u00fe\u00e9r einir s\u00e9u\u00f0 menn, og me\u00f0 y\u00f0ur muni v\u00edsd\u00f3murinn deyja!<a name=\"3\"><span class=\"versanumer\">3<\/span><\/a>eg hefi \u00fe\u00f3 vit eins og \u00fe\u00e9r, m\u00e9r skj\u00e1tlar ekki meir en ykkur, og hv\u00f6r veit ekki \u00feessh\u00e1ttar hluti?<a name=\"4\"><span class=\"versanumer\">4<\/span><\/a>Hv\u00f6r s\u00e1 sem er athl\u00e6gi vinar s\u00edns, hann \u00e1kalli Gu\u00f0, og Gu\u00f0 mun svara honum. S\u00e1 r\u00e9ttl\u00e1ti og r\u00e1\u00f0vandi athl\u00e6gi!<a name=\"5\"><span class=\"versanumer\">5<\/span><\/a>s\u00e1 sem fall er b\u00fai\u00f0, hann er \u00ed huga hins ugglausa forakta\u00f0ur lampi, hentugur \u00feeim sem rasar f\u00e6ti.<a name=\"6\"><span class=\"versanumer\">6<\/span><\/a>Ey\u00f0ileggjaranna tjaldb\u00fa\u00f0ir eru \u00f3hultar, og \u00feeirra sem \u00e6\u00f0a gegn Gu\u00f0i, miki\u00f0 tryggvar, og svo \u00feess manns sem leyfir s\u00e9r allt, hefir Gu\u00f0 s\u00e9r \u00ed hendi.<a name=\"7\"><span class=\"versanumer\">7<\/span><\/a>J\u00e1, spyr \u00fe\u00fa d\u00fdrin a\u00f0 \u00fev\u00ed, \u00feau skulu kenna \u00fe\u00e9r \u00fea\u00f0, og himinsins fugla, \u00feeir skulu kunngj\u00f6ra \u00fe\u00e9r \u00fea\u00f0.<a name=\"8\"><span class=\"versanumer\">8<\/span><\/a>E\u00f0a fr\u00e9ttu j\u00f6r\u00f0ina, h\u00fan skal kenna \u00fe\u00e9r \u00fea\u00f0, og fiskarnir \u00ed hafinu skulu segja \u00fe\u00e9r \u00fea\u00f0.<a name=\"9\"><span class=\"versanumer\">9<\/span><\/a>Hv\u00f6r vissi \u00fea\u00f0 ekki me\u00f0al allra \u00feessara, a\u00f0 Drottins h\u00f6nd hefir gj\u00f6rt \u00fe\u00e1?<a name=\"10\"><span class=\"versanumer\">10<\/span><\/a>\u00ed hv\u00f6rs hendi a\u00f0 er s\u00e1l alls sem lifir, og s\u00e1 andi sem l\u00edfgar hv\u00f6rs manns hold.<a name=\"11\"><span class=\"versanumer\">11<\/span><\/a>Pr\u00f3far eyra\u00f0 ekki tali\u00f0, eins og g\u00f3murinn smakkar matinn?<a name=\"12\"><span class=\"versanumer\">12<\/span><\/a>Hj\u00e1 \u00feeim g\u00f6mlu er v\u00edsd\u00f3mur;<a name=\"13\"><span class=\"versanumer\">13<\/span><\/a>og l\u00edfdaganna lengd gefur skilning, hj\u00e1 Gu\u00f0i er v\u00edsd\u00f3mur og veldi, honum tilheyrir r\u00e1\u00f0 og skilningur.<a name=\"14\"><span class=\"versanumer\">14<\/span><\/a>Sj\u00e1! ni\u00f0urbrj\u00f3ti hann, \u00fe\u00e1 ver\u00f0ur \u00fear ekki uppbyggt. L\u00e6si hann einhv\u00f6rn mann inni, \u00fe\u00e1 ver\u00f0ur ei fyrir \u00feeim sama upploki\u00f0.<a name=\"15\"><span class=\"versanumer\">15<\/span><\/a>Sj\u00e1! hann stansar vatni\u00f0, og \u00fea\u00f0 upp\u00feornar; hann hleypir \u00fev\u00ed, og \u00fea\u00f0 ummyndar j\u00f6r\u00f0ina.<a name=\"16\"><span class=\"versanumer\">16<\/span><\/a>Hj\u00e1 honum er styrkur og skynsemi. Undir hans valdi eru b\u00e1\u00f0ir, s\u00e1 sem villist og s\u00e1 sem lei\u00f0ir afvega.<a name=\"17\"><span class=\"versanumer\">17<\/span><\/a>Hann fer me\u00f0 r\u00e1\u00f0gjafana um kring sem fanga, og d\u00f3marana gj\u00f6rir hann vitlausa <span class='VideyAth'>a)<\/span>.<a name=\"18\"><span class=\"versanumer\">18<\/span><\/a>Hann leysir k\u00f3nganna b\u00f6nd, og spennir belti um \u00feeirra lendar.<a name=\"19\"><span class=\"versanumer\">19<\/span><\/a>Hann fer me\u00f0 prestana um kring sem fanga; og \u00feeim sterku kollsteypir hann.<a name=\"20\"><span class=\"versanumer\">20<\/span><\/a>Hann tekur m\u00e1li\u00f0 fr\u00e1 \u00feeim m\u00e1lsnj\u00f6llu og sviptir \u00f6ldungana \u00feeirra skynsemi.<a name=\"21\"><span class=\"versanumer\">21<\/span><\/a>Hann \u00fathellir sm\u00e1n yfir h\u00f6f\u00f0ingjana, og leysir belti kappanna.<a name=\"22\"><span class=\"versanumer\">22<\/span><\/a>Hann opinberar leyndard\u00f3ma myrkursins, og framlei\u00f0ir dau\u00f0ans skugga fyrir lj\u00f3si\u00f0.<a name=\"23\"><span class=\"versanumer\">23<\/span><\/a>Hann fj\u00f6lgar f\u00f3lki, og fyrirfer \u00fev\u00ed aftur, hann \u00fatbrei\u00f0ir f\u00f3lki\u00f0, og f\u00e6rir \u00fea\u00f0 saman aftur.<a name=\"24\"><span class=\"versanumer\">24<\/span><\/a>Hann burttekur hjarta\u00f0 <span class='VideyAth'>(viti\u00f0)<\/span> fr\u00e1 \u00fej\u00f3\u00f0anna h\u00f6f\u00f0ingjum \u00ed landinu, og l\u00e6tur \u00fe\u00e1 villast \u00ed ey\u00f0im\u00f6rku, hvar enginn vegur er.<a name=\"25\"><span class=\"versanumer\">25<\/span><\/a>Svo \u00feeir f\u00e1lma \u00ed myrkrinu \u00e1n lj\u00f3ss, og hann gj\u00f6rir \u00fea\u00f0, a\u00f0 \u00feeir r\u00e1fa, eins og s\u00e1 drukkni.<\/p>\n<div class=\"footnoteVidey\">V. 17. a. Gefur \u00feeim frelsi og kraft.  V. 21. Leysir belti, \u00de. e. gj\u00f6rir \u00fe\u00e1 linger\u00f0a.<\/div>\n","protected":false},"excerpt":{"rendered":"<p>Job svarar. 1Job svara\u00f0i \u00fe\u00e1 og sag\u00f0i:2\u00ed sannleika\u2014\u00fe\u00e9r hugsi\u00f0 l\u00edklega a\u00f0 \u00fe\u00e9r einir s\u00e9u\u00f0 menn, og me\u00f0 y\u00f0ur muni v\u00edsd\u00f3murinn deyja!3eg hefi \u00fe\u00f3 vit eins og \u00fe\u00e9r, m\u00e9r skj\u00e1tlar ekki meir en ykkur, og hv\u00f6r veit ekki \u00feessh\u00e1ttar hluti?4Hv\u00f6r s\u00e1 sem er athl\u00e6gi vinar s\u00edns, hann \u00e1kalli Gu\u00f0, og Gu\u00f0 mun svara honum. S\u00e1 r\u00e9ttl\u00e1ti og r\u00e1\u00f0vandi athl\u00e6gi!5s\u00e1 sem fall er b\u00fai\u00f0, hann er \u00ed huga hins ugglausa forakta\u00f0ur lampi, hentugur \u00feeim sem rasar f\u00e6ti.6Ey\u00f0ileggjaranna tjaldb\u00fa\u00f0ir eru \u00f3hultar, og \u00feeirra sem \u00e6\u00f0a gegn Gu\u00f0i, miki\u00f0 tryggvar, og svo \u00feess manns sem leyfir s\u00e9r allt, hefir Gu\u00f0 s\u00e9r \u00ed hendi.7J\u00e1, spyr <a href=\"https:\/\/biblian.is\/videy\/jobsbok-12-kafli\/\"> [&#8230;]<\/a><\/p>\n","protected":false},"author":1,"featured_media":0,"parent":0,"menu_order":0,"comment_status":"open","ping_status":"open","template":"bibliukaflar.php","meta":{"footnotes":""},"class_list":["post-21297","page","type-page","status-publish","hentry"],"_links":{"self":[{"href":"https:\/\/biblian.is\/videy\/wp-json\/wp\/v2\/pages\/21297","targetHints":{"allow":["GET"]}}],"collection":[{"href":"https:\/\/biblian.is\/videy\/wp-json\/wp\/v2\/pages"}],"about":[{"href":"https:\/\/biblian.is\/videy\/wp-json\/wp\/v2\/types\/page"}],"author":[{"embeddable":true,"href":"https:\/\/biblian.is\/videy\/wp-json\/wp\/v2\/users\/1"}],"replies":[{"embeddable":true,"href":"https:\/\/biblian.is\/videy\/wp-json\/wp\/v2\/comments?post=21297"}],"version-history":[{"count":0,"href":"https:\/\/biblian.is\/videy\/wp-json\/wp\/v2\/pages\/21297\/revisions"}],"wp:attachment":[{"href":"https:\/\/biblian.is\/videy\/wp-json\/wp\/v2\/media?parent=21297"}],"curies":[{"name":"wp","href":"https:\/\/api.w.org\/{rel}","templated":true}]}}